{"id":5914,"date":"2018-01-11T10:54:33","date_gmt":"2018-01-11T09:54:33","guid":{"rendered":"http:\/\/wp.steenkamper.de\/?post_type=tribe_events&#038;p=5914"},"modified":"2018-01-20T20:12:46","modified_gmt":"2018-01-20T19:12:46","slug":"2-zukunftswerkstatt","status":"publish","type":"tribe_events","link":"https:\/\/www.steenkamper.de\/index.php\/event\/2-zukunftswerkstatt\/","title":{"rendered":"Zukunftswerkstatt 2018"},"content":{"rendered":"<p>Im vergangenen Jahr haben wir auf unserer Zukunftswerkstatt viele Ideen f\u00fcr die Nachbarschaft entwickelt. Einiges hat sich daraus ergeben, wirkt nach, muss aber auch noch weiterentwickelt werden.<br \/>\nIn diesem Jahr soll nun eine der wichtigsten Veranstaltungen in der Siedlung im Mittelpunkt stehen, das Sommerfest.<\/p>\n<p>Deswegen: Wie geht es weiter mit dem Sommerfest?<br \/>\nWollen wir es noch? Wie soll es aussehen? Mit welche Angeboten? F\u00fcr Familien? F\u00fcr Senioren? F\u00fcr Jugendliche?<\/p>\n<p>2020 wird unsere Siedlung 100 Jahre alt.<br \/>\nWollen wir es daf\u00fcr nicht einmal richtig krachen lassen?<br \/>\nDann lasst uns schon einmal anfangen und allm\u00e4hlich steigern!<br \/>\nKommt zum Zukunftswerkst\u00e4ttchen und werdet kreativ!<\/p>\n<p>Wir bitten um <strong>Anmeldung<\/strong><br \/>\noder telefonisch 040 659 141 34<br \/>\n* Im Anschluss wollen wir gemeinsam Abendessen\/&#8221;Helferessen&#8221;<\/p>\n","protected":false},"excerpt":{"rendered":"<p>Im vergangenen Jahr haben wir auf unserer Zukunftswerkstatt viele Ideen f\u00fcr die Nachbarschaft entwickelt. Einiges hat sich daraus ergeben, wirkt nach, muss aber auch noch weiterentwickelt werden. In diesem Jahr&#8230; <\/p>\n<p><a class=\"teaser-more\" href=\"https:\/\/www.steenkamper.de\/index.php\/event\/2-zukunftswerkstatt\/\">weiter lesen<\/a><\/p>\n","protected":false},"author":6,"featured_media":0,"template":"","meta":{"_acf_changed":false,"_price":"","_stock":"","_tribe_ticket_header":"","_tribe_default_ticket_provider":"","_tribe_ticket_capacity":"0","_ticket_start_date":"","_ticket_end_date":"","_tribe_ticket_show_description":"","_tribe_ticket_show_not_going":false,"_tribe_ticket_use_global_stock":"","_tribe_ticket_global_stock_level":"","_global_stock_mode":"","_global_stock_cap":"","_tribe_rsvp_for_event":"","_tribe_ticket_going_count":"","_tribe_ticket_not_going_count":"","_tribe_tickets_list":"[]","_tribe_ticket_has_attendee_info_fields":false,"jetpack_post_was_ever_published":false,"_tribe_events_status":"","_tribe_events_status_reason":"","footnotes":"","_tec_slr_enabled":"","_tec_slr_layout":""},"tags":[],"tribe_events_cat":[],"class_list":["post-5914","tribe_events","type-tribe_events","status-publish","hentry"],"acf":[],"jetpack_sharing_enabled":true,"jetpack_likes_enabled":true,"ticketed":false,"_links":{"self":[{"href":"https:\/\/www.steenkamper.de\/index.php\/wp-json\/wp\/v2\/tribe_events\/5914","targetHints":{"allow":["GET"]}}],"collection":[{"href":"https:\/\/www.steenkamper.de\/index.php\/wp-json\/wp\/v2\/tribe_events"}],"about":[{"href":"https:\/\/www.steenkamper.de\/index.php\/wp-json\/wp\/v2\/types\/tribe_events"}],"author":[{"embeddable":true,"href":"https:\/\/www.steenkamper.de\/index.php\/wp-json\/wp\/v2\/users\/6"}],"version-history":[{"count":7,"href":"https:\/\/www.steenkamper.de\/index.php\/wp-json\/wp\/v2\/tribe_events\/5914\/revisions"}],"predecessor-version":[{"id":6067,"href":"https:\/\/www.steenkamper.de\/index.php\/wp-json\/wp\/v2\/tribe_events\/5914\/revisions\/6067"}],"wp:attachment":[{"href":"https:\/\/www.steenkamper.de\/index.php\/wp-json\/wp\/v2\/media?parent=5914"}],"wp:term":[{"taxonomy":"post_tag","embeddable":true,"href":"https:\/\/www.steenkamper.de\/index.php\/wp-json\/wp\/v2\/tags?post=5914"},{"taxonomy":"tribe_events_cat","embeddable":true,"href":"https:\/\/www.steenkamper.de\/index.php\/wp-json\/wp\/v2\/tribe_events_cat?post=5914"}],"curies":[{"name":"wp","href":"https:\/\/api.w.org\/{rel}","templated":true}]}}

<p>Im vergangenen Jahr haben wir auf unserer Zukunftswerkstatt viele Ideen für die Nachbarschaft entwickelt. Einiges hat sich daraus ergeben, wirkt nach, muss aber auch noch weiterentwickelt werden.<br />
In diesem Jahr soll nun eine der wichtigsten Veranstaltungen in der Siedlung im Mittelpunkt stehen, das Sommerfest.</p>
<p>Deswegen: Wie geht es weiter mit dem Sommerfest?<br />
Wollen wir es noch? Wie soll es aussehen? Mit welche Angeboten? Für Familien? Für Senioren? Für Jugendliche?</p>
<p>2020 wird unsere Siedlung 100 Jahre alt.<br />
Wollen wir es dafür nicht einmal richtig krachen lassen?<br />
Dann lasst uns schon einmal anfangen und allmählich steigern!<br />
Kommt zum Zukunftswerkstättchen und werdet kreativ!</p>
<p>Wir bitten um <strong>Anmeldung</strong><br />
oder telefonisch 040 659 141 34<br />
* Im Anschluss wollen wir gemeinsam Abendessen/&#8221;Helferessen&#8221;</p>

<p>Im vergangenen Jahr haben wir auf unserer Zukunftswerkstatt viele Ideen für die Nachbarschaft entwickelt. Einiges hat sich daraus ergeben, wirkt nach, muss aber auch noch weiterentwickelt werden. In diesem Jahr&#8230; </p>
<p><a class="teaser-more" href="https://www.steenkamper.de/index.php/event/2-zukunftswerkstatt/">weiter lesen</a></p>
