{"id":17252,"date":"2021-11-18T19:10:16","date_gmt":"2021-11-18T18:10:16","guid":{"rendered":"https:\/\/www.steenkamper.de\/index.php\/produkt\/hoodie-with-logo\/"},"modified":"2024-01-29T12:25:53","modified_gmt":"2024-01-29T11:25:53","slug":"festschrift","status":"publish","type":"product","link":"https:\/\/www.steenkamper.de\/index.php\/produkt\/festschrift\/","title":{"rendered":"Festschrift \u201e100 Jahre Steenkamp\u201c"},"content":{"rendered":"<p><strong><br \/>\nEine einzigartige Festschrift <\/strong>zum 100. Geburtstag der Steenkampsiedlung.<br \/>\nSebastian Buchholz hat f\u00fcr die Heimst\u00e4ttervereinigung Steenkamp Historisches, Erlebtes und Zeitdokumente aus dem umfangreichen Archiv der Heimst\u00e4ttervereinigung und vielen neuen Quellen zusammengetragen. Es ist ein bunter Blumenstrau\u00df mit Blick auf die sozialen, kulturellen und geschichtlichen Geschehnisse und die Ver\u00e4nderungen in der Steenkampsiedlung geworden. Die unz\u00e4hligen z.T. bisher unver\u00f6ffentlichten Abbildungen und historischen Texte machen diese Reise durch die hundertj\u00e4hrige Geschichte der Siedlung Steenkamp zu einem besonderen Erlebnis. Die chronologische Aufarbeitung und Zusammenstellung bietet mit Querverweisen und Benennung der Autoren und Quellen eine fundierte Nachvollziehbarkeit und macht neugierig auf mehr.<\/p>\n<div class=\"page\" title=\"Page 3\">\n<div class=\"section\">\n<div class=\"layoutArea\">\n<div class=\"column\">\n<p>Mit zahlreichen historischen Fotos, Grafiken, Zeitungsausschnitten, Briefen, Zeichnungen und Pla\u0308nen, welche die geographischen, architektonischen, gartenbaulichen und sozialen Geschehnisse wa\u0308hrend der letzten 100 Jahren der Siedlung beleuchten. In einer innenliegenden Froschtasche finden sich zwei zusa\u0308tzliche, gefaltete und beidseitig bedruckte Karten im Format 76,5 x 66 cm. Diese zeigen die ersten Gartenplanungen von Leberecht Migge sowie den Siedlungsplan von Kurt Meyer aus dem Jahr 1920.<\/p>\n<p>Genauere Inhaltsbeschreibung:\u00a0<a href=\"https:\/\/www.steenkamper.de\/index.php\/festschrift-100-jahre-steenkampsiedlung\/\">hier weiter lesen &#8230;.<\/a><\/p>\n<\/div>\n<\/div>\n<\/div>\n<\/div>\n<p><em>Die Ver\u00f6ffentlichung wird gef\u00f6rdert von:<\/em><br \/>\n&#8211; Beh\u00f6rde f\u00fcr Stadtentwicklung und Wohnen<br \/>\n&#8211; Beh\u00f6rde f\u00fcr Kultur und Medien<br \/>\n&#8211; Denkmalschutzamt<br \/>\n&#8211; SAGA Unternehmensgruppe<\/p>\n<p><em>Wir als Heimst\u00e4ttervereinigung Steenkamp e. V. machen mit dem Verkauf der Festschrift keinen Gewinn.<\/em><\/p>\n<p><a href=\"https:\/\/www.steenkamper.de\/index.php\/jubilaeumsveranstaltungen\/\"><img data-recalc-dims=\"1\" decoding=\"async\" data-attachment-id=\"9450\" data-permalink=\"https:\/\/www.steenkamper.de\/index.php\/historischer-rundgang\/logo-steenkamp-jubilaeum-klein\/\" data-orig-file=\"https:\/\/i0.wp.com\/www.steenkamper.de\/wp-content\/uploads\/2019\/12\/logo-steenkamp-jubilaeum-KLEIN.png?fit=1087%2C1175&amp;ssl=1\" data-orig-size=\"1087,1175\" data-comments-opened=\"1\" data-image-meta=\"{&quot;aperture&quot;:&quot;0&quot;,&quot;credit&quot;:&quot;&quot;,&quot;camera&quot;:&quot;&quot;,&quot;caption&quot;:&quot;&quot;,&quot;created_timestamp&quot;:&quot;0&quot;,&quot;copyright&quot;:&quot;&quot;,&quot;focal_length&quot;:&quot;0&quot;,&quot;iso&quot;:&quot;0&quot;,&quot;shutter_speed&quot;:&quot;0&quot;,&quot;title&quot;:&quot;&quot;,&quot;orientation&quot;:&quot;0&quot;}\" data-image-title=\"logo-steenkamp-jubilaeum-KLEIN\" data-image-description=\"\" data-image-caption=\"\" data-large-file=\"https:\/\/i0.wp.com\/www.steenkamper.de\/wp-content\/uploads\/2019\/12\/logo-steenkamp-jubilaeum-KLEIN.png?fit=750%2C811&amp;ssl=1\" class=\"alignnone wp-image-9450\" src=\"https:\/\/i0.wp.com\/www.steenkamper.de\/wp-content\/uploads\/2019\/12\/logo-steenkamp-jubilaeum-KLEIN.png?resize=138%2C149&#038;ssl=1\" alt=\"\" width=\"138\" height=\"149\" srcset=\"https:\/\/i0.wp.com\/www.steenkamper.de\/wp-content\/uploads\/2019\/12\/logo-steenkamp-jubilaeum-KLEIN.png?resize=278%2C300&amp;ssl=1 278w, https:\/\/i0.wp.com\/www.steenkamper.de\/wp-content\/uploads\/2019\/12\/logo-steenkamp-jubilaeum-KLEIN.png?resize=947%2C1024&amp;ssl=1 947w, https:\/\/i0.wp.com\/www.steenkamper.de\/wp-content\/uploads\/2019\/12\/logo-steenkamp-jubilaeum-KLEIN.png?resize=768%2C830&amp;ssl=1 768w, https:\/\/i0.wp.com\/www.steenkamper.de\/wp-content\/uploads\/2019\/12\/logo-steenkamp-jubilaeum-KLEIN.png?resize=185%2C200&amp;ssl=1 185w, https:\/\/i0.wp.com\/www.steenkamper.de\/wp-content\/uploads\/2019\/12\/logo-steenkamp-jubilaeum-KLEIN.png?resize=500%2C540&amp;ssl=1 500w, https:\/\/i0.wp.com\/www.steenkamper.de\/wp-content\/uploads\/2019\/12\/logo-steenkamp-jubilaeum-KLEIN.png?resize=450%2C486&amp;ssl=1 450w, https:\/\/i0.wp.com\/www.steenkamper.de\/wp-content\/uploads\/2019\/12\/logo-steenkamp-jubilaeum-KLEIN.png?w=1087&amp;ssl=1 1087w\" sizes=\"(max-width: 138px) 100vw, 138px\" \/><\/a><\/p>\n<p><img data-recalc-dims=\"1\" fetchpriority=\"high\" decoding=\"async\" data-attachment-id=\"18207\" data-permalink=\"https:\/\/www.steenkamper.de\/?attachment_id=18207\" data-orig-file=\"https:\/\/i0.wp.com\/www.steenkamper.de\/wp-content\/uploads\/2022\/01\/img_3999-3.jpg?fit=800%2C636&amp;ssl=1\" data-orig-size=\"800,636\" data-comments-opened=\"1\" data-image-meta=\"{&quot;aperture&quot;:&quot;0&quot;,&quot;credit&quot;:&quot;&quot;,&quot;camera&quot;:&quot;&quot;,&quot;caption&quot;:&quot;&quot;,&quot;created_timestamp&quot;:&quot;0&quot;,&quot;copyright&quot;:&quot;&quot;,&quot;focal_length&quot;:&quot;0&quot;,&quot;iso&quot;:&quot;0&quot;,&quot;shutter_speed&quot;:&quot;0&quot;,&quot;title&quot;:&quot;&quot;,&quot;orientation&quot;:&quot;1&quot;}\" data-image-title=\"Festschrift \u201e100 Jahre Steenkamp\u201c\" data-image-description=\"\" data-image-caption=\"\" data-large-file=\"https:\/\/i0.wp.com\/www.steenkamper.de\/wp-content\/uploads\/2022\/01\/img_3999-3.jpg?fit=750%2C596&amp;ssl=1\" class=\"alignnone wp-image-18207 size-full\" src=\"https:\/\/i0.wp.com\/www.steenkamper.de\/wp-content\/uploads\/2022\/01\/img_3999-3.jpg?resize=750%2C596&#038;ssl=1\" alt=\"\" width=\"750\" height=\"596\" srcset=\"https:\/\/i0.wp.com\/www.steenkamper.de\/wp-content\/uploads\/2022\/01\/img_3999-3.jpg?w=800&amp;ssl=1 800w, https:\/\/i0.wp.com\/www.steenkamper.de\/wp-content\/uploads\/2022\/01\/img_3999-3.jpg?resize=300%2C239&amp;ssl=1 300w, https:\/\/i0.wp.com\/www.steenkamper.de\/wp-content\/uploads\/2022\/01\/img_3999-3.jpg?resize=768%2C611&amp;ssl=1 768w, https:\/\/i0.wp.com\/www.steenkamper.de\/wp-content\/uploads\/2022\/01\/img_3999-3.jpg?resize=450%2C358&amp;ssl=1 450w, https:\/\/i0.wp.com\/www.steenkamper.de\/wp-content\/uploads\/2022\/01\/img_3999-3.jpg?resize=600%2C477&amp;ssl=1 600w\" sizes=\"(max-width: 750px) 100vw, 750px\" \/><\/p>\n<p>1. Auflage 2021 \/\u00a0500 Seiten \/\u00a0ca. 1.000 Abbildungen + 2 Karten\/Pl\u00e4nen \/\u00a030,2 cm x 21,3 cm \/ Hardcover \/\u00a02,5kg \/\u00a0ISBN 978-3-00-070902-9 \/\u00a0Herausgegeben f\u00fcr die Heimst\u00e4ttervereinigung Steenkamp e.V. von Sebastian Buchholz<\/p>\n","protected":false},"excerpt":{"rendered":"<p>ISBN 978-3-00-070902-9<\/p>\n<p><strong>Rest Exemplare sind nur noch auf Veranstaltungen in der Steenkampsiedlung erh\u00e4ltlich.<\/strong><\/p>\n","protected":false},"featured_media":18246,"comment_status":"open","ping_status":"closed","template":"","meta":{"_acf_changed":false,"_price":"25","_stock":"0","_tribe_ticket_header":"","_tribe_default_ticket_provider":"","_tribe_ticket_capacity":"521","_ticket_start_date":"","_ticket_end_date":"","_tribe_ticket_show_description":"","_tribe_ticket_show_not_going":false,"_tribe_ticket_use_global_stock":"","_tribe_ticket_global_stock_level":"","_global_stock_mode":"","_global_stock_cap":"","_tribe_rsvp_for_event":"","_tribe_ticket_going_count":"","_tribe_ticket_not_going_count":"","_tribe_tickets_list":"[]","_tribe_ticket_has_attendee_info_fields":false,"jetpack_post_was_ever_published":false,"jetpack_publicize_message":"","jetpack_publicize_feature_enabled":true,"jetpack_social_post_already_shared":true,"jetpack_social_options":{"image_generator_settings":{"template":"highway","default_image_id":0,"font":"","enabled":false},"version":2}},"product_brand":[],"product_cat":[139],"product_tag":[],"class_list":{"0":"post-17252","1":"product","2":"type-product","3":"status-publish","4":"has-post-thumbnail","6":"product_cat-buecher","8":"first","9":"outofstock","10":"sold-individually","11":"shipping-taxable","12":"purchasable","13":"product-type-simple"},"acf":[],"jetpack_publicize_connections":[],"jetpack_sharing_enabled":true,"jetpack_likes_enabled":true,"jetpack-related-posts":[{"id":17254,"url":"https:\/\/www.steenkamper.de\/index.php\/produkt\/chronik-der-steenkampsiedlung\/","url_meta":{"origin":17252,"position":0},"title":"Chronik der Steenkampsiedlung","author":"Max","date":"18\/11\/2021","format":false,"excerpt":"1. Auflage 2009 54 Seiten 29,7 cm x 21,5 cm Softcover Herausgegeben von der Heimst\u00e4ttervereinigung Steenkamp e.V.","rel":"","context":"\u00c4hnlicher Beitrag","block_context":{"text":"\u00c4hnlicher Beitrag","link":""},"img":{"alt_text":"","src":"https:\/\/i0.wp.com\/www.steenkamper.de\/wp-content\/uploads\/2016\/01\/chronik.jpg?fit=543%2C779&ssl=1&resize=350%2C200","width":350,"height":200,"srcset":"https:\/\/i0.wp.com\/www.steenkamper.de\/wp-content\/uploads\/2016\/01\/chronik.jpg?fit=543%2C779&ssl=1&resize=350%2C200 1x, https:\/\/i0.wp.com\/www.steenkamper.de\/wp-content\/uploads\/2016\/01\/chronik.jpg?fit=543%2C779&ssl=1&resize=525%2C300 1.5x"},"classes":[]}],"_links":{"self":[{"href":"https:\/\/www.steenkamper.de\/index.php\/wp-json\/wp\/v2\/product\/17252","targetHints":{"allow":["GET"]}}],"collection":[{"href":"https:\/\/www.steenkamper.de\/index.php\/wp-json\/wp\/v2\/product"}],"about":[{"href":"https:\/\/www.steenkamper.de\/index.php\/wp-json\/wp\/v2\/types\/product"}],"replies":[{"embeddable":true,"href":"https:\/\/www.steenkamper.de\/index.php\/wp-json\/wp\/v2\/comments?post=17252"}],"wp:featuredmedia":[{"embeddable":true,"href":"https:\/\/www.steenkamper.de\/index.php\/wp-json\/wp\/v2\/media\/18246"}],"wp:attachment":[{"href":"https:\/\/www.steenkamper.de\/index.php\/wp-json\/wp\/v2\/media?parent=17252"}],"wp:term":[{"taxonomy":"product_brand","embeddable":true,"href":"https:\/\/www.steenkamper.de\/index.php\/wp-json\/wp\/v2\/product_brand?post=17252"},{"taxonomy":"product_cat","embeddable":true,"href":"https:\/\/www.steenkamper.de\/index.php\/wp-json\/wp\/v2\/product_cat?post=17252"},{"taxonomy":"product_tag","embeddable":true,"href":"https:\/\/www.steenkamper.de\/index.php\/wp-json\/wp\/v2\/product_tag?post=17252"}],"curies":[{"name":"wp","href":"https:\/\/api.w.org\/{rel}","templated":true}]}}

<p><strong><br />
Eine einzigartige Festschrift </strong>zum 100. Geburtstag der Steenkampsiedlung.<br />
Sebastian Buchholz hat für die Heimstättervereinigung Steenkamp Historisches, Erlebtes und Zeitdokumente aus dem umfangreichen Archiv der Heimstättervereinigung und vielen neuen Quellen zusammengetragen. Es ist ein bunter Blumenstrauß mit Blick auf die sozialen, kulturellen und geschichtlichen Geschehnisse und die Veränderungen in der Steenkampsiedlung geworden. Die unzähligen z.T. bisher unveröffentlichten Abbildungen und historischen Texte machen diese Reise durch die hundertjährige Geschichte der Siedlung Steenkamp zu einem besonderen Erlebnis. Die chronologische Aufarbeitung und Zusammenstellung bietet mit Querverweisen und Benennung der Autoren und Quellen eine fundierte Nachvollziehbarkeit und macht neugierig auf mehr.</p>
<div class="page" title="Page 3">
<div class="section">
<div class="layoutArea">
<div class="column">
<p>Mit zahlreichen historischen Fotos, Grafiken, Zeitungsausschnitten, Briefen, Zeichnungen und Plänen, welche die geographischen, architektonischen, gartenbaulichen und sozialen Geschehnisse während der letzten 100 Jahren der Siedlung beleuchten. In einer innenliegenden Froschtasche finden sich zwei zusätzliche, gefaltete und beidseitig bedruckte Karten im Format 76,5 x 66 cm. Diese zeigen die ersten Gartenplanungen von Leberecht Migge sowie den Siedlungsplan von Kurt Meyer aus dem Jahr 1920.</p>
<p>Genauere Inhaltsbeschreibung: <a href="https://www.steenkamper.de/index.php/festschrift-100-jahre-steenkampsiedlung/">hier weiter lesen &#8230;.</a></p>
</div>
</div>
</div>
</div>
<p><em>Die Veröffentlichung wird gefördert von:</em><br />
&#8211; Behörde für Stadtentwicklung und Wohnen<br />
&#8211; Behörde für Kultur und Medien<br />
&#8211; Denkmalschutzamt<br />
&#8211; SAGA Unternehmensgruppe</p>
<p><em>Wir als Heimstättervereinigung Steenkamp e. V. machen mit dem Verkauf der Festschrift keinen Gewinn.</em></p>
<p><a href="https://www.steenkamper.de/index.php/jubilaeumsveranstaltungen/"><img data-recalc-dims="1" decoding="async" data-attachment-id="9450" data-permalink="https://www.steenkamper.de/index.php/historischer-rundgang/logo-steenkamp-jubilaeum-klein/" data-orig-file="https://i0.wp.com/www.steenkamper.de/wp-content/uploads/2019/12/logo-steenkamp-jubilaeum-KLEIN.png?fit=1087%2C1175&amp;ssl=1" data-orig-size="1087,1175" data-comments-opened="1" data-image-meta="{&quot;aperture&quot;:&quot;0&quot;,&quot;credit&quot;:&quot;&quot;,&quot;camera&quot;:&quot;&quot;,&quot;caption&quot;:&quot;&quot;,&quot;created_timestamp&quot;:&quot;0&quot;,&quot;copyright&quot;:&quot;&quot;,&quot;focal_length&quot;:&quot;0&quot;,&quot;iso&quot;:&quot;0&quot;,&quot;shutter_speed&quot;:&quot;0&quot;,&quot;title&quot;:&quot;&quot;,&quot;orientation&quot;:&quot;0&quot;}" data-image-title="logo-steenkamp-jubilaeum-KLEIN" data-image-description="" data-image-caption="" data-large-file="https://i0.wp.com/www.steenkamper.de/wp-content/uploads/2019/12/logo-steenkamp-jubilaeum-KLEIN.png?fit=750%2C811&amp;ssl=1" class="alignnone wp-image-9450" src="https://i0.wp.com/www.steenkamper.de/wp-content/uploads/2019/12/logo-steenkamp-jubilaeum-KLEIN.png?resize=138%2C149&#038;ssl=1" alt="" width="138" height="149" srcset="https://i0.wp.com/www.steenkamper.de/wp-content/uploads/2019/12/logo-steenkamp-jubilaeum-KLEIN.png?resize=278%2C300&amp;ssl=1 278w, https://i0.wp.com/www.steenkamper.de/wp-content/uploads/2019/12/logo-steenkamp-jubilaeum-KLEIN.png?resize=947%2C1024&amp;ssl=1 947w, https://i0.wp.com/www.steenkamper.de/wp-content/uploads/2019/12/logo-steenkamp-jubilaeum-KLEIN.png?resize=768%2C830&amp;ssl=1 768w, https://i0.wp.com/www.steenkamper.de/wp-content/uploads/2019/12/logo-steenkamp-jubilaeum-KLEIN.png?resize=185%2C200&amp;ssl=1 185w, https://i0.wp.com/www.steenkamper.de/wp-content/uploads/2019/12/logo-steenkamp-jubilaeum-KLEIN.png?resize=500%2C540&amp;ssl=1 500w, https://i0.wp.com/www.steenkamper.de/wp-content/uploads/2019/12/logo-steenkamp-jubilaeum-KLEIN.png?resize=450%2C486&amp;ssl=1 450w, https://i0.wp.com/www.steenkamper.de/wp-content/uploads/2019/12/logo-steenkamp-jubilaeum-KLEIN.png?w=1087&amp;ssl=1 1087w" sizes="(max-width: 138px) 100vw, 138px" /></a></p>
<p><img data-recalc-dims="1" fetchpriority="high" decoding="async" data-attachment-id="18207" data-permalink="https://www.steenkamper.de/?attachment_id=18207" data-orig-file="https://i0.wp.com/www.steenkamper.de/wp-content/uploads/2022/01/img_3999-3.jpg?fit=800%2C636&amp;ssl=1" data-orig-size="800,636" data-comments-opened="1" data-image-meta="{&quot;aperture&quot;:&quot;0&quot;,&quot;credit&quot;:&quot;&quot;,&quot;camera&quot;:&quot;&quot;,&quot;caption&quot;:&quot;&quot;,&quot;created_timestamp&quot;:&quot;0&quot;,&quot;copyright&quot;:&quot;&quot;,&quot;focal_length&quot;:&quot;0&quot;,&quot;iso&quot;:&quot;0&quot;,&quot;shutter_speed&quot;:&quot;0&quot;,&quot;title&quot;:&quot;&quot;,&quot;orientation&quot;:&quot;1&quot;}" data-image-title="Festschrift „100 Jahre Steenkamp“" data-image-description="" data-image-caption="" data-large-file="https://i0.wp.com/www.steenkamper.de/wp-content/uploads/2022/01/img_3999-3.jpg?fit=750%2C596&amp;ssl=1" class="alignnone wp-image-18207 size-full" src="https://i0.wp.com/www.steenkamper.de/wp-content/uploads/2022/01/img_3999-3.jpg?resize=750%2C596&#038;ssl=1" alt="" width="750" height="596" srcset="https://i0.wp.com/www.steenkamper.de/wp-content/uploads/2022/01/img_3999-3.jpg?w=800&amp;ssl=1 800w, https://i0.wp.com/www.steenkamper.de/wp-content/uploads/2022/01/img_3999-3.jpg?resize=300%2C239&amp;ssl=1 300w, https://i0.wp.com/www.steenkamper.de/wp-content/uploads/2022/01/img_3999-3.jpg?resize=768%2C611&amp;ssl=1 768w, https://i0.wp.com/www.steenkamper.de/wp-content/uploads/2022/01/img_3999-3.jpg?resize=450%2C358&amp;ssl=1 450w, https://i0.wp.com/www.steenkamper.de/wp-content/uploads/2022/01/img_3999-3.jpg?resize=600%2C477&amp;ssl=1 600w" sizes="(max-width: 750px) 100vw, 750px" /></p>
<p>1. Auflage 2021 / 500 Seiten / ca. 1.000 Abbildungen + 2 Karten/Plänen / 30,2 cm x 21,3 cm / Hardcover / 2,5kg / ISBN 978-3-00-070902-9 / Herausgegeben für die Heimstättervereinigung Steenkamp e.V. von Sebastian Buchholz</p>

<p>ISBN 978-3-00-070902-9</p>
<p><strong>Rest Exemplare sind nur noch auf Veranstaltungen in der Steenkampsiedlung erhältlich.</strong></p>

1. Auflage 2009 54 Seiten 29,7 cm x 21,5 cm Softcover Herausgegeben von der Heimstättervereinigung Steenkamp e.V.

Ähnlicher Beitrag
