{"id":8162,"date":"2019-04-18T09:29:55","date_gmt":"2019-04-18T07:29:55","guid":{"rendered":"https:\/\/www.steenkamper.de\/?page_id=8162"},"modified":"2019-04-18T09:29:58","modified_gmt":"2019-04-18T07:29:58","slug":"een-hundeleben","status":"publish","type":"page","link":"https:\/\/www.steenkamper.de\/index.php\/een-hundeleben\/","title":{"rendered":"Een Hundeleben."},"content":{"rendered":"\n<p><em>aus dem Steenkamper Ausgabe 3\/2004 &amp; 2\/2018<\/em><\/p>\n\n\n\n<p>Bi us in de Gegend l\u00f6pt son l\u00fctten swatten Dackel r\u00fcm. He hett ganz n\u00fcddellige kleene Knoppoogen. Von wieden s\u00fcht he ut, as&#8217;n \u201eFlaschenb\u00fcrste&#8221; or as&#8217;n \u201eRennsalami&#8221;. Morgens kummt he anlopen un sett sick \u00e4s erstes bin Slachter vor de D\u00f6\u00f6r. Wenn nu een in den Loden ringeiht, is he &#8211; swupp &#8211; mit bin. Nu sett he sick op sin l\u00fctten Mors un mokt mit de Vorderfeut \u201eBitte &#8212; Bitte&#8221;. Dat bringt em ne scheune Knackwost in! Hei- un rut is he!! Denn l\u00f6pt he \u00f6ber den Zebrastriepen. \u201eSelbstbewu\u00dft&#8221; un den Steert as&#8217;n Antenn in de H\u00f6chte. De Autofohrers m\u00f6t schon fix oppassen, dat se em nich fotkriecht.<br>Ha- r\u00fcckt dat hier wedder scheun!! Denn nu wer de B\u00e4cker an de Rech. He wedder rin un &#8211; richtig &#8211; dat s\u00fclbige as bin Slachter. Mins twee Kekse wer em secker. De L\u00fc\u00fct hebbt richtig fr\u00fcndliche Oogen, wenn se den l\u00fctten swatten D\u00fcbel seht. Nu l\u00f6pt he wieder, aber de n\u00e4chste Loden is&#8217;n Blomenh\u00f6cker. Dor is for em aber nur wat to holen, wenn den Boss sin Freust\u00fcck dolfallt. Un schon geiht dat no den n\u00e4chsten. Een Imbiss!! De Loden is aber so l\u00fctt, dat de L\u00fc\u00fct tr\u00fcchwarts ringohn m\u00f6t, weil se binnen nich dreien k\u00f6nnt. Un wat mockt uns l\u00fctten Fr\u00fcnd ? He sett sick op de Stroot! Sin \u201eBitte &#8212; Bitte&#8221; bringt em hier ock nochmol fast ne halfe \u201eCurrywost&#8221; in. No den n\u00e4chsten Loden kiekt he blots scheef hin, denn dat is&#8217;n Fernsehh\u00f6cker. TV kiecken kann he ock to Huus! Aber denn!! Noch&#8217;n Imbiss!! Dor gift dat for sin l\u00fctt Theoter noch&#8217;n poor Pommes!<br>Nu dreiht he sick \u00fcm un mockt sick op&#8217;n Nohuuswech. \u00d6ber den Zebrastriepen het he Gl\u00fcck hat. Soss grote Feut hebbt em \u201ebegleitet&#8221;. Denn l\u00f6pt he dorch de Gorn&#8217;s no huus. Man wet nich wo he wohnt, ober man kann sick v\u00f6rstellen wenn he sin \u201eTohuus&#8221; erreicht het, haut he sick in sin Korf un sloppt erstmol&#8217;n St\u00fcnn!<br>Ick versteh gornich wenn de L\u00fc\u00fct seggt: \u201eSast ock nich leben as&#8217;n Hund&#8221;.<\/p>\n\n\n\n<p>Is doch gornich so slecht &#8211; oder??<\/p>\n\n\n\n<p>Text von<em>Joachim Thomas<\/em><\/p>\n","protected":false},"excerpt":{"rendered":"<p>aus dem Steenkamper Ausgabe 3\/2004 &amp; 2\/2018 Bi us in de Gegend l\u00f6pt son l\u00fctten swatten Dackel r\u00fcm. He hett ganz n\u00fcddellige kleene Knoppoogen. Von wieden s\u00fcht he ut, as&#8217;n [&hellip;]<\/p>\n","protected":false},"author":6,"featured_media":0,"parent":0,"menu_order":0,"comment_status":"closed","ping_status":"closed","template":"","meta":{"_acf_changed":false,"site-sidebar-layout":"default","site-content-layout":"","ast-site-content-layout":"default","site-content-style":"default","site-sidebar-style":"default","ast-global-header-display":"","ast-banner-title-visibility":"","ast-main-header-display":"","ast-hfb-above-header-display":"","ast-hfb-below-header-display":"","ast-hfb-mobile-header-display":"","site-post-title":"","ast-breadcrumbs-content":"","ast-featured-img":"","footer-sml-layout":"","ast-disable-related-posts":"","theme-transparent-header-meta":"","adv-header-id-meta":"","stick-header-meta":"","header-above-stick-meta":"","header-main-stick-meta":"","header-below-stick-meta":"","astra-migrate-meta-layouts":"default","ast-page-background-enabled":"default","ast-page-background-meta":{"desktop":{"background-color":"var(--ast-global-color-5)","background-image":"","background-repeat":"repeat","background-position":"center center","background-size":"auto","background-attachment":"scroll","background-type":"","background-media":"","overlay-type":"","overlay-color":"","overlay-opacity":"","overlay-gradient":""},"tablet":{"background-color":"","background-image":"","background-repeat":"repeat","background-position":"center center","background-size":"auto","background-attachment":"scroll","background-type":"","background-media":"","overlay-type":"","overlay-color":"","overlay-opacity":"","overlay-gradient":""},"mobile":{"background-color":"","background-image":"","background-repeat":"repeat","background-position":"center center","background-size":"auto","background-attachment":"scroll","background-type":"","background-media":"","overlay-type":"","overlay-color":"","overlay-opacity":"","overlay-gradient":""}},"ast-content-background-meta":{"desktop":{"background-color":"var(--ast-global-color-4)","background-image":"","background-repeat":"repeat","background-position":"center center","background-size":"auto","background-attachment":"scroll","background-type":"","background-media":"","overlay-type":"","overlay-color":"","overlay-opacity":"","overlay-gradient":""},"tablet":{"background-color":"var(--ast-global-color-4)","background-image":"","background-repeat":"repeat","background-position":"center center","background-size":"auto","background-attachment":"scroll","background-type":"","background-media":"","overlay-type":"","overlay-color":"","overlay-opacity":"","overlay-gradient":""},"mobile":{"background-color":"var(--ast-global-color-4)","background-image":"","background-repeat":"repeat","background-position":"center center","background-size":"auto","background-attachment":"scroll","background-type":"","background-media":"","overlay-type":"","overlay-color":"","overlay-opacity":"","overlay-gradient":""}},"_price":"","_stock":"","_tribe_ticket_header":"","_tribe_default_ticket_provider":"","_tribe_ticket_capacity":"0","_ticket_start_date":"","_ticket_end_date":"","_tribe_ticket_show_description":"","_tribe_ticket_show_not_going":false,"_tribe_ticket_use_global_stock":"","_tribe_ticket_global_stock_level":"","_global_stock_mode":"","_global_stock_cap":"","_tribe_rsvp_for_event":"","_tribe_ticket_going_count":"","_tribe_ticket_not_going_count":"","_tribe_tickets_list":"[]","_tribe_ticket_has_attendee_info_fields":false,"jetpack_post_was_ever_published":false,"footnotes":"","_tec_slr_enabled":"","_tec_slr_layout":""},"class_list":["post-8162","page","type-page","status-publish","hentry"],"acf":[],"jetpack_sharing_enabled":true,"jetpack_shortlink":"https:\/\/wp.me\/P74Wuo-27E","jetpack_likes_enabled":true,"jetpack-related-posts":[{"id":1106,"url":"https:\/\/www.steenkamper.de\/index.php\/hobbyausstellung\/","url_meta":{"origin":8162,"position":0},"title":"Hobbyausstellung","author":"Max","date":"06\/01\/2016","format":false,"excerpt":"Dort wer wat los! aus dem Steenkamper Ausgabe 3\/2005 Text:\u00a0Joachim Thoms und Kristiana G\u00e4rtner Fotos: Joachim Thoms und Claus Thiele Joachim Thoms \u00fcber die von ihm iniziierte Hobbyausstellung: (Herr Thoms hatte die Idee zu dieser Hobbyausstellung) Unse Utstellung \u00f6ber dat \u201eHobby\" wer een scheuner Erfolg. \u201eHobby\" is nee- d\u00fctsch un\u2026","rel":"","context":"\u00c4hnlicher Beitrag","block_context":{"text":"\u00c4hnlicher Beitrag","link":""},"img":{"alt_text":"Hobby1","src":"https:\/\/i0.wp.com\/wp.steenkamper.de\/wp-content\/uploads\/2016\/01\/Hobby1-300x263.jpg?resize=350%2C200","width":350,"height":200},"classes":[]},{"id":1027,"url":"https:\/\/www.steenkamper.de\/index.php\/ladengeschaeft-im-veit-stoss-weg\/","url_meta":{"origin":8162,"position":1},"title":"Ladengesch\u00e4ft im Veit-Sto\u00df-Weg","author":"Max","date":"04\/01\/2016","format":false,"excerpt":"Siedlungs-Geschichten \"Herr Viehst\u00e4dt erz\u00e4hlt von seinem Ladengesch\u00e4ft im Veit-Sto\u00df-Weg\" Jeder, der in der Steenkampsiedlung und den umgebenden Stra\u00dfen wohnt, sollte die beiden stets liebevoll dekorierten Schaufenster des ehemaligen Gesch\u00e4ftes im Veit-Sto\u00df-Weg kennen. Warum? Lesen Sie selbst: Interview aus dem Jahr 2013 (Artikel aus dem Steenkamper 2014\/2&3) Interview: Claus Thiele (CT),\u2026","rel":"","context":"\u00c4hnlicher Beitrag","block_context":{"text":"\u00c4hnlicher Beitrag","link":""},"img":{"alt_text":"Laden im Veit-Sto\u00df-Weg","src":"https:\/\/i0.wp.com\/wp.steenkamper.de\/wp-content\/uploads\/2016\/01\/Laden-im-Veit-Sto%C3%9F-Weg-300x215.jpg?resize=350%2C200","width":350,"height":200},"classes":[]},{"id":1230,"url":"https:\/\/www.steenkamper.de\/index.php\/newsletter\/","url_meta":{"origin":8162,"position":2},"title":"Newsletter","author":"Max","date":"09\/01\/2016","format":false,"excerpt":"Hier unseren Newsletter abonniere und\/oder unsere Neuigkeiten auf der Webseite via E-Mail abonnieren (s.u.). Hier unsere Datenschutzerkl\u00e4rung Der Steenkamper Newsletter *\u00a0Pflichtangabe Email * Vorname * Nachname * Die Steenkamper Newsletter Der kleine Steenkamper Fl\u00fcchtlingshilfe Helferverteiler (f\u00fcr allgem. Vereinsaktivit\u00e4ten) Mitglied? Ich bin Mitglied der Heimst\u00e4ttervereinigung Steenkamp e.V. Der Helferverteiler meint allgem.\u2026","rel":"","context":"\u00c4hnlicher Beitrag","block_context":{"text":"\u00c4hnlicher Beitrag","link":""},"img":{"alt_text":"","src":"","width":0,"height":0},"classes":[]},{"id":29768,"url":"https:\/\/www.steenkamper.de\/index.php\/infoabend-ag-steenkampenergie\/","url_meta":{"origin":8162,"position":3},"title":"Infoabend \u201eAG SteenkampEnergie\u201c","author":"Max","date":"11\/07\/2025","format":false,"excerpt":"Infoabend zur W\u00e4rmeversorgung\u00a0am 25.6.2025 Volles Haus & starke Impulse: Infoabend zur W\u00e4rmeversorgung begeistert Nachbarschaft Der Informationsabend der AG SteenkampEnergie am Mittwoch, dem 25. Juni war ein voller Erfolg \u2013 im wahrsten Sinne des Wortes: Der Steenkamp Saal war bis auf den letzten Platz gef\u00fcllt, einige G\u00e4ste verfolgten die Veranstaltung sogar\u2026","rel":"","context":"\u00c4hnlicher Beitrag","block_context":{"text":"\u00c4hnlicher Beitrag","link":""},"img":{"alt_text":"","src":"https:\/\/i0.wp.com\/www.steenkamper.de\/wp-content\/uploads\/2025\/07\/AGEnergie-scaled.png?resize=350%2C200&ssl=1","width":350,"height":200,"srcset":"https:\/\/i0.wp.com\/www.steenkamper.de\/wp-content\/uploads\/2025\/07\/AGEnergie-scaled.png?resize=350%2C200&ssl=1 1x, https:\/\/i0.wp.com\/www.steenkamper.de\/wp-content\/uploads\/2025\/07\/AGEnergie-scaled.png?resize=525%2C300&ssl=1 1.5x, https:\/\/i0.wp.com\/www.steenkamper.de\/wp-content\/uploads\/2025\/07\/AGEnergie-scaled.png?resize=700%2C400&ssl=1 2x, https:\/\/i0.wp.com\/www.steenkamper.de\/wp-content\/uploads\/2025\/07\/AGEnergie-scaled.png?resize=1050%2C600&ssl=1 3x, https:\/\/i0.wp.com\/www.steenkamper.de\/wp-content\/uploads\/2025\/07\/AGEnergie-scaled.png?resize=1400%2C800&ssl=1 4x"},"classes":[]},{"id":140,"url":"https:\/\/www.steenkamper.de\/index.php\/mieter-und-eigentuemerausschuss\/","url_meta":{"origin":8162,"position":4},"title":"Mieter- und Eigent\u00fcmerausschuss","author":"admin","date":"15\/12\/2015","format":false,"excerpt":"Hilfestellung in Miet- und Eigentumsfragen Claus Thiele, Tel. 899 11 43 Durch den Erwerb unserer teilweise seit mehreren Generationen selber bewohnten H\u00e4user, stehen besonders die erstmals mit Wohneigentum versehenen Nachbarn vor vielen Fragen. Mit der Finanzierung des Kaufes alleine ist es nicht getan. Wo bekomme ich einen guten Handwerker f\u00fcr\u2026","rel":"","context":"\u00c4hnlicher Beitrag","block_context":{"text":"\u00c4hnlicher Beitrag","link":""},"img":{"alt_text":"","src":"","width":0,"height":0},"classes":[]},{"id":142,"url":"https:\/\/www.steenkamper.de\/index.php\/eigentuemer-info\/","url_meta":{"origin":8162,"position":5},"title":"Eigent\u00fcmer Info","author":"admin","date":"15\/12\/2015","format":false,"excerpt":"Grundlegendes Ziel der Heimst\u00e4ttervereinigung Steenkamp e.V. ist die Pflege der Nachbarschaft, des Miteinanders aller ihrer Bewohner. Dies geschieht unter anderem durch die Verwaltung und Pflege des Steenkampsaales, der gemeinschaftliche Aktionen im geschlossenen Raum erm\u00f6glicht. Aber auch durch die Veranstaltung unserer vielen Festivit\u00e4ten (Sommerfest, Ausstellungen, Informationsveranstaltungen, Familienkino,\u00a0Steenkampsalon,\u00a0...). Durch den Erwerb unserer\u2026","rel":"","context":"\u00c4hnlicher Beitrag","block_context":{"text":"\u00c4hnlicher Beitrag","link":""},"img":{"alt_text":"","src":"","width":0,"height":0},"classes":[]}],"ticketed":false,"_links":{"self":[{"href":"https:\/\/www.steenkamper.de\/index.php\/wp-json\/wp\/v2\/pages\/8162","targetHints":{"allow":["GET"]}}],"collection":[{"href":"https:\/\/www.steenkamper.de\/index.php\/wp-json\/wp\/v2\/pages"}],"about":[{"href":"https:\/\/www.steenkamper.de\/index.php\/wp-json\/wp\/v2\/types\/page"}],"author":[{"embeddable":true,"href":"https:\/\/www.steenkamper.de\/index.php\/wp-json\/wp\/v2\/users\/6"}],"replies":[{"embeddable":true,"href":"https:\/\/www.steenkamper.de\/index.php\/wp-json\/wp\/v2\/comments?post=8162"}],"version-history":[{"count":1,"href":"https:\/\/www.steenkamper.de\/index.php\/wp-json\/wp\/v2\/pages\/8162\/revisions"}],"predecessor-version":[{"id":8163,"href":"https:\/\/www.steenkamper.de\/index.php\/wp-json\/wp\/v2\/pages\/8162\/revisions\/8163"}],"wp:attachment":[{"href":"https:\/\/www.steenkamper.de\/index.php\/wp-json\/wp\/v2\/media?parent=8162"}],"curies":[{"name":"wp","href":"https:\/\/api.w.org\/{rel}","templated":true}]}}

<p><em>aus dem Steenkamper Ausgabe 3/2004 &amp; 2/2018</em></p>



<p>Bi us in de Gegend löpt son lütten swatten Dackel rüm. He hett ganz nüddellige kleene Knoppoogen. Von wieden süht he ut, as&#8217;n „Flaschenbürste&#8221; or as&#8217;n „Rennsalami&#8221;. Morgens kummt he anlopen un sett sick äs erstes bin Slachter vor de Döör. Wenn nu een in den Loden ringeiht, is he &#8211; swupp &#8211; mit bin. Nu sett he sick op sin lütten Mors un mokt mit de Vorderfeut „Bitte &#8212; Bitte&#8221;. Dat bringt em ne scheune Knackwost in! Hei- un rut is he!! Denn löpt he öber den Zebrastriepen. „Selbstbewußt&#8221; un den Steert as&#8217;n Antenn in de Höchte. De Autofohrers möt schon fix oppassen, dat se em nich fotkriecht.<br>Ha- rückt dat hier wedder scheun!! Denn nu wer de Bäcker an de Rech. He wedder rin un &#8211; richtig &#8211; dat sülbige as bin Slachter. Mins twee Kekse wer em secker. De Lüüt hebbt richtig fründliche Oogen, wenn se den lütten swatten Dübel seht. Nu löpt he wieder, aber de nächste Loden is&#8217;n Blomenhöcker. Dor is for em aber nur wat to holen, wenn den Boss sin Freustück dolfallt. Un schon geiht dat no den nächsten. Een Imbiss!! De Loden is aber so lütt, dat de Lüüt trüchwarts ringohn möt, weil se binnen nich dreien könnt. Un wat mockt uns lütten Fründ ? He sett sick op de Stroot! Sin „Bitte &#8212; Bitte&#8221; bringt em hier ock nochmol fast ne halfe „Currywost&#8221; in. No den nächsten Loden kiekt he blots scheef hin, denn dat is&#8217;n Fernsehhöcker. TV kiecken kann he ock to Huus! Aber denn!! Noch&#8217;n Imbiss!! Dor gift dat for sin lütt Theoter noch&#8217;n poor Pommes!<br>Nu dreiht he sick üm un mockt sick op&#8217;n Nohuuswech. Öber den Zebrastriepen het he Glück hat. Soss grote Feut hebbt em „begleitet&#8221;. Denn löpt he dorch de Gorn&#8217;s no huus. Man wet nich wo he wohnt, ober man kann sick vörstellen wenn he sin „Tohuus&#8221; erreicht het, haut he sick in sin Korf un sloppt erstmol&#8217;n Stünn!<br>Ick versteh gornich wenn de Lüüt seggt: „Sast ock nich leben as&#8217;n Hund&#8221;.</p>



<p>Is doch gornich so slecht &#8211; oder??</p>



<p>Text von<em>Joachim Thomas</em></p>

<p>aus dem Steenkamper Ausgabe 3/2004 &amp; 2/2018 Bi us in de Gegend löpt son lütten swatten Dackel rüm. He hett ganz nüddellige kleene Knoppoogen. Von wieden süht he ut, as&#8217;n [&hellip;]</p>

Dort wer wat los! aus dem Steenkamper Ausgabe 3/2005 Text: Joachim Thoms und Kristiana Gärtner Fotos: Joachim Thoms und Claus Thiele Joachim Thoms über die von ihm iniziierte Hobbyausstellung: (Herr Thoms hatte die Idee zu dieser Hobbyausstellung) Unse Utstellung öber dat „Hobby" wer een scheuner Erfolg. „Hobby" is nee- dütsch un…

Ähnlicher Beitrag

Ladengeschäft im Veit-Stoß-Weg

Siedlungs-Geschichten "Herr Viehstädt erzählt von seinem Ladengeschäft im Veit-Stoß-Weg" Jeder, der in der Steenkampsiedlung und den umgebenden Straßen wohnt, sollte die beiden stets liebevoll dekorierten Schaufenster des ehemaligen Geschäftes im Veit-Stoß-Weg kennen. Warum? Lesen Sie selbst: Interview aus dem Jahr 2013 (Artikel aus dem Steenkamper 2014/2&3) Interview: Claus Thiele (CT),…

Laden im Veit-Stoß-Weg

Hier unseren Newsletter abonniere und/oder unsere Neuigkeiten auf der Webseite via E-Mail abonnieren (s.u.). Hier unsere Datenschutzerklärung Der Steenkamper Newsletter * Pflichtangabe Email * Vorname * Nachname * Die Steenkamper Newsletter Der kleine Steenkamper Flüchtlingshilfe Helferverteiler (für allgem. Vereinsaktivitäten) Mitglied? Ich bin Mitglied der Heimstättervereinigung Steenkamp e.V. Der Helferverteiler meint allgem.…

Infoabend zur Wärmeversorgung am 25.6.2025 Volles Haus & starke Impulse: Infoabend zur Wärmeversorgung begeistert Nachbarschaft Der Informationsabend der AG SteenkampEnergie am Mittwoch, dem 25. Juni war ein voller Erfolg – im wahrsten Sinne des Wortes: Der Steenkamp Saal war bis auf den letzten Platz gefüllt, einige Gäste verfolgten die Veranstaltung sogar…

Mieter- und Eigentümerausschuss

Hilfestellung in Miet- und Eigentumsfragen Claus Thiele, Tel. 899 11 43 Durch den Erwerb unserer teilweise seit mehreren Generationen selber bewohnten Häuser, stehen besonders die erstmals mit Wohneigentum versehenen Nachbarn vor vielen Fragen. Mit der Finanzierung des Kaufes alleine ist es nicht getan. Wo bekomme ich einen guten Handwerker für…

Eigentümer Info

Grundlegendes Ziel der Heimstättervereinigung Steenkamp e.V. ist die Pflege der Nachbarschaft, des Miteinanders aller ihrer Bewohner. Dies geschieht unter anderem durch die Verwaltung und Pflege des Steenkampsaales, der gemeinschaftliche Aktionen im geschlossenen Raum ermöglicht. Aber auch durch die Veranstaltung unserer vielen Festivitäten (Sommerfest, Ausstellungen, Informationsveranstaltungen, Familienkino, Steenkampsalon, ...). Durch den Erwerb unserer…
