{"id":485,"date":"2015-12-18T07:24:29","date_gmt":"2015-12-18T06:24:29","guid":{"rendered":"http:\/\/wp.steenkamper.de:8080\/?page_id=485"},"modified":"2025-11-15T06:11:40","modified_gmt":"2025-11-15T05:11:40","slug":"gruppen","status":"publish","type":"page","link":"https:\/\/www.steenkamper.de\/index.php\/gruppen\/","title":{"rendered":"Gruppen"},"content":{"rendered":"<p><em>F\u00fcr die Teilnahme an Gruppenangeboten ist eine Mitgliedschaft in der Heimst\u00e4ttervereinigung erforderlich!<\/em><\/p>\n<p><strong><a href=\"https:\/\/www.steenkamper.de\/index.php\/steenkamp-singers\/\">Steenkamp-Singers<\/a>\u00a0Gospelchor\u00a0<\/strong><br \/>\nJeden Dienstag ab 19:30h im Steenkampsaal<br \/>\nLeitung und Info: Kristiana G\u00e4rtner, Tel. 899 21 88<\/p>\n<p><strong><a href=\"https:\/\/www.steenkamper.de\/index.php\/kloenschnacktreff\/\">Kl\u00f6nschnacktreff<\/a><\/strong><br \/>\nJeden ersten Dienstag im Monat ab 16h im Steenkampsaal<br \/>\nKontakt: Inga Lund-Thiele, Tel.: 8991143<\/p>\n<p><strong><a href=\"https:\/\/www.steenkamper.de\/index.php\/fluechtlingsarbeit\/angebote-fuer-frauen\/\">Nachbarinnentreff (f\u00fcr Frauen)<\/a><\/strong><br \/>\nletztes Treffen war am 7.8.2020<br \/>\nKontakt: Gertrud Krapp, Tel: \u00a08005165<\/p>\n<p><strong><a href=\"https:\/\/www.steenkamper.de\/index.php\/fluechtlingsarbeit\/cafe-vogelweide\/\">Caf\u00e9 Vogelweide<\/a><\/strong> (offen f\u00fcr alle)<br \/>\n<span class=\"s2\">letzten Sonntag im Monat von<\/span><span class=\"s2\">\u00a016h<\/span><br \/>\nKontakt: Uta Eschweiler, Tel.: 015253705231\u00a0<a href=\"mailto:uta.eschweiler@web.de\">uta.eschweiler(at)web.de<\/a><\/p>\n<p><strong>Theater &#8220;<a href=\"https:\/\/www.steenkamper.de\/index.php\/theater\/\">IdeenReich B\u00fchnenkunst<\/a>&#8220;<\/strong><br \/>\nz.Zt. nicht<br \/>\nKontakt: Hedda Leu, Tel.: \u00a08505704<\/p>\n<p><strong>Hausfrauenturnen<br \/>\n<\/strong>Jeden Montag 17h, <em>(seit Dez. 25 nicht mehr)<\/em><br \/>\nKontakt: Susan von Baschle, \u00a0Tel. 040 83293850 <a href=\"mailto:susanvonbaschle@gmx.de\" target=\"_blank\" rel=\"noopener\">susanvonbaschle@gmx.de<\/a><\/p>\n<p><strong>Fitness am Montag<\/strong> <em>-mit Bewegung und Spa\u00df in die Woche starten-<\/em><br \/>\nJeden Montag ab 19h, Steenkampsaal<br \/>\nKontakt: Gabriele Wolf, Tel.: 899 63 558<\/p>\n<p><strong>Skat<\/strong><br \/>\nz.Zt. nicht<br \/>\nKontakt: Kathrin Wolf, Tel.: 899 11 04<\/p>\n<p><strong>Bingo<\/strong><br \/>\nunregelm\u00e4\u00dfig \u00a019h<br \/>\nKontakt: Kathrin Wolf, Tel.: 899 11 04<\/p>\n<p><strong>QuizAbend<br \/>\n<\/strong>unregelm\u00e4\u00dfig im Steenkampsaal seit 2024<strong><br \/>\n<\/strong>Katrin Gr\u00f6ber<br \/>\nKontakt: 017649819023<\/p>\n<p><strong><a href=\"https:\/\/www.steenkamper.de\/index.php\/steenkamp-history\/\">Steenkamp History<\/a><\/strong><br \/>\nGeschichtswerkstatt im Steenkampsaal<br \/>\nKontakt: Sebastian Buchholz <a href=\"mailto:cortisol@web.de\">cortisol(at)web.de<\/a><\/p>\n<p><strong><a href=\"https:\/\/www.steenkamper.de\/index.php\/square-dance-club\/\">Square Dance<\/a><\/strong><br \/>\nz.Zt. <span style=\"text-decoration: underline;\">nicht<\/span>\u00a0im Steenkampsaal<br \/>\nKontakt: Claus Thiele, Tel.: 899 11 43<\/p>\n<p><strong>Boulespielen auf der Vogelweide<\/strong><br \/>\nim Sommerhalbjahr: Samstags, 15 \u2013 17h<br \/>\nKontakt:\u00a0Resul \u00d6nal, Tel.: 01577 2662 113<\/p>\n<p><b><a href=\"https:\/\/www.steenkamper.de\/index.php\/kinderkino\/\">Kinderkino \/ Familienkino<\/a>\u00a0<\/b><br \/>\nunregelm\u00e4\u00dfig im Steenkampsaal.<\/p>\n<p><b><a href=\"https:\/\/www.steenkamper.de\/index.php\/steenkampsalon\/\">Steenkampsalon<\/a><\/b><br \/>\nunregelm\u00e4\u00dfig\u00a0im Steenkampsaal.<\/p>\n","protected":false},"excerpt":{"rendered":"<p>F\u00fcr die Teilnahme an Gruppenangeboten ist eine Mitgliedschaft in der Heimst\u00e4ttervereinigung erforderlich! Steenkamp-Singers\u00a0Gospelchor\u00a0 Jeden Dienstag ab 19:30h im Steenkampsaal Leitung und Info: Kristiana G\u00e4rtner, Tel. 899 21 88 Kl\u00f6nschnacktreff Jeden&#8230; <\/p>\n<p><a class=\"teaser-more\" href=\"https:\/\/www.steenkamper.de\/index.php\/gruppen\/\">weiter lesen<\/a><\/p>\n","protected":false},"author":1,"featured_media":0,"parent":0,"menu_order":0,"comment_status":"closed","ping_status":"closed","template":"","meta":{"_acf_changed":false,"_price":"","_stock":"","_tribe_ticket_header":"","_tribe_default_ticket_provider":"","_tribe_ticket_capacity":"0","_ticket_start_date":"","_ticket_end_date":"","_tribe_ticket_show_description":"","_tribe_ticket_show_not_going":false,"_tribe_ticket_use_global_stock":"","_tribe_ticket_global_stock_level":"","_global_stock_mode":"","_global_stock_cap":"","_tribe_rsvp_for_event":"","_tribe_ticket_going_count":"","_tribe_ticket_not_going_count":"","_tribe_tickets_list":"[]","_tribe_ticket_has_attendee_info_fields":false,"jetpack_post_was_ever_published":false,"footnotes":"","_tec_slr_enabled":"","_tec_slr_layout":""},"class_list":["post-485","page","type-page","status-publish","hentry"],"acf":[],"jetpack_sharing_enabled":true,"jetpack_shortlink":"https:\/\/wp.me\/P74Wuo-7P","jetpack_likes_enabled":true,"jetpack-related-posts":[{"id":138,"url":"https:\/\/www.steenkamper.de\/index.php\/kloenschnacktreff\/","url_meta":{"origin":485,"position":0},"title":"Kl\u00f6nschnacktreff","author":"admin","date":"15\/12\/2015","format":false,"excerpt":"Treffen jeden ersten Dienstag im Monat ab 16h im Steenkampsaal Kontakt: Inga Lund-Thiele, Tel.: 8991143 lund.thiele(at)posteo.de Zum Kl\u00f6nschnack treffen sich hier Jung und alt, um in gem\u00fctlicher Runde bei Kaffee und Kuchen zusammen zu sitzen. Es gibt keine festen Themen. Fr\u00fcher trafen wir uns beim Einkauf in der Pro, dem\u2026","rel":"","context":"\u00c4hnlicher Beitrag","block_context":{"text":"\u00c4hnlicher Beitrag","link":""},"img":{"alt_text":"","src":"https:\/\/i0.wp.com\/www.steenkamper.de\/wp-content\/uploads\/2020\/08\/Kl%C3%B6nschnack-1024x665.jpg?resize=350%2C200&ssl=1","width":350,"height":200,"srcset":"https:\/\/i0.wp.com\/www.steenkamper.de\/wp-content\/uploads\/2020\/08\/Kl%C3%B6nschnack-1024x665.jpg?resize=350%2C200&ssl=1 1x, https:\/\/i0.wp.com\/www.steenkamper.de\/wp-content\/uploads\/2020\/08\/Kl%C3%B6nschnack-1024x665.jpg?resize=525%2C300&ssl=1 1.5x, https:\/\/i0.wp.com\/www.steenkamper.de\/wp-content\/uploads\/2020\/08\/Kl%C3%B6nschnack-1024x665.jpg?resize=700%2C400&ssl=1 2x"},"classes":[]},{"id":5644,"url":"https:\/\/www.steenkamper.de\/index.php\/termine-2017\/","url_meta":{"origin":485,"position":1},"title":"Termine 2017","author":"Max","date":"27\/12\/2017","format":false,"excerpt":"Januar 22.1.\u00a0Fl\u00fcchtlingshilfe\u00a0- Caf\u00e9 \"Vogelweide\" im Steenkampsaal\u00a015-17h 28.&29.1. Theatergruppe IdeenReich B\u00fchnenkunst \"Meerschaum oder Windsbraut\" 19h Februar 14.2. Puppen Theater\u00a016h 18.2. Zukunftswerkstatt\u00a016-19h 19.2. Kinderfasching\u00a015h im Steenkampsaal 26.2.\u00a0Fl\u00fcchtlingshilfe\u00a0- Caf\u00e9 \"Vogelweide\" im Steenkampsaal\u00a015-17h M\u00e4rz 6.-17.3.\u00a0Fr\u00fchjahrs-\/Ski-Schulferien 25.3.\u00a0Hamburg r\u00e4umt auf Treffpunkt 15h vorm Saal 26.3.\u00a0Fl\u00fcchtlingshilfe\u00a0- Caf\u00e9 \"Vogelweide\" im Steenkampsaal\u00a015-17h April 8.4. \u00a0Steenkampsalon\u00a0ab 20.30h 22.4.\u00a0Fl\u00fcchtlingshilfe\u00a0- Caf\u00e9 \"Vogelweide\"\u2026","rel":"","context":"\u00c4hnlicher Beitrag","block_context":{"text":"\u00c4hnlicher Beitrag","link":""},"img":{"alt_text":"","src":"","width":0,"height":0},"classes":[]},{"id":7257,"url":"https:\/\/www.steenkamper.de\/index.php\/termine-2018\/","url_meta":{"origin":485,"position":2},"title":"Termine 2018","author":"Max","date":"11\/11\/2018","format":false,"excerpt":"(Link zu: \"das war 2017\") 2018 \u00a0 Januar 10.1. Ausschusstreffen Fl\u00fcchtlingsausschuss\u00a019.30h 27.1.\u00a0Fl\u00fcchtlingsausschuss\u00a0- Caf\u00e9 \"Vogelweide\" im Steenkampsaal\u00a015-17h diesmal Samstag und \"Tanz-Caf\u00e9\"!\u00a0\u26a0\u00a0SAMSTAG!!! 28.1. Kinderfasching 15h Februar 3.2. Kultursalon 20h 13.2. Puppen Theater\u00a016h 17.2. Zukunftswerkstatt 2018\u00a016-19h 25.2.\u00a0Fl\u00fcchtlingsausschuss\u00a0- Caf\u00e9 \"Vogelweide\" im Steenkampsaal\u00a015-17h M\u00e4rz 3.-18.3. Schulferien\/Osterferien 21.3. Mitgliederversammlung\u00a019h 24.3. Hamburg r\u00e4umt auf 15h 25.3.\u00a0Fl\u00fcchtlingsausschuss\u00a0- Caf\u00e9\u2026","rel":"","context":"\u00c4hnlicher Beitrag","block_context":{"text":"\u00c4hnlicher Beitrag","link":""},"img":{"alt_text":"","src":"","width":0,"height":0},"classes":[]},{"id":9134,"url":"https:\/\/www.steenkamper.de\/index.php\/termine-2019\/","url_meta":{"origin":485,"position":3},"title":"Termine 2019","author":"Max","date":"11\/11\/2019","format":false,"excerpt":"(Link zu: \"das war 2018\") 2019 Januar20.12.2018 - 4.1.2019 Schulferien8.4. \u00f6ffentliche Vorstandssitzung im Saal 20h16.1. Ausschusstreffen Fl\u00fcchtlingsausschuss\u00a019.30h26.1. H\u00e4ppchen-Salon 20h27.1.\u00a0Caf\u00e9 \"Vogelweide\" im Steenkampsaal\u00a015-17h Februar10.2. Kinderfasching 15h12.2. Puppentheater 16h16.2. AUSR\u00c4UM-AKTION im Saal 11h18.2. \u2013 20.3. wg. Renovierung: Saal GESPERRT!!!\u26a0\ufe0f 24.2. Caf\u00e9 \"Vogelweide\" im Steenkampsaal\u00a015-17hdiesmal in der \"Freien evangelischen Gemeinde\" Kielkamp 49 M\u00e4rz2.-17.3.\u2026","rel":"","context":"\u00c4hnlicher Beitrag","block_context":{"text":"\u00c4hnlicher Beitrag","link":""},"img":{"alt_text":"","src":"","width":0,"height":0},"classes":[]},{"id":24,"url":"https:\/\/www.steenkamper.de\/index.php\/termine\/","url_meta":{"origin":485,"position":4},"title":"Termine","author":"admin","date":"14\/12\/2015","format":false,"excerpt":"\u00a0Kalender URL\u00a0 \u00a0 \u00a0 \u00a0Kalender abonnieren (Link zu: \"das war 2025\") 202623.1. Bingo! 19h21.2. Quizabend 19h22.2. Hamburg r\u00e4umt auf! 14h27.2. Bingo! 19h13.3. Kultursalon\u00a0 F\u00c4LLT AUS!27.3. Bingo! 19h11.4. Mitgliederversammlung 16h17.4. Kultursalon 19.30h24.4. Bingo! 19h30.4. Tanz in den Mai27.5. AG SteenkampEnergie12.6. Kultursalon 19.30h27.6. Quizabend 19h5. & 6.9. Sommerfest28.8. Kultursalon 19.30h1.10. Stolperstein Veranstaltung7.11.\u2026","rel":"","context":"\u00c4hnlicher Beitrag","block_context":{"text":"\u00c4hnlicher Beitrag","link":""},"img":{"alt_text":"","src":"","width":0,"height":0},"classes":[]},{"id":116,"url":"https:\/\/www.steenkamper.de\/index.php\/steenkamp-singers\/","url_meta":{"origin":485,"position":5},"title":"Steenkamp &#8211; Singers","author":"admin","date":"15\/12\/2015","format":false,"excerpt":"Jeden Dienstag ab 19:30 Uhr im Steenkampsaal Leitung und Info: Kristiana G\u00e4rtner, Tel. 899 21 88 Seit 2002 treffen wir uns zumeist regelm\u00e4\u00dfig jeden Dienstag im Steenkampsaal, um zusammen zu singen. Dabei liegt unser Schwerpunkt im Bereich Gospel. Gelegentlich singen wir auch mal etwas anderes - aber eher selten. Wir\u2026","rel":"","context":"\u00c4hnlicher Beitrag","block_context":{"text":"\u00c4hnlicher Beitrag","link":""},"img":{"alt_text":"","src":"","width":0,"height":0},"classes":[]}],"ticketed":false,"_links":{"self":[{"href":"https:\/\/www.steenkamper.de\/index.php\/wp-json\/wp\/v2\/pages\/485","targetHints":{"allow":["GET"]}}],"collection":[{"href":"https:\/\/www.steenkamper.de\/index.php\/wp-json\/wp\/v2\/pages"}],"about":[{"href":"https:\/\/www.steenkamper.de\/index.php\/wp-json\/wp\/v2\/types\/page"}],"author":[{"embeddable":true,"href":"https:\/\/www.steenkamper.de\/index.php\/wp-json\/wp\/v2\/users\/1"}],"replies":[{"embeddable":true,"href":"https:\/\/www.steenkamper.de\/index.php\/wp-json\/wp\/v2\/comments?post=485"}],"version-history":[{"count":82,"href":"https:\/\/www.steenkamper.de\/index.php\/wp-json\/wp\/v2\/pages\/485\/revisions"}],"predecessor-version":[{"id":30624,"href":"https:\/\/www.steenkamper.de\/index.php\/wp-json\/wp\/v2\/pages\/485\/revisions\/30624"}],"wp:attachment":[{"href":"https:\/\/www.steenkamper.de\/index.php\/wp-json\/wp\/v2\/media?parent=485"}],"curies":[{"name":"wp","href":"https:\/\/api.w.org\/{rel}","templated":true}]}}