{"id":382,"date":"2015-12-14T12:14:41","date_gmt":"2015-12-14T10:14:41","guid":{"rendered":"https:\/\/steenkamper.wordpress.com\/siedlung\/"},"modified":"2021-04-06T12:35:04","modified_gmt":"2021-04-06T10:35:04","slug":"siedlung-3","status":"publish","type":"page","link":"https:\/\/www.steenkamper.de\/index.php\/siedlung-3\/","title":{"rendered":"Die Steenkampsiedlung"},"content":{"rendered":"<p>Die Steenkampsiedlung mit 760 Mietwohnungen und \u2013h\u00e4user wurde in den 1920er Jahren f\u00fcr Kriegsr\u00fcckkehrer errichtet und von dem st\u00e4dtischen Wohnungsunternehmen SAGA verwaltet. Eine Erzeugergenossenschaft, zahlreiche L\u00e4den, \u00c4rzte und die G\u00e4rten sollten eine eigenst\u00e4ndige Versorgung der hier wohnenden Bev\u00f6lkerung erm\u00f6glichen.<\/p>\n<p>Eine optimierte Planungsweise hielt die Baukosten niedrig, so verbaute man z. B. T\u00fcren und Fenster in einheitlichen Ma\u00dfen und vermied ein langweiliges Erscheinungsbild durch die Anordnung verschiedener Haustypen. Die Siedlung unterliegt heute einer Gestaltungssatzung, die den Rahmen baulicher T\u00e4tigkeiten genau eingrenzt, um ihr urspr\u00fcngliches Erscheinungsbild zu erhalten.<\/p>\n<p>Das nachbarschaftliche Miteinander wird seit dem Bau der Siedlung erfolgreich durch die Heimst\u00e4ttervereinigung Steenkamp e.V. gef\u00f6rdert, die daf\u00fcr als kulturellen Mittelpunkt den zentral gelegenen Steenkampsaal nutzt. Mittlerweile steht auch Nichtbewohnern der Siedlung die M\u00f6glichkeit offen, z.B. f\u00f6rderndes Mitglied bei uns zu werden.<\/p>\n<p><strong>Wo liegt die Steenkampsiedlung?<br><\/strong>In Hamburgs Westen s\u00fcdlich der Bahrenfelder Trabrennbahn, zwischen der Luruper Chaussee, dem Osdorfer Weg und der Notkestrasse.<\/p>\n<p>Steenkamper Nachbarschaftsplan:<\/p>\n\n\n<figure class=\"wp-block-image size-large is-style-default\"><a href=\"https:\/\/i0.wp.com\/www.steenkamper.de\/wp-content\/uploads\/2021\/02\/Nachbarschaftsplan2021-2-scaled.jpg?ssl=1\" target=\"_blank\" rel=\"noopener\"><img data-recalc-dims=\"1\" fetchpriority=\"high\" decoding=\"async\" width=\"750\" height=\"530\" data-attachment-id=\"14621\" data-permalink=\"https:\/\/www.steenkamper.de\/index.php\/steenkamper-medien\/nachbarschaftsplan2021-2\/\" data-orig-file=\"https:\/\/i0.wp.com\/www.steenkamper.de\/wp-content\/uploads\/2021\/02\/Nachbarschaftsplan2021-2-scaled.jpg?fit=2560%2C1810&amp;ssl=1\" data-orig-size=\"2560,1810\" data-comments-opened=\"1\" data-image-meta=\"{&quot;aperture&quot;:&quot;0&quot;,&quot;credit&quot;:&quot;&quot;,&quot;camera&quot;:&quot;&quot;,&quot;caption&quot;:&quot;&quot;,&quot;created_timestamp&quot;:&quot;0&quot;,&quot;copyright&quot;:&quot;&quot;,&quot;focal_length&quot;:&quot;0&quot;,&quot;iso&quot;:&quot;0&quot;,&quot;shutter_speed&quot;:&quot;0&quot;,&quot;title&quot;:&quot;&quot;,&quot;orientation&quot;:&quot;1&quot;}\" data-image-title=\"Nachbarschaftsplan2021-2\" data-image-description=\"\" data-image-caption=\"&lt;p&gt;Copyright \u00a9 2021 HEIMST\u00c4TTERVEREINIGUNG STEENKAMP E.V.&lt;\/p&gt;\n\" data-large-file=\"https:\/\/i0.wp.com\/www.steenkamper.de\/wp-content\/uploads\/2021\/02\/Nachbarschaftsplan2021-2-scaled.jpg?fit=750%2C530&amp;ssl=1\" src=\"https:\/\/i0.wp.com\/www.steenkamper.de\/wp-content\/uploads\/2021\/02\/Nachbarschaftsplan2021-2.jpg?resize=750%2C530&#038;ssl=1\" alt=\"\" class=\"wp-image-14621\" srcset=\"https:\/\/i0.wp.com\/www.steenkamper.de\/wp-content\/uploads\/2021\/02\/Nachbarschaftsplan2021-2-scaled.jpg?resize=1024%2C724&amp;ssl=1 1024w, https:\/\/i0.wp.com\/www.steenkamper.de\/wp-content\/uploads\/2021\/02\/Nachbarschaftsplan2021-2-scaled.jpg?resize=300%2C212&amp;ssl=1 300w, https:\/\/i0.wp.com\/www.steenkamper.de\/wp-content\/uploads\/2021\/02\/Nachbarschaftsplan2021-2-scaled.jpg?resize=768%2C543&amp;ssl=1 768w, https:\/\/i0.wp.com\/www.steenkamper.de\/wp-content\/uploads\/2021\/02\/Nachbarschaftsplan2021-2-scaled.jpg?resize=1536%2C1086&amp;ssl=1 1536w, https:\/\/i0.wp.com\/www.steenkamper.de\/wp-content\/uploads\/2021\/02\/Nachbarschaftsplan2021-2-scaled.jpg?resize=2048%2C1448&amp;ssl=1 2048w, https:\/\/i0.wp.com\/www.steenkamper.de\/wp-content\/uploads\/2021\/02\/Nachbarschaftsplan2021-2-scaled.jpg?resize=450%2C318&amp;ssl=1 450w, https:\/\/i0.wp.com\/www.steenkamper.de\/wp-content\/uploads\/2021\/02\/Nachbarschaftsplan2021-2-scaled.jpg?resize=1000%2C707&amp;ssl=1 1000w, https:\/\/i0.wp.com\/www.steenkamper.de\/wp-content\/uploads\/2021\/02\/Nachbarschaftsplan2021-2-scaled.jpg?w=2250&amp;ssl=1 2250w\" sizes=\"(max-width: 750px) 100vw, 750px\" \/><\/a><figcaption>Copyright \u00a9 2021 HEIMST\u00c4TTERVEREINIGUNG STEENKAMP E.V.<\/figcaption><\/figure>\n","protected":false},"excerpt":{"rendered":"<p>Die Steenkampsiedlung mit 760 Mietwohnungen und \u2013h\u00e4user wurde in den 1920er Jahren f\u00fcr Kriegsr\u00fcckkehrer errichtet und von dem st\u00e4dtischen Wohnungsunternehmen SAGA verwaltet. Eine Erzeugergenossenschaft, zahlreiche L\u00e4den, \u00c4rzte und die G\u00e4rten&#8230; <\/p>\n<p><a class=\"teaser-more\" href=\"https:\/\/www.steenkamper.de\/index.php\/siedlung-3\/\">weiter lesen<\/a><\/p>\n","protected":false},"author":6,"featured_media":0,"parent":0,"menu_order":0,"comment_status":"closed","ping_status":"closed","template":"","meta":{"_acf_changed":false,"_price":"","_stock":"","_tribe_ticket_header":"","_tribe_default_ticket_provider":"","_tribe_ticket_capacity":"0","_ticket_start_date":"","_ticket_end_date":"","_tribe_ticket_show_description":"","_tribe_ticket_show_not_going":false,"_tribe_ticket_use_global_stock":"","_tribe_ticket_global_stock_level":"","_global_stock_mode":"","_global_stock_cap":"","_tribe_rsvp_for_event":"","_tribe_ticket_going_count":"","_tribe_ticket_not_going_count":"","_tribe_tickets_list":"[]","_tribe_ticket_has_attendee_info_fields":false,"jetpack_post_was_ever_published":false,"footnotes":"","_tec_slr_enabled":"","_tec_slr_layout":""},"class_list":["post-382","page","type-page","status-publish","hentry"],"acf":[],"jetpack_sharing_enabled":false,"jetpack_shortlink":"https:\/\/wp.me\/P74Wuo-6a","jetpack_likes_enabled":true,"jetpack-related-posts":[{"id":19,"url":"https:\/\/www.steenkamper.de\/index.php\/siedlung\/","url_meta":{"origin":382,"position":0},"title":"Siedlung","author":"admin","date":"14\/12\/2015","format":false,"excerpt":"Die Steenkampsiedlung wurde zwischen 1920 und 1924 als Heimst\u00e4tte f\u00fcr Kriegsr\u00fcckkehrer errichtet. Eine Erzeugergenossenschaft, zahlreiche L\u00e4den (22), \u00c4rzte und die G\u00e4rten sollten eine eigenst\u00e4ndige Versorgung der hier wohnenden Bev\u00f6lkerung erm\u00f6glichen. Eine optimierte Planungsweise hielt die Baukosten niedrig, so verbaute man z.B. viel Schlacke aus der benachbarten M\u00fcllverbrennungsanlage, T\u00fcren und Fenster\u2026","rel":"","context":"\u00c4hnlicher Beitrag","block_context":{"text":"\u00c4hnlicher Beitrag","link":""},"img":{"alt_text":"","src":"","width":0,"height":0},"classes":[]},{"id":264,"url":"https:\/\/www.steenkamper.de\/index.php\/baulicher-erhaelt-der-siedlung\/","url_meta":{"origin":382,"position":1},"title":"Baulicher Erhalt der Siedlung","author":"Max","date":"15\/12\/2015","format":false,"excerpt":"Das charmante, zusammenh\u00e4ngende Erscheinungsbild unserer Siedlung ist neben der zentralen Lage ein gro\u00dfes Qualit\u00e4tsmerkmal unserer Siedlung. Allerdings ist bereits sehr viel von dem einheitlichen Charakter der Siedlung verloren gegangen, da \u00fcber viele Jahre die Instandhaltungs- und Umbauma\u00dfnahmen ohne Vorgaben durchgef\u00fchrt wurden. Um diesen Prozess umzukehren, wurde im Jahr 2001 eine\u2026","rel":"","context":"\u00c4hnlicher Beitrag","block_context":{"text":"\u00c4hnlicher Beitrag","link":""},"img":{"alt_text":"Claus Thiel","src":"https:\/\/i0.wp.com\/wp.steenkamper.de\/wp-content\/uploads\/2015\/12\/2003-04-01-im-hag-schuppenrenov-02-300x225.jpg?resize=350%2C200","width":350,"height":200},"classes":[]},{"id":29404,"url":"https:\/\/www.steenkamper.de\/index.php\/die-steenkampsiedlung-unter-schutz\/","url_meta":{"origin":382,"position":2},"title":"Die Steenkampsiedlung unter Schutz","author":"Max","date":"24\/05\/2025","format":false,"excerpt":"Gemeinsam erhalten, was uns verbindet Ein Ort mit Charakter \u2013 und einer starken Gemeinschaft Die Steenkampsiedlung ist mehr als nur ein Wohnviertel im Hamburger Westen. Sie ist ein St\u00fcck Stadtgeschichte, ein Ort gelebter Nachbarschaft und ein architektonisches Kleinod mitten in Bahrenfeld. Damit dieser besondere Charakter auch f\u00fcr kommende Generationen erhalten\u2026","rel":"","context":"\u00c4hnlicher Beitrag","block_context":{"text":"\u00c4hnlicher Beitrag","link":""},"img":{"alt_text":"","src":"https:\/\/i0.wp.com\/www.steenkamper.de\/wp-content\/uploads\/2019\/04\/StmJahns4.jpg?fit=1200%2C764&ssl=1&resize=350%2C200","width":350,"height":200,"srcset":"https:\/\/i0.wp.com\/www.steenkamper.de\/wp-content\/uploads\/2019\/04\/StmJahns4.jpg?fit=1200%2C764&ssl=1&resize=350%2C200 1x, https:\/\/i0.wp.com\/www.steenkamper.de\/wp-content\/uploads\/2019\/04\/StmJahns4.jpg?fit=1200%2C764&ssl=1&resize=525%2C300 1.5x, https:\/\/i0.wp.com\/www.steenkamper.de\/wp-content\/uploads\/2019\/04\/StmJahns4.jpg?fit=1200%2C764&ssl=1&resize=700%2C400 2x, https:\/\/i0.wp.com\/www.steenkamper.de\/wp-content\/uploads\/2019\/04\/StmJahns4.jpg?fit=1200%2C764&ssl=1&resize=1050%2C600 3x"},"classes":[]},{"id":1108,"url":"https:\/\/www.steenkamper.de\/index.php\/85-jahre-steenkampsiedlung-2005\/","url_meta":{"origin":382,"position":3},"title":"85 Jahre Steenkampsiedlung 2005","author":"Max","date":"06\/01\/2016","format":false,"excerpt":"Aus dem Steenkamp Ausgabe 1\/2005 Text: Matthias Raabe Fotos: stellt Frau Balj\u00f6hr zur Verf\u00fcgung 85 Jahre Steenkampsiedlung Was k\u00f6nnen uns 85 Jahre Steenkampsiedlung bedeuten? Ein Grund zum Feiern? Einige Gedanken dazu ... Der erste Weltkrieg war vorbei, und den Heimkehrern sollte eine Heimat angeboten werden, in der sie zusammen mit\u2026","rel":"","context":"\u00c4hnlicher Beitrag","block_context":{"text":"\u00c4hnlicher Beitrag","link":""},"img":{"alt_text":"85_2","src":"https:\/\/i0.wp.com\/wp.steenkamper.de\/wp-content\/uploads\/2016\/01\/85_2-300x193.jpg?resize=350%2C200","width":350,"height":200},"classes":[]},{"id":14074,"url":"https:\/\/www.steenkamper.de\/index.php\/festschrift-100-jahre-steenkampsiedlung\/","url_meta":{"origin":382,"position":4},"title":"Festschrift 100 Jahre Steenkampsiedlung","author":"Max","date":"07\/01\/2021","format":false,"excerpt":"Eine einzigartige Festschrift zum 100. Geburtstag der Steenkampsiedlung. Sebastian Buchholz hat f\u00fcr die Heimst\u00e4ttervereinigung Steenkamp Historisches, Erlebtes und Zeitdokumente aus dem umfangreichen Archiv der Heimst\u00e4ttervereinigung und vielen neuen Quellen zusammengetragen. Es ist ein bunter Blumenstrau\u00df mit Blick auf die sozialen, kulturellen und geschichtlichen Geschehnisse und die Ver\u00e4nderungen in der Steenkampsiedlung\u2026","rel":"","context":"\u00c4hnlicher Beitrag","block_context":{"text":"\u00c4hnlicher Beitrag","link":""},"img":{"alt_text":"","src":"https:\/\/i0.wp.com\/www.steenkamper.de\/wp-content\/uploads\/2021\/11\/100JahreBanner-KL.jpg?fit=800%2C320&ssl=1&resize=350%2C200","width":350,"height":200,"srcset":"https:\/\/i0.wp.com\/www.steenkamper.de\/wp-content\/uploads\/2021\/11\/100JahreBanner-KL.jpg?fit=800%2C320&ssl=1&resize=350%2C200 1x, https:\/\/i0.wp.com\/www.steenkamper.de\/wp-content\/uploads\/2021\/11\/100JahreBanner-KL.jpg?fit=800%2C320&ssl=1&resize=525%2C300 1.5x, https:\/\/i0.wp.com\/www.steenkamper.de\/wp-content\/uploads\/2021\/11\/100JahreBanner-KL.jpg?fit=800%2C320&ssl=1&resize=700%2C400 2x"},"classes":[]},{"id":250,"url":"https:\/\/www.steenkamper.de\/index.php\/siedlung1\/","url_meta":{"origin":382,"position":5},"title":"Siedlung","author":"Max","date":"15\/12\/2015","format":false,"excerpt":"Steenkampsiedlung in Hamburg-Bahrenfeld Die Steenkampsiedlung Geschichte Siedlungsgeschichten Baulicher Erhalt der Siedlung Stra\u00dfennamen Pressespiegel Bilder \u00a0","rel":"","context":"\u00c4hnlicher Beitrag","block_context":{"text":"\u00c4hnlicher Beitrag","link":""},"img":{"alt_text":"","src":"","width":0,"height":0},"classes":[]}],"ticketed":false,"_links":{"self":[{"href":"https:\/\/www.steenkamper.de\/index.php\/wp-json\/wp\/v2\/pages\/382","targetHints":{"allow":["GET"]}}],"collection":[{"href":"https:\/\/www.steenkamper.de\/index.php\/wp-json\/wp\/v2\/pages"}],"about":[{"href":"https:\/\/www.steenkamper.de\/index.php\/wp-json\/wp\/v2\/types\/page"}],"author":[{"embeddable":true,"href":"https:\/\/www.steenkamper.de\/index.php\/wp-json\/wp\/v2\/users\/6"}],"replies":[{"embeddable":true,"href":"https:\/\/www.steenkamper.de\/index.php\/wp-json\/wp\/v2\/comments?post=382"}],"version-history":[{"count":10,"href":"https:\/\/www.steenkamper.de\/index.php\/wp-json\/wp\/v2\/pages\/382\/revisions"}],"predecessor-version":[{"id":15522,"href":"https:\/\/www.steenkamper.de\/index.php\/wp-json\/wp\/v2\/pages\/382\/revisions\/15522"}],"wp:attachment":[{"href":"https:\/\/www.steenkamper.de\/index.php\/wp-json\/wp\/v2\/media?parent=382"}],"curies":[{"name":"wp","href":"https:\/\/api.w.org\/{rel}","templated":true}]}}