{"id":35637,"date":"2026-05-04T07:31:04","date_gmt":"2026-05-04T05:31:04","guid":{"rendered":"https:\/\/www.steenkamper.de\/?page_id=35637"},"modified":"2026-05-04T07:32:21","modified_gmt":"2026-05-04T05:32:21","slug":"wir-waren-im-abendblatt","status":"publish","type":"page","link":"https:\/\/www.steenkamper.de\/index.php\/wir-waren-im-abendblatt\/","title":{"rendered":"Wir waren im Abendblatt!"},"content":{"rendered":"\n<p>Hier ein Artikel des Hamburger Abendblatts, in dem die SteenkampEnergie Initiative prominent erw\u00e4hnt wurde:<\/p>\n\n\n\n<p><em><a href=\"https:\/\/www.abendblatt.de\/hamburg\/altona\/article411700856\/heizung-hamburg-fegebank-auf-waermetour-in-den-elbvororten-woran-es-in-der-praxis-scheitert.html\" target=\"_blank\" rel=\"noreferrer noopener\">Hamburger Abendblatt, 13.04.2026<\/a><\/em><\/p>\n\n\n\n<p><strong>Fegebank auf W\u00e4rmetour in den Elbvororten \u2013 woran es in der Praxis scheitert<\/strong><br><em>von Katy Krause<\/em><\/p>\n\n\n\n<p><strong>Gut besuchte und besetzte Info-Veranstaltung befasst sich mit W\u00e4rmeversorgung der Zukunft. Warum ein Flottbeker Projekt begeisterte.<\/strong><\/p>\n\n\n\n<p>Wie sehr das Thema Heizung und W\u00e4rmeversorgung den Hamburgern unter den N\u00e4geln brennt, lie\u00df sich an diesem Abend in den Elbvororten gut ablesen. Wer h\u00e4tte gedacht, dass eine Info-Veranstaltung vom B\u00fcrgerverein Flottbek Othmarschen mit dem Titel \u201eDer W\u00e4rmeplan : Eine Herausforderung f\u00fcr die B\u00fcrger?\u201c so viele Besucher anlockt? Doch die rund 100 Pl\u00e4tze im VHS-Raum an der Waitzstra\u00dfe waren fast alle belegt.<\/p>\n\n\n\n<p>Wom\u00f6glich spielte auch das gut besetzte Podium eine Rolle. Ulf Schelenz vertrat den Grundeigent\u00fcmerverband, Sarah Gierke den Mieterverein zu Hamburg, Andreas Albrecht war als Vertreter der Innung Sanit\u00e4r Heizung anwesend und Ian Bornemann \u00fcbernahm die Sicht des Verbraucherschutzes in Hamburg . Im Mittelpunkt des Abends stand aber Katharina Fegebank (Gr\u00fcne). Die Zweite B\u00fcrgermeisterin und Umweltsenatorin kam mit Botschaften im Gep\u00e4ck und ging mit einigen Hausaufgaben aus dem Abend.<\/p>\n\n\n\n<p>Heizen in Hamburg: Woran es in der Praxis scheitert \u2013 Fegebank auf W\u00e4rmetour<\/p>\n\n\n\n<p>Denn aus zahlreichen Wortmeldungen der Zuh\u00f6rer wurde deutlich: Es l\u00e4uft an vielen Stellen nicht mit der Energiewende. Die Anforderungen von Denkmalschutz und Milieuschutz passen nicht zu Solarkollektoren, Luftw\u00e4rmepumpen oder noch viel schwerer zu einer D\u00e4mmung des Hauses. Das Stromnetz ist dem steigenden Bedarf nicht gewachsen. In der Praxis fehlt es an Wissen \u00fcber gemeinschaftliche L\u00f6sungen zusammen mit Nachbarn. <strong>Und die vorhandenen F\u00f6rderungen sind auf Individualanlagen ausgerichtet, nicht auf gr\u00f6\u00dfere Quartiersl\u00f6sungen oder Engagement mit Vorbildcharakter. Und eben dieses beides gibt es. Zum Beispiel in der Steenkampsiedlung.<\/strong><\/p>\n\n\n\n<p><strong>Dort hat sich eine Gruppe zusammengefunden, die Gro\u00dfes plant. Die Anwohner der Steenkampsiedlung m\u00f6chten ein \u201enachhaltiges und wirtschaftlich tragf\u00e4higes Konzept f\u00fcr ihre Siedlung, das nicht nur \u00f6kologisch sinnvoll, sondern auch sozial gerecht und solidarisch gestaltet ist. Kurz: eine L\u00f6sung, die f\u00fcr alle funktioniert \u2013 unabh\u00e4ngig von individuellen M\u00f6glichkeiten und Eigentumsverh\u00e4ltnissen.\u201c Das schreiben die Mitglieder selbst, die bereits nach eigenen Angaben am besagten Abend einen Verein gegr\u00fcndet haben und 250 Interessierte vertreten.<\/strong><\/p>\n\n\n\n<p><strong>Seitdem klar sei, dass die Siedlung weder ans st\u00e4dtische Fernw\u00e4rmenetz noch an die W\u00e4rmeversorgung der Science City angeschlossen werde, suche eine Arbeitsgruppe nach Alternativen. Ihr Fazit: ein dezentrales Erdw\u00e4rmenetz, organisiert durch eine Genossenschaft und gef\u00f6rdert von der Stadt. Das sei die beste L\u00f6sung, die zu ihrer gesch\u00fctzten Siedlung passe. \u201eDas Ziel von SteenkampEnergie ist es, eine gemeinsame L\u00f6sung f\u00fcr unsere zuk\u00fcnftige W\u00e4rmeversorgung zu finden. Dazu wollen wir ein Pilotprojekt f\u00fcr die W\u00e4rmewende in Hamburg werden.\u201c<\/strong><\/p>\n\n\n\n<p><strong>Das Problem, das die Gruppe hat und der Zweiten B\u00fcrgermeisterin vortrug: Sie fallen mit ihrer ungew\u00f6hnlichen Idee durch F\u00f6rderraster und m\u00fcssten f\u00fcr n\u00f6tige Bohrungen und den Aufbau der Anlage in enorme finanzielle Vorleistungen gehen. \u201eDas ist wahnsinnig spannend\u201c, sagte Katharina Fegebank, die sofort Gespr\u00e4che anbot und um Kontaktdaten bat. Ein Angebot, das sie an diesem Abend \u00f6fter unterbreitete. Mehrfach bot sie Hilfe an, wo Projekte stocken, oder wollte weitere Informationen \u00fcber b\u00fcrokratische H\u00fcrden und F\u00f6rderw\u00fcnsche.<\/strong><\/p>\n\n\n\n<p>W\u00e4rmeplan Hamburg: B\u00fcrger k\u00f6nnen Hinweise und Ideen bis zum 14. April einreichen<\/p>\n\n\n\n<p>W\u00e4hrend sie mit vielen \u201eHausaufgaben\u201c nach Hause ging, bekamen die Zuh\u00f6rer dieses Abends zahlreiche Informationen mit auf ihren Heimweg. Wichtig war Fegebank, den neuen W\u00e4rmeplan f\u00fcr Hamburg zu erl\u00e4utern. Zum vor etwa einem Monat ver\u00f6ffentlichten Entwurf gibt es eine B\u00fcrgerbeteiligung, die noch bis zum 14. April l\u00e4uft . Ende Juni soll der Plan stehen. Zuvor k\u00f6nnen Hamburger noch Hinweise geben oder mitteilen, falls sie weitere Potenziale f\u00fcr die Nutzung erneuerbarer Energien kennen oder nachbarschaftliche W\u00e4rmel\u00f6sungen planen.<\/p>\n\n\n\n<p>Die Idee: Mithilfe interaktiver Karten im W\u00e4rmeportal Hamburg l\u00e4sst sich adressgenau ablesen, welche Art der W\u00e4rmeversorgung vor Ort empfohlen wird. Ist ein Ausbau des W\u00e4rmenetzes an dieser Stelle vorgesehen? Und wenn ja, wann und durch wen? Oder muss ich mich um dezentrale L\u00f6sungen wie W\u00e4rmepumpen k\u00fcmmern? Was an diesem Abend deutlich wurde: Die Stadtteile Othmarschen und Gro\u00df Flottbek sind insoweit besonders, als hier aufgrund der vorwiegenden Einzelh\u00e4user fast ausschlie\u00dflich dezentrale L\u00f6sungen, sprich W\u00e4rmepumpen, vorgeschlagen werden \u2013 und das, obwohl durch gerade diese Stadtteile immer noch eine neue W\u00e4rmeleitung gebaut wird, die aufgrund der deutlich langwierigeren Baustellen die Nerven vieler Betroffener stark belastet .<\/p>\n\n\n\n<p>Die Frage, wie hoch denn die Baukosten f\u00fcr dieses Projekt aktuell sind, nahm Fegebank \u00fcbrigens auch mit. Vor dem Start war einst von 200 Millionen Euro die Rede. Zum heutigen Stand erkl\u00e4rte Fegebank, dass sie die genaue Summe gerade nicht pr\u00e4sent habe. Sie versprach, nachzuliefern.<\/p>\n\n\n\n<p><\/p>\n","protected":false},"excerpt":{"rendered":"<p>Hier ein Artikel des Hamburger Abendblatts, in dem die SteenkampEnergie Initiative prominent erw\u00e4hnt wurde: Hamburger Abendblatt, 13.04.2026 Fegebank auf W\u00e4rmetour in den Elbvororten \u2013 woran es in der Praxis scheitertvon [&hellip;]<\/p>\n","protected":false},"author":6,"featured_media":0,"parent":0,"menu_order":0,"comment_status":"closed","ping_status":"closed","template":"","meta":{"_acf_changed":false,"site-sidebar-layout":"default","site-content-layout":"","ast-site-content-layout":"default","site-content-style":"default","site-sidebar-style":"default","ast-global-header-display":"","ast-banner-title-visibility":"","ast-main-header-display":"","ast-hfb-above-header-display":"","ast-hfb-below-header-display":"","ast-hfb-mobile-header-display":"","site-post-title":"","ast-breadcrumbs-content":"","ast-featured-img":"","footer-sml-layout":"","ast-disable-related-posts":"","theme-transparent-header-meta":"","adv-header-id-meta":"","stick-header-meta":"","header-above-stick-meta":"","header-main-stick-meta":"","header-below-stick-meta":"","astra-migrate-meta-layouts":"default","ast-page-background-enabled":"default","ast-page-background-meta":{"desktop":{"background-color":"var(--ast-global-color-5)","background-image":"","background-repeat":"repeat","background-position":"center center","background-size":"auto","background-attachment":"scroll","background-type":"","background-media":"","overlay-type":"","overlay-color":"","overlay-opacity":"","overlay-gradient":""},"tablet":{"background-color":"","background-image":"","background-repeat":"repeat","background-position":"center center","background-size":"auto","background-attachment":"scroll","background-type":"","background-media":"","overlay-type":"","overlay-color":"","overlay-opacity":"","overlay-gradient":""},"mobile":{"background-color":"","background-image":"","background-repeat":"repeat","background-position":"center center","background-size":"auto","background-attachment":"scroll","background-type":"","background-media":"","overlay-type":"","overlay-color":"","overlay-opacity":"","overlay-gradient":""}},"ast-content-background-meta":{"desktop":{"background-color":"var(--ast-global-color-4)","background-image":"","background-repeat":"repeat","background-position":"center center","background-size":"auto","background-attachment":"scroll","background-type":"","background-media":"","overlay-type":"","overlay-color":"","overlay-opacity":"","overlay-gradient":""},"tablet":{"background-color":"var(--ast-global-color-4)","background-image":"","background-repeat":"repeat","background-position":"center center","background-size":"auto","background-attachment":"scroll","background-type":"","background-media":"","overlay-type":"","overlay-color":"","overlay-opacity":"","overlay-gradient":""},"mobile":{"background-color":"var(--ast-global-color-4)","background-image":"","background-repeat":"repeat","background-position":"center center","background-size":"auto","background-attachment":"scroll","background-type":"","background-media":"","overlay-type":"","overlay-color":"","overlay-opacity":"","overlay-gradient":""}},"_price":"","_stock":"","_tribe_ticket_header":"","_tribe_default_ticket_provider":"","_tribe_ticket_capacity":"0","_ticket_start_date":"","_ticket_end_date":"","_tribe_ticket_show_description":"","_tribe_ticket_show_not_going":false,"_tribe_ticket_use_global_stock":"","_tribe_ticket_global_stock_level":"","_global_stock_mode":"","_global_stock_cap":"","_tribe_rsvp_for_event":"","_tribe_ticket_going_count":"","_tribe_ticket_not_going_count":"","_tribe_tickets_list":"[]","_tribe_ticket_has_attendee_info_fields":false,"jetpack_post_was_ever_published":false,"footnotes":"","_tec_slr_enabled":"","_tec_slr_layout":""},"class_list":["post-35637","page","type-page","status-publish","hentry"],"acf":[],"jetpack_sharing_enabled":true,"jetpack_shortlink":"https:\/\/wp.me\/P74Wuo-9gN","jetpack_likes_enabled":true,"jetpack-related-posts":[{"id":463,"url":"https:\/\/www.steenkamper.de\/index.php\/pressespiegel\/","url_meta":{"origin":35637,"position":0},"title":"Pressespiegel","author":"admin","date":"17\/12\/2015","format":false,"excerpt":"Artikel im Hamburger Abendblatt, in dem die SteenkampEnergie Initiative prominent erw\u00e4hnt wurde:Hamburger Abendblatt, 13.04.2026 Das NDR Hamburg Journal hat am 24.8.2025 folgenden Beitrag gesendet:L\u00e4sst die SAGA H\u00e4user in der Steenkampsiedlung leerstehen?\u00a0auch das Hamburger Abendblatt hat \u00fcber die leerstehenden H\u00e4user in der Steenkampsiedlung geschrieben:\u00a0Hamburger Abendblatt vom 23.8.25 Hamburger Bauheft Nr. 40\u2026","rel":"","context":"\u00c4hnlicher Beitrag","block_context":{"text":"\u00c4hnlicher Beitrag","link":""},"img":{"alt_text":"","src":"https:\/\/i0.wp.com\/www.steenkamper.de\/wp-content\/uploads\/2022\/03\/img_2834-1.jpg?resize=350%2C200&ssl=1","width":350,"height":200,"srcset":"https:\/\/i0.wp.com\/www.steenkamper.de\/wp-content\/uploads\/2022\/03\/img_2834-1.jpg?resize=350%2C200&ssl=1 1x, https:\/\/i0.wp.com\/www.steenkamper.de\/wp-content\/uploads\/2022\/03\/img_2834-1.jpg?resize=525%2C300&ssl=1 1.5x, https:\/\/i0.wp.com\/www.steenkamper.de\/wp-content\/uploads\/2022\/03\/img_2834-1.jpg?resize=700%2C400&ssl=1 2x"},"classes":[]},{"id":29768,"url":"https:\/\/www.steenkamper.de\/index.php\/infoabend-ag-steenkampenergie\/","url_meta":{"origin":35637,"position":1},"title":"Infoabend \u201eAG SteenkampEnergie\u201c","author":"Max","date":"11\/07\/2025","format":false,"excerpt":"Infoabend zur W\u00e4rmeversorgung\u00a0am 25.6.2025 Volles Haus & starke Impulse: Infoabend zur W\u00e4rmeversorgung begeistert Nachbarschaft Der Informationsabend der AG SteenkampEnergie am Mittwoch, dem 25. Juni war ein voller Erfolg \u2013 im wahrsten Sinne des Wortes: Der Steenkamp Saal war bis auf den letzten Platz gef\u00fcllt, einige G\u00e4ste verfolgten die Veranstaltung sogar\u2026","rel":"","context":"\u00c4hnlicher Beitrag","block_context":{"text":"\u00c4hnlicher Beitrag","link":""},"img":{"alt_text":"","src":"https:\/\/i0.wp.com\/www.steenkamper.de\/wp-content\/uploads\/2025\/07\/AGEnergie-scaled.png?resize=350%2C200&ssl=1","width":350,"height":200,"srcset":"https:\/\/i0.wp.com\/www.steenkamper.de\/wp-content\/uploads\/2025\/07\/AGEnergie-scaled.png?resize=350%2C200&ssl=1 1x, https:\/\/i0.wp.com\/www.steenkamper.de\/wp-content\/uploads\/2025\/07\/AGEnergie-scaled.png?resize=525%2C300&ssl=1 1.5x, https:\/\/i0.wp.com\/www.steenkamper.de\/wp-content\/uploads\/2025\/07\/AGEnergie-scaled.png?resize=700%2C400&ssl=1 2x, https:\/\/i0.wp.com\/www.steenkamper.de\/wp-content\/uploads\/2025\/07\/AGEnergie-scaled.png?resize=1050%2C600&ssl=1 3x, https:\/\/i0.wp.com\/www.steenkamper.de\/wp-content\/uploads\/2025\/07\/AGEnergie-scaled.png?resize=1400%2C800&ssl=1 4x"},"classes":[]},{"id":29043,"url":"https:\/\/www.steenkamper.de\/index.php\/ausschuss-energie\/","url_meta":{"origin":35637,"position":2},"title":"AG SteenkampEnergie","author":"Petra Reimann","date":"13\/01\/2025","format":false,"excerpt":"Steenkamp Energie ist eine Gruppe von Bewohnerinnen und Bewohnern aus der Siedlung, die sich zusammengeschlossen haben, um eine gemeinsame L\u00f6sung f\u00fcr unsere zuk\u00fcnftige W\u00e4rmeversorgung zu entwickeln. Wir m\u00f6chten ein nachhaltiges und wirtschaftlich tragf\u00e4higes Konzept f\u00fcr unsere Siedlung entwickeln, das nicht nur \u00f6kologisch sinnvoll, sondern auch sozial gerecht und solidarisch gestaltet\u2026","rel":"","context":"\u00c4hnlicher Beitrag","block_context":{"text":"\u00c4hnlicher Beitrag","link":""},"img":{"alt_text":"","src":"https:\/\/i0.wp.com\/www.steenkamper.de\/wp-content\/uploads\/2025\/07\/Team_AG-SteenkampEnergie.png?resize=350%2C200&ssl=1","width":350,"height":200,"srcset":"https:\/\/i0.wp.com\/www.steenkamper.de\/wp-content\/uploads\/2025\/07\/Team_AG-SteenkampEnergie.png?resize=350%2C200&ssl=1 1x, https:\/\/i0.wp.com\/www.steenkamper.de\/wp-content\/uploads\/2025\/07\/Team_AG-SteenkampEnergie.png?resize=525%2C300&ssl=1 1.5x, https:\/\/i0.wp.com\/www.steenkamper.de\/wp-content\/uploads\/2025\/07\/Team_AG-SteenkampEnergie.png?resize=700%2C400&ssl=1 2x"},"classes":[]},{"id":8158,"url":"https:\/\/www.steenkamper.de\/index.php\/erika-93-jahre-sind-eine-verflixt-lange-zeit\/","url_meta":{"origin":35637,"position":3},"title":"Erika, 93 Jahre sind eine verflixt lange Zeit.","author":"Max","date":"18\/04\/2019","format":false,"excerpt":"aus dem Steenkamper1\/2019 Erika, 93 Jahre sind eine verflixt lange Zeit. von Gertrud Krapp Erikas Leben \u00fcberspannt einen Zeitbogen von 1925 bis heute. Von den Goldenen 20ern des letzten Jahrhunderts, reicht er\u00a0\u00fcber Inflation, Nationalsozialismus und den zweiten Weltkrieg, Nachkriegsjahre mit Hunger und K\u00e4lte, die Einf\u00fchrung der DM, die Zeit des\u2026","rel":"","context":"\u00c4hnlicher Beitrag","block_context":{"text":"\u00c4hnlicher Beitrag","link":""},"img":{"alt_text":"","src":"","width":0,"height":0},"classes":[]},{"id":11468,"url":"https:\/\/www.steenkamper.de\/index.php\/erich-hartmann-2\/","url_meta":{"origin":35637,"position":4},"title":"Erich Hartmann","author":"Max","date":"29\/08\/2020","format":false,"excerpt":"Erich Hartmann 1886-1974Ein K\u00fcnstler in Steenkamp (1922-1974)von Elfriede Ziegler \u00dcbersicht 1886 7.1.geboren in Elberfeld (heute Wuppertal-Elberfeld), Vater hat Kunst- und Buchhandlung1903-1908Kunststudium in D\u00fcsseldorf und M\u00fcnchen, er malt impressionistisch 1908-1909 und 1912-1913Paris-Aufenthalte. Picasso, Matisse interessieren ihn, er will sich dem Kubismus zuwenden1914-1918Soldat in Frankreich, 1918 verwundet, in Altona im Lazarett1917Heirat mit\u2026","rel":"","context":"\u00c4hnlicher Beitrag","block_context":{"text":"\u00c4hnlicher Beitrag","link":""},"img":{"alt_text":"","src":"","width":0,"height":0},"classes":[]},{"id":35491,"url":"https:\/\/www.steenkamper.de\/","url_meta":{"origin":35637,"position":5},"title":"guteNachbarschaft","author":"Max","date":"28\/04\/2026","format":false,"excerpt":"... gute Nachbarschaft Mitglied werden Heimst\u00e4tter\u00advereinigung Steenkamp e.V. Mitglieder 0 Haushalte 0 gegr\u00fcndet 2027 Newsletter Abonnent*innen\u200b 0 *Stand Mai 2026 Nachbarschaft in der Steenkampsiedlung Die Heimst\u00e4ttervereinigung Steenkamp e.V. verbindet seit \u00fcber 100 Jahren Menschen in der Steenkampsiedlung.Wir organisieren Veranstaltungen, f\u00f6rdern Nachbarschaft und Baukultur und engagieren uns aktiv f\u00fcr unsere Steenkampsiedlung.\u2026","rel":"","context":"\u00c4hnlicher Beitrag","block_context":{"text":"\u00c4hnlicher Beitrag","link":""},"img":{"alt_text":"","src":"https:\/\/i0.wp.com\/www.steenkamper.de\/wp-content\/uploads\/2019\/10\/STEEKAMPERLOGO-1.png?resize=350%2C200&ssl=1","width":350,"height":200},"classes":[]}],"ticketed":false,"_links":{"self":[{"href":"https:\/\/www.steenkamper.de\/index.php\/wp-json\/wp\/v2\/pages\/35637","targetHints":{"allow":["GET"]}}],"collection":[{"href":"https:\/\/www.steenkamper.de\/index.php\/wp-json\/wp\/v2\/pages"}],"about":[{"href":"https:\/\/www.steenkamper.de\/index.php\/wp-json\/wp\/v2\/types\/page"}],"author":[{"embeddable":true,"href":"https:\/\/www.steenkamper.de\/index.php\/wp-json\/wp\/v2\/users\/6"}],"replies":[{"embeddable":true,"href":"https:\/\/www.steenkamper.de\/index.php\/wp-json\/wp\/v2\/comments?post=35637"}],"version-history":[{"count":2,"href":"https:\/\/www.steenkamper.de\/index.php\/wp-json\/wp\/v2\/pages\/35637\/revisions"}],"predecessor-version":[{"id":35639,"href":"https:\/\/www.steenkamper.de\/index.php\/wp-json\/wp\/v2\/pages\/35637\/revisions\/35639"}],"wp:attachment":[{"href":"https:\/\/www.steenkamper.de\/index.php\/wp-json\/wp\/v2\/media?parent=35637"}],"curies":[{"name":"wp","href":"https:\/\/api.w.org\/{rel}","templated":true}]}}