{"id":35483,"date":"2026-04-28T15:32:36","date_gmt":"2026-04-28T13:32:36","guid":{"rendered":"https:\/\/www.steenkamper.de\/?page_id=35483"},"modified":"2026-04-28T15:32:36","modified_gmt":"2026-04-28T13:32:36","slug":"nachbarn","status":"publish","type":"page","link":"https:\/\/www.steenkamper.de\/index.php\/nachbarn\/","title":{"rendered":"nachbarn"},"content":{"rendered":"","protected":false},"excerpt":{"rendered":"","protected":false},"author":6,"featured_media":0,"parent":0,"menu_order":0,"comment_status":"closed","ping_status":"closed","template":"","meta":{"_acf_changed":false,"site-sidebar-layout":"default","site-content-layout":"","ast-site-content-layout":"default","site-content-style":"default","site-sidebar-style":"default","ast-global-header-display":"","ast-banner-title-visibility":"","ast-main-header-display":"","ast-hfb-above-header-display":"","ast-hfb-below-header-display":"","ast-hfb-mobile-header-display":"","site-post-title":"","ast-breadcrumbs-content":"","ast-featured-img":"","footer-sml-layout":"","ast-disable-related-posts":"","theme-transparent-header-meta":"","adv-header-id-meta":"","stick-header-meta":"","header-above-stick-meta":"","header-main-stick-meta":"","header-below-stick-meta":"","astra-migrate-meta-layouts":"default","ast-page-background-enabled":"default","ast-page-background-meta":{"desktop":{"background-color":"var(--ast-global-color-5)","background-image":"","background-repeat":"repeat","background-position":"center center","background-size":"auto","background-attachment":"scroll","background-type":"","background-media":"","overlay-type":"","overlay-color":"","overlay-opacity":"","overlay-gradient":""},"tablet":{"background-color":"","background-image":"","background-repeat":"repeat","background-position":"center center","background-size":"auto","background-attachment":"scroll","background-type":"","background-media":"","overlay-type":"","overlay-color":"","overlay-opacity":"","overlay-gradient":""},"mobile":{"background-color":"","background-image":"","background-repeat":"repeat","background-position":"center center","background-size":"auto","background-attachment":"scroll","background-type":"","background-media":"","overlay-type":"","overlay-color":"","overlay-opacity":"","overlay-gradient":""}},"ast-content-background-meta":{"desktop":{"background-color":"var(--ast-global-color-4)","background-image":"","background-repeat":"repeat","background-position":"center center","background-size":"auto","background-attachment":"scroll","background-type":"","background-media":"","overlay-type":"","overlay-color":"","overlay-opacity":"","overlay-gradient":""},"tablet":{"background-color":"var(--ast-global-color-4)","background-image":"","background-repeat":"repeat","background-position":"center center","background-size":"auto","background-attachment":"scroll","background-type":"","background-media":"","overlay-type":"","overlay-color":"","overlay-opacity":"","overlay-gradient":""},"mobile":{"background-color":"var(--ast-global-color-4)","background-image":"","background-repeat":"repeat","background-position":"center center","background-size":"auto","background-attachment":"scroll","background-type":"","background-media":"","overlay-type":"","overlay-color":"","overlay-opacity":"","overlay-gradient":""}},"_price":"","_stock":"","_tribe_ticket_header":"","_tribe_default_ticket_provider":"","_tribe_ticket_capacity":"0","_ticket_start_date":"","_ticket_end_date":"","_tribe_ticket_show_description":"","_tribe_ticket_show_not_going":false,"_tribe_ticket_use_global_stock":"","_tribe_ticket_global_stock_level":"","_global_stock_mode":"","_global_stock_cap":"","_tribe_rsvp_for_event":"","_tribe_ticket_going_count":"","_tribe_ticket_not_going_count":"","_tribe_tickets_list":"[]","_tribe_ticket_has_attendee_info_fields":false,"jetpack_post_was_ever_published":false,"footnotes":"","_tec_slr_enabled":"","_tec_slr_layout":""},"class_list":["post-35483","page","type-page","status-publish","hentry"],"acf":[],"jetpack_sharing_enabled":true,"jetpack_shortlink":"https:\/\/wp.me\/P74Wuo-9ej","jetpack_likes_enabled":true,"jetpack-related-posts":[{"id":5263,"url":"https:\/\/www.steenkamper.de\/index.php\/engagierte-nachbarn\/","url_meta":{"origin":35483,"position":0},"title":"Engagierte Nachbarn","author":"Max","date":"16\/11\/2017","format":false,"excerpt":"Eine lebendige Nachbarschaft lebt von dem Engagement ihrer Bewohner. F\u00fcr eine gute Vernetzung und Koordination der vielf\u00e4ltigen Aktivit\u00e4ten unserer sehr gro\u00dfen Nachbarschaft ist die Mehrheit der Steenkamphaushalte in der Heimst\u00e4ttervereinigung\u00a0Steenkamp e.V. organisiert. W\u00e4hrend sich der Vorstand um die formalen Vereinsgesch\u00e4fte k\u00fcmmert, f\u00fcllen die Nachbarn das Ganze mit Leben. Entweder indem\u2026","rel":"","context":"\u00c4hnlicher Beitrag","block_context":{"text":"\u00c4hnlicher Beitrag","link":""},"img":{"alt_text":"","src":"","width":0,"height":0},"classes":[]},{"id":35342,"url":"https:\/\/www.steenkamper.de\/index.php\/mitmachen\/","url_meta":{"origin":35483,"position":1},"title":"Mitmachen","author":"Max","date":"15\/04\/2026","format":false,"excerpt":"regelm\u00e4\u00dfige Gruppen Aussch\u00fcsse & AGs Engagierte Nachbarn freiwilliger F\u00f6rderbeitrag T-Shirt Shop Wissensspeicher Saal Termine Newsletter Der Steenkamper","rel":"","context":"\u00c4hnlicher Beitrag","block_context":{"text":"\u00c4hnlicher Beitrag","link":""},"img":{"alt_text":"","src":"","width":0,"height":0},"classes":[]},{"id":255,"url":"https:\/\/www.steenkamper.de\/index.php\/verein\/verein-2\/","url_meta":{"origin":35483,"position":2},"title":"Der Verein","author":"Max","date":"15\/12\/2015","format":false,"excerpt":"Die Steenkamper \u2013 HEIMST\u00c4TTERVEREINIGUNG STEENKAMP E.V. Mitglied werden freiwilliger zus\u00e4tzlicher F\u00f6rderbeitrag der Verein Engagierte Nachbarn Vorstand Satzung Aussch\u00fcsse regelm\u00e4\u00dfige Gruppen Saal Downloads Steenkamper Medien \u2013 Der Steenkamper & Newsletter, Nachbarschaftsplan etc. Pressespiegel Kooperationspartner\/Links Hinweise und Links Wissensspeicher-Knowledgebase\u00a0 Cloud F\u00f6rderer","rel":"","context":"\u00c4hnlicher Beitrag","block_context":{"text":"\u00c4hnlicher Beitrag","link":""},"img":{"alt_text":"img_3269","src":"https:\/\/i0.wp.com\/www.steenkamper.de\/wp-content\/uploads\/2017\/11\/img_3269-300x111.jpg?resize=350%2C200&ssl=1","width":350,"height":200},"classes":[]},{"id":11679,"url":"https:\/\/www.steenkamper.de\/index.php\/sommerfest-2020\/","url_meta":{"origin":35483,"position":3},"title":"Sommerfest 2020","author":"Max","date":"05\/09\/2020","format":false,"excerpt":"Open-Air Gottesdienst Das Sommerfest wurde Corona bedingt abgesagt. Es wurde aber von vielen Nachbarn dann doch klein und mit sicherem Abstand gefeiert. Es gab kleine Flohmarkt-St\u00e4nde, Grillwurst, Getr\u00e4nke, Gespr\u00e4che, Musik, Bilder, Wunderkerzen, Feuerwerk und nat\u00fcrlich am Sonntag den Open-Air Gottesdienst auf der Vogelweide.","rel":"","context":"\u00c4hnlicher Beitrag","block_context":{"text":"\u00c4hnlicher Beitrag","link":""},"img":{"alt_text":"","src":"https:\/\/i0.wp.com\/www.steenkamper.de\/wp-content\/uploads\/2020\/09\/IMG-20200904-WA0006-2.jpg?resize=350%2C200&ssl=1","width":350,"height":200,"srcset":"https:\/\/i0.wp.com\/www.steenkamper.de\/wp-content\/uploads\/2020\/09\/IMG-20200904-WA0006-2.jpg?resize=350%2C200&ssl=1 1x, https:\/\/i0.wp.com\/www.steenkamper.de\/wp-content\/uploads\/2020\/09\/IMG-20200904-WA0006-2.jpg?resize=525%2C300&ssl=1 1.5x, https:\/\/i0.wp.com\/www.steenkamper.de\/wp-content\/uploads\/2020\/09\/IMG-20200904-WA0006-2.jpg?resize=700%2C400&ssl=1 2x"},"classes":[]},{"id":5240,"url":"https:\/\/www.steenkamper.de\/index.php\/vogelweide\/","url_meta":{"origin":35483,"position":4},"title":"Vogelweide","author":"Max","date":"16\/11\/2017","format":false,"excerpt":"Ausschuss Vogelweide Kontakt: Max Lips, \u00a0Tel.: 659 141 32\u00a0steenkamper(at)lips100.de Mathias Eichler,\u00a0Tel.: 410 49 47 Die Mitglieder k\u00fcmmern sich im Austausch mit dem Bezirksamt Altona um die Neugestaltung und Pflege der \u00f6ffentlichen Gr\u00fcnfl\u00e4chen insbesondere des zentralen Platzes \u201eVogelweide\u201c vor dem Steenkampsaal. Rasenm\u00e4hen und M\u00fclleimer leeren geh\u00f6rt ebenso zu den selbstgew\u00e4hlten Aufgaben\u2026","rel":"","context":"\u00c4hnlicher Beitrag","block_context":{"text":"\u00c4hnlicher Beitrag","link":""},"img":{"alt_text":"Vogelweide 2016","src":"https:\/\/i0.wp.com\/wp.steenkamper.de\/wp-content\/uploads\/2016\/10\/IMG_2807-300x172.jpg?resize=350%2C200","width":350,"height":200},"classes":[]},{"id":247,"url":"https:\/\/www.steenkamper.de\/index.php\/fluechtlingsarbeit\/","url_meta":{"origin":35483,"position":5},"title":"Ausschuss Fl\u00fcchtlingsunterst\u00fctzung","author":"Max","date":"15\/12\/2015","format":false,"excerpt":"Caf\u00e9 VogelweideDas Caf\u00e9 ist seit April 2022 nach einer l\u00e4ngeren Coronapause wieder aktiv. Alle Steenkamper\/innen sind eingeladen mit neuen Nachbarn\/innen Deutsch zu kl\u00f6nen und zu Tee\/Kaffee\/Kuchen zusammenzusitzen. Kuchenspenden (geschnittene) sind sehr erw\u00fcnscht, um das Buffet zu erweitern. Sie k\u00f6nnen ab 15.00h abgegeben werden. Das Caf\u00e9 findet ab 16.00h bis 17.30h\u2026","rel":"","context":"\u00c4hnlicher Beitrag","block_context":{"text":"\u00c4hnlicher Beitrag","link":""},"img":{"alt_text":"","src":"https:\/\/i0.wp.com\/www.steenkamper.de\/wp-content\/uploads\/2016\/09\/IMG_2805-300x141.png?resize=350%2C200&ssl=1","width":350,"height":200},"classes":[]}],"ticketed":false,"_links":{"self":[{"href":"https:\/\/www.steenkamper.de\/index.php\/wp-json\/wp\/v2\/pages\/35483","targetHints":{"allow":["GET"]}}],"collection":[{"href":"https:\/\/www.steenkamper.de\/index.php\/wp-json\/wp\/v2\/pages"}],"about":[{"href":"https:\/\/www.steenkamper.de\/index.php\/wp-json\/wp\/v2\/types\/page"}],"author":[{"embeddable":true,"href":"https:\/\/www.steenkamper.de\/index.php\/wp-json\/wp\/v2\/users\/6"}],"replies":[{"embeddable":true,"href":"https:\/\/www.steenkamper.de\/index.php\/wp-json\/wp\/v2\/comments?post=35483"}],"version-history":[{"count":2,"href":"https:\/\/www.steenkamper.de\/index.php\/wp-json\/wp\/v2\/pages\/35483\/revisions"}],"predecessor-version":[{"id":35488,"href":"https:\/\/www.steenkamper.de\/index.php\/wp-json\/wp\/v2\/pages\/35483\/revisions\/35488"}],"wp:attachment":[{"href":"https:\/\/www.steenkamper.de\/index.php\/wp-json\/wp\/v2\/media?parent=35483"}],"curies":[{"name":"wp","href":"https:\/\/api.w.org\/{rel}","templated":true}]}}

Eine lebendige Nachbarschaft lebt von dem Engagement ihrer Bewohner. Für eine gute Vernetzung und Koordination der vielfältigen Aktivitäten unserer sehr großen Nachbarschaft ist die Mehrheit der Steenkamphaushalte in der Heimstättervereinigung Steenkamp e.V. organisiert. Während sich der Vorstand um die formalen Vereinsgeschäfte kümmert, füllen die Nachbarn das Ganze mit Leben. Entweder indem…

Ähnlicher Beitrag

regelmäßige Gruppen Ausschüsse & AGs Engagierte Nachbarn freiwilliger Förderbeitrag T-Shirt Shop Wissensspeicher Saal Termine Newsletter Der Steenkamper

Die Steenkamper – HEIMSTÄTTERVEREINIGUNG STEENKAMP E.V. Mitglied werden freiwilliger zusätzlicher Förderbeitrag der Verein Engagierte Nachbarn Vorstand Satzung Ausschüsse regelmäßige Gruppen Saal Downloads Steenkamper Medien – Der Steenkamper & Newsletter, Nachbarschaftsplan etc. Pressespiegel Kooperationspartner/Links Hinweise und Links Wissensspeicher-Knowledgebase  Cloud Förderer

Open-Air Gottesdienst Das Sommerfest wurde Corona bedingt abgesagt. Es wurde aber von vielen Nachbarn dann doch klein und mit sicherem Abstand gefeiert. Es gab kleine Flohmarkt-Stände, Grillwurst, Getränke, Gespräche, Musik, Bilder, Wunderkerzen, Feuerwerk und natürlich am Sonntag den Open-Air Gottesdienst auf der Vogelweide.

Ausschuss Vogelweide Kontakt: Max Lips,  Tel.: 659 141 32 steenkamper(at)lips100.de Mathias Eichler, Tel.: 410 49 47 Die Mitglieder kümmern sich im Austausch mit dem Bezirksamt Altona um die Neugestaltung und Pflege der öffentlichen Grünflächen insbesondere des zentralen Platzes „Vogelweide“ vor dem Steenkampsaal. Rasenmähen und Mülleimer leeren gehört ebenso zu den selbstgewählten Aufgaben…

Ausschuss Flüchtlingsunterstützung

Café VogelweideDas Café ist seit April 2022 nach einer längeren Coronapause wieder aktiv. Alle Steenkamper/innen sind eingeladen mit neuen Nachbarn/innen Deutsch zu klönen und zu Tee/Kaffee/Kuchen zusammenzusitzen. Kuchenspenden (geschnittene) sind sehr erwünscht, um das Buffet zu erweitern. Sie können ab 15.00h abgegeben werden. Das Café findet ab 16.00h bis 17.30h…
