{"id":3392,"date":"2017-02-19T10:57:01","date_gmt":"2017-02-19T09:57:01","guid":{"rendered":"http:\/\/wp.steenkamper.de\/?page_id=3392"},"modified":"2025-05-24T08:33:58","modified_gmt":"2025-05-24T06:33:58","slug":"milieuschutz","status":"publish","type":"page","link":"https:\/\/www.steenkamper.de\/index.php\/ideen-plaene\/milieuschutz\/","title":{"rendered":"Baukultur\u00a0"},"content":{"rendered":"<p>Gestaltungs- und Erhaltungsverordnung &#8211; Ausschuss\u00a0Baukultur<br \/>\nKontakt: Jan H. Ipach, jhi@coido.de Tel: 0179 5365977<\/p>\n<p>Auf der Zukunftswerkstatt fand sich ein tapferes Gr\u00fcppchen zusammen, das ein besonderes Interesse am Erhalt und der Verbesserung des baulichen Zustands bzw. des Erscheinungsbilds der Steenkampsiedlung hat. Da dieses Bild ma\u00dfgeblich von der im Quartier geltenden Gestaltungs- und Erhaltungsverordnung, besser bekannt als \u201eMilieuschutzverordnung\u201c, bestimmt wird und viele Diskussionen hierum kreisen, etablierte sich zun\u00e4chst der etwas sperrige Name \u201eMilieuschutzgruppe\u201c. Passender, weil etwas weiter gefasst, passender ist aber\u00a0\u201eAusschuss Baukultur\u201c!<br \/>\nDenn dies ist das \u00fcbergeordnete Ziel: Die Bewahrung und positive Weiterentwicklung der baulichen Strukturen (insbesondere der Fassaden) ebenso wie der Freir\u00e4ume. Verschiedene Wege sollen in Richtung dieses Ziels f\u00fchren: Das Bewusstmachen der besonderen Geschichte der Siedlung ebenso wie der in der Erhaltungssatzung\u00a0festgelegten Spielregeln, aber auch die konkrete Hilfestellung, zum Beispiel bei der Auswahl von Fenstern und Fassadenfarben im Rahmen von Sanierungsma\u00dfnahmen.<br \/>\nHierbei wollen wir nicht als \u201eBaupolizei\u201c auftreten oder zus\u00e4tzliche Vorschriften erfinden. Auch wird es kaum eine R\u00fcckf\u00fchrung auf einen historisch \u201ekorrekten\u201c Stand geben \u2013 weder kann der urspr\u00fcnglich vorherrschende, graue Rauputz fl\u00e4chendeckend wieder eingef\u00fchrt noch k\u00f6nnen die originalen Fensterma\u00dfe exakt hergestellt werden (letzteres scheitert an aktuellen technischen Normen).<br \/>\nEs ist aber m\u00f6glich, praktikable, elegante und der Erhaltungssatzung\u00a0entsprechende L\u00f6sungen zu finden und der Steenkampsiedlung als einer der ersten Gartenst\u00e4dte Deutschlands so ein w\u00fcrdevolles zweites Lebensjahrhundert zu erm\u00f6glichen.<br \/>\nVon einem harmonischen und attraktiven Quartiersbild profitieren letztlich alle: Das t\u00e4gliche Wohlbefinden wird dadurch ebenso positiv beeinflusst wie der Werterhalt der einzelnen H\u00e4user.<br \/>\nZu den konkreten Projekten unserer Arbeitsgruppe f\u00fcr die n\u00e4chsten Monate: Entwicklung eines Farbkanons von ca. 10 aufeinander abgestimmten Hausfarben und Ver\u00f6ffentlichung eines kleinen Ratgebers zum Thema Fenster. Wer mitmachen m\u00f6chte, ist herzlich eingeladen!<\/p>\n<p>Zusammenstellung der wichtigsten Regeln und Fassadenfarben Vorschl\u00e4ge:<br \/>\n<a href=\"https:\/\/www.steenkamper.de\/index.php\/gestaltungsverordnung\/\">www.steenkamper.de\/index.php\/gestaltungsverordnung\/<\/a><\/p>\n<p>Link zur Verordnung als pdf:<br \/>\n<a href=\"https:\/\/www.hamburg.de\/resource\/blob\/52242\/37bf43c42d65a74da922412c30694e4e\/steenkamp-vo-data.pdf\" target=\"_blank\" rel=\"noopener\">Gestaltungs- und Erhaltungsverordnung<\/a><\/p>\n<p>Siehe auch:\u00a0<a href=\"https:\/\/www.steenkamper.de\/index.php\/baulicher-erhaelt-der-siedlung\/\">Baulicher Erhalt der Siedlung<\/a><\/p>\n<p>Gedanken zur Gestaltungsverordnung:\u00a0<a href=\"https:\/\/www.steenkamper.de\/index.php\/die-steenkampsiedlung-unter-schutz\/\">Steenkampsiedlung unter Schutz<\/a><\/p>\n<p><a href=\"https:\/\/i0.wp.com\/wp.steenkamper.de\/wp-content\/uploads\/2017\/02\/IMG_5566.jpg\" rel=\"attachment wp-att-3425\"><img data-recalc-dims=\"1\" fetchpriority=\"high\" decoding=\"async\" data-attachment-id=\"3425\" data-permalink=\"https:\/\/www.steenkamper.de\/index.php\/ideen-plaene\/milieuschutz\/img_5566\/\" data-orig-file=\"https:\/\/i0.wp.com\/www.steenkamper.de\/wp-content\/uploads\/2017\/02\/IMG_5566.jpg?fit=2016%2C1512&amp;ssl=1\" data-orig-size=\"2016,1512\" data-comments-opened=\"1\" data-image-meta=\"{&quot;aperture&quot;:&quot;2.2&quot;,&quot;credit&quot;:&quot;&quot;,&quot;camera&quot;:&quot;iPhone 6s&quot;,&quot;caption&quot;:&quot;&quot;,&quot;created_timestamp&quot;:&quot;1487444022&quot;,&quot;copyright&quot;:&quot;&quot;,&quot;focal_length&quot;:&quot;4.15&quot;,&quot;iso&quot;:&quot;125&quot;,&quot;shutter_speed&quot;:&quot;0.03030303030303&quot;,&quot;title&quot;:&quot;&quot;,&quot;orientation&quot;:&quot;1&quot;}\" data-image-title=\"IMG_5566\" data-image-description=\"\" data-image-caption=\"\" data-large-file=\"https:\/\/i0.wp.com\/www.steenkamper.de\/wp-content\/uploads\/2017\/02\/IMG_5566.jpg?fit=750%2C563&amp;ssl=1\" class=\"alignnone size-medium wp-image-3425\" src=\"https:\/\/i0.wp.com\/www.steenkamper.de\/wp-content\/uploads\/2017\/02\/IMG_5566.jpg?resize=300%2C225&#038;ssl=1\" alt=\"IMG_5566\" width=\"300\" height=\"225\" srcset=\"https:\/\/i0.wp.com\/www.steenkamper.de\/wp-content\/uploads\/2017\/02\/IMG_5566.jpg?resize=300%2C225&amp;ssl=1 300w, https:\/\/i0.wp.com\/www.steenkamper.de\/wp-content\/uploads\/2017\/02\/IMG_5566.jpg?resize=768%2C576&amp;ssl=1 768w, https:\/\/i0.wp.com\/www.steenkamper.de\/wp-content\/uploads\/2017\/02\/IMG_5566.jpg?resize=1024%2C768&amp;ssl=1 1024w, https:\/\/i0.wp.com\/www.steenkamper.de\/wp-content\/uploads\/2017\/02\/IMG_5566.jpg?resize=500%2C375&amp;ssl=1 500w, https:\/\/i0.wp.com\/www.steenkamper.de\/wp-content\/uploads\/2017\/02\/IMG_5566.jpg?resize=450%2C338&amp;ssl=1 450w, https:\/\/i0.wp.com\/www.steenkamper.de\/wp-content\/uploads\/2017\/02\/IMG_5566.jpg?w=2016&amp;ssl=1 2016w, https:\/\/i0.wp.com\/www.steenkamper.de\/wp-content\/uploads\/2017\/02\/IMG_5566.jpg?w=1500&amp;ssl=1 1500w\" sizes=\"(max-width: 300px) 100vw, 300px\" \/><\/a><\/p>\n","protected":false},"excerpt":{"rendered":"<p>Gestaltungs- und Erhaltungsverordnung &#8211; Ausschuss\u00a0Baukultur Kontakt: Jan H. Ipach, jhi@coido.de Tel: 0179 5365977 Auf der Zukunftswerkstatt fand sich ein tapferes Gr\u00fcppchen zusammen, das ein besonderes Interesse am Erhalt und der&#8230; <\/p>\n<p><a class=\"teaser-more\" href=\"https:\/\/www.steenkamper.de\/index.php\/ideen-plaene\/milieuschutz\/\">weiter lesen<\/a><\/p>\n","protected":false},"author":6,"featured_media":0,"parent":3390,"menu_order":0,"comment_status":"open","ping_status":"closed","template":"","meta":{"_acf_changed":false,"_price":"","_stock":"","_tribe_ticket_header":"","_tribe_default_ticket_provider":"","_tribe_ticket_capacity":"0","_ticket_start_date":"","_ticket_end_date":"","_tribe_ticket_show_description":"","_tribe_ticket_show_not_going":false,"_tribe_ticket_use_global_stock":"","_tribe_ticket_global_stock_level":"","_global_stock_mode":"","_global_stock_cap":"","_tribe_rsvp_for_event":"","_tribe_ticket_going_count":"","_tribe_ticket_not_going_count":"","_tribe_tickets_list":"[]","_tribe_ticket_has_attendee_info_fields":false,"jetpack_post_was_ever_published":false,"footnotes":"","_tec_slr_enabled":"","_tec_slr_layout":""},"class_list":["post-3392","page","type-page","status-publish","hentry"],"acf":[],"jetpack_sharing_enabled":true,"jetpack_shortlink":"https:\/\/wp.me\/P74Wuo-SI","jetpack_likes_enabled":true,"jetpack-related-posts":[{"id":7859,"url":"https:\/\/www.steenkamper.de\/index.php\/gestaltungsverordnung\/","url_meta":{"origin":3392,"position":0},"title":"Gestaltungsverordnung","author":"Max","date":"26\/03\/2019","format":false,"excerpt":"Seit dem 26.10.2001 gilt in der Steenkampsiedlung die \"Verordnung \u00fcber die Erhaltung und Gestaltung baulicher Anlagen in Bahrenfeld\"In diesem Bereich unterliegen\u00a0der R\u00fcckbau, die \u00c4nderung, die Nutzungs\u00e4nderung und die Errichtung baulicher Anlagen einem Genehmigungsvorbehalt, um\u00a0den besonderen Milieucharakter und die hohe st\u00e4dtebauliche Qualit\u00e4t zu erhalten.\u00a0Auch f\u00fcr Bauvorhaben nach \u00a7 60, Anlage 2\u2026","rel":"","context":"\u00c4hnlicher Beitrag","block_context":{"text":"\u00c4hnlicher Beitrag","link":""},"img":{"alt_text":"","src":"https:\/\/i0.wp.com\/www.steenkamper.de\/wp-content\/uploads\/2021\/01\/IMG_8024.jpg?resize=350%2C200&ssl=1","width":350,"height":200,"srcset":"https:\/\/i0.wp.com\/www.steenkamper.de\/wp-content\/uploads\/2021\/01\/IMG_8024.jpg?resize=350%2C200&ssl=1 1x, https:\/\/i0.wp.com\/www.steenkamper.de\/wp-content\/uploads\/2021\/01\/IMG_8024.jpg?resize=525%2C300&ssl=1 1.5x, https:\/\/i0.wp.com\/www.steenkamper.de\/wp-content\/uploads\/2021\/01\/IMG_8024.jpg?resize=700%2C400&ssl=1 2x"},"classes":[]},{"id":29404,"url":"https:\/\/www.steenkamper.de\/index.php\/die-steenkampsiedlung-unter-schutz\/","url_meta":{"origin":3392,"position":1},"title":"Die Steenkampsiedlung unter Schutz","author":"Max","date":"24\/05\/2025","format":false,"excerpt":"Gemeinsam erhalten, was uns verbindet Ein Ort mit Charakter \u2013 und einer starken Gemeinschaft Die Steenkampsiedlung ist mehr als nur ein Wohnviertel im Hamburger Westen. Sie ist ein St\u00fcck Stadtgeschichte, ein Ort gelebter Nachbarschaft und ein architektonisches Kleinod mitten in Bahrenfeld. Damit dieser besondere Charakter auch f\u00fcr kommende Generationen erhalten\u2026","rel":"","context":"\u00c4hnlicher Beitrag","block_context":{"text":"\u00c4hnlicher Beitrag","link":""},"img":{"alt_text":"","src":"https:\/\/i0.wp.com\/www.steenkamper.de\/wp-content\/uploads\/2019\/04\/StmJahns4.jpg?fit=1200%2C764&ssl=1&resize=350%2C200","width":350,"height":200,"srcset":"https:\/\/i0.wp.com\/www.steenkamper.de\/wp-content\/uploads\/2019\/04\/StmJahns4.jpg?fit=1200%2C764&ssl=1&resize=350%2C200 1x, https:\/\/i0.wp.com\/www.steenkamper.de\/wp-content\/uploads\/2019\/04\/StmJahns4.jpg?fit=1200%2C764&ssl=1&resize=525%2C300 1.5x, https:\/\/i0.wp.com\/www.steenkamper.de\/wp-content\/uploads\/2019\/04\/StmJahns4.jpg?fit=1200%2C764&ssl=1&resize=700%2C400 2x, https:\/\/i0.wp.com\/www.steenkamper.de\/wp-content\/uploads\/2019\/04\/StmJahns4.jpg?fit=1200%2C764&ssl=1&resize=1050%2C600 3x"},"classes":[]},{"id":5263,"url":"https:\/\/www.steenkamper.de\/index.php\/engagierte-nachbarn\/","url_meta":{"origin":3392,"position":2},"title":"Engagierte Nachbarn","author":"Max","date":"16\/11\/2017","format":false,"excerpt":"Eine lebendige Nachbarschaft lebt von dem Engagement ihrer Bewohner. F\u00fcr eine gute Vernetzung und Koordination der vielf\u00e4ltigen Aktivit\u00e4ten unserer sehr gro\u00dfen Nachbarschaft ist die Mehrheit der Steenkamphaushalte in der Heimst\u00e4ttervereinigung\u00a0Steenkamp e.V. organisiert. W\u00e4hrend sich der Vorstand um die formalen Vereinsgesch\u00e4fte k\u00fcmmert, f\u00fcllen die Nachbarn das Ganze mit Leben. Entweder indem\u2026","rel":"","context":"\u00c4hnlicher Beitrag","block_context":{"text":"\u00c4hnlicher Beitrag","link":""},"img":{"alt_text":"","src":"","width":0,"height":0},"classes":[]},{"id":7395,"url":"https:\/\/www.steenkamper.de\/index.php\/termine-2018-2\/","url_meta":{"origin":3392,"position":3},"title":"Termine 2018","author":"Max","date":"15\/12\/2018","format":false,"excerpt":"das war 2018: Januar 10.1. Ausschusstreffen Fl\u00fcchtlingsausschuss\u00a019.30h 27.1.\u00a0Fl\u00fcchtlingsausschuss\u00a0- Caf\u00e9 \"Vogelweide\" im Steenkampsaal\u00a015-17h diesmal Samstag und \"Tanz-Caf\u00e9\"!\u00a0\u26a0\u00a0SAMSTAG!!! 28.1. Kinderfasching 15h Februar 3.2. Kultursalon 20h 13.2. Puppen Theater\u00a016h 17.2. Zukunftswerkstatt 2018\u00a016-19h 25.2.\u00a0Fl\u00fcchtlingsausschuss\u00a0- Caf\u00e9 \"Vogelweide\" im Steenkampsaal\u00a015-17h M\u00e4rz 3.-18.3. Schulferien\/Osterferien 21.3. Mitgliederversammlung\u00a019h 24.3. Hamburg r\u00e4umt auf 15h 25.3.\u00a0Fl\u00fcchtlingsausschuss\u00a0- Caf\u00e9 \"Vogelweide\" im Steenkampsaal\u00a015-17h April\u2026","rel":"","context":"\u00c4hnlicher Beitrag","block_context":{"text":"\u00c4hnlicher Beitrag","link":""},"img":{"alt_text":"","src":"","width":0,"height":0},"classes":[]},{"id":146,"url":"https:\/\/www.steenkamper.de\/index.php\/ausschuesse\/","url_meta":{"origin":3392,"position":4},"title":"Aussch\u00fcsse","author":"admin","date":"15\/12\/2015","format":false,"excerpt":"und Arbeitsgruppen (AGs) Die\u00a0Vereinsarbeit der Heimst\u00e4ttervereinigung Steenkamp e.V. wird getragen\u00a0durch aktive Mitglieder. Diese\u00a0Aktivit\u00e4ten werden durch\u00a0verschiedene\u00a0Aussch\u00fcssen koordiniert. Sollten Sie Interesse an der Mitarbeit in einem dieser Aussch\u00fcsse haben, melden Sie sich bitte bei der entsprechenden Kontaktperson, oder wenden Sie sich direkt an den Vorstand. Per Mail\u00a0oder \u00fcber unseren Briefkasten Steenkamp 37,\u2026","rel":"","context":"\u00c4hnlicher Beitrag","block_context":{"text":"\u00c4hnlicher Beitrag","link":""},"img":{"alt_text":"","src":"","width":0,"height":0},"classes":[]},{"id":7257,"url":"https:\/\/www.steenkamper.de\/index.php\/termine-2018\/","url_meta":{"origin":3392,"position":5},"title":"Termine 2018","author":"Max","date":"11\/11\/2018","format":false,"excerpt":"(Link zu: \"das war 2017\") 2018 \u00a0 Januar 10.1. Ausschusstreffen Fl\u00fcchtlingsausschuss\u00a019.30h 27.1.\u00a0Fl\u00fcchtlingsausschuss\u00a0- Caf\u00e9 \"Vogelweide\" im Steenkampsaal\u00a015-17h diesmal Samstag und \"Tanz-Caf\u00e9\"!\u00a0\u26a0\u00a0SAMSTAG!!! 28.1. Kinderfasching 15h Februar 3.2. Kultursalon 20h 13.2. Puppen Theater\u00a016h 17.2. Zukunftswerkstatt 2018\u00a016-19h 25.2.\u00a0Fl\u00fcchtlingsausschuss\u00a0- Caf\u00e9 \"Vogelweide\" im Steenkampsaal\u00a015-17h M\u00e4rz 3.-18.3. Schulferien\/Osterferien 21.3. Mitgliederversammlung\u00a019h 24.3. Hamburg r\u00e4umt auf 15h 25.3.\u00a0Fl\u00fcchtlingsausschuss\u00a0- Caf\u00e9\u2026","rel":"","context":"\u00c4hnlicher Beitrag","block_context":{"text":"\u00c4hnlicher Beitrag","link":""},"img":{"alt_text":"","src":"","width":0,"height":0},"classes":[]}],"ticketed":false,"_links":{"self":[{"href":"https:\/\/www.steenkamper.de\/index.php\/wp-json\/wp\/v2\/pages\/3392","targetHints":{"allow":["GET"]}}],"collection":[{"href":"https:\/\/www.steenkamper.de\/index.php\/wp-json\/wp\/v2\/pages"}],"about":[{"href":"https:\/\/www.steenkamper.de\/index.php\/wp-json\/wp\/v2\/types\/page"}],"author":[{"embeddable":true,"href":"https:\/\/www.steenkamper.de\/index.php\/wp-json\/wp\/v2\/users\/6"}],"replies":[{"embeddable":true,"href":"https:\/\/www.steenkamper.de\/index.php\/wp-json\/wp\/v2\/comments?post=3392"}],"version-history":[{"count":18,"href":"https:\/\/www.steenkamper.de\/index.php\/wp-json\/wp\/v2\/pages\/3392\/revisions"}],"predecessor-version":[{"id":29412,"href":"https:\/\/www.steenkamper.de\/index.php\/wp-json\/wp\/v2\/pages\/3392\/revisions\/29412"}],"up":[{"embeddable":true,"href":"https:\/\/www.steenkamper.de\/index.php\/wp-json\/wp\/v2\/pages\/3390"}],"wp:attachment":[{"href":"https:\/\/www.steenkamper.de\/index.php\/wp-json\/wp\/v2\/media?parent=3392"}],"curies":[{"name":"wp","href":"https:\/\/api.w.org\/{rel}","templated":true}]}}