{"id":195,"date":"2015-12-15T12:52:38","date_gmt":"2015-12-15T10:52:38","guid":{"rendered":"https:\/\/steenkamper.wordpress.com\/?page_id=195"},"modified":"2021-11-18T21:27:39","modified_gmt":"2021-11-18T20:27:39","slug":"shop","status":"publish","type":"page","link":"https:\/\/www.steenkamper.de\/index.php\/shop\/","title":{"rendered":"Shop"},"content":{"rendered":"","protected":false},"excerpt":{"rendered":"","protected":false},"author":1,"featured_media":0,"parent":0,"menu_order":0,"comment_status":"closed","ping_status":"closed","template":"","meta":{"_acf_changed":false,"site-sidebar-layout":"default","site-content-layout":"","ast-site-content-layout":"default","site-content-style":"default","site-sidebar-style":"default","ast-global-header-display":"","ast-banner-title-visibility":"","ast-main-header-display":"","ast-hfb-above-header-display":"","ast-hfb-below-header-display":"","ast-hfb-mobile-header-display":"","site-post-title":"","ast-breadcrumbs-content":"","ast-featured-img":"","footer-sml-layout":"","ast-disable-related-posts":"","theme-transparent-header-meta":"","adv-header-id-meta":"","stick-header-meta":"","header-above-stick-meta":"","header-main-stick-meta":"","header-below-stick-meta":"","astra-migrate-meta-layouts":"default","ast-page-background-enabled":"default","ast-page-background-meta":{"desktop":{"background-color":"var(--ast-global-color-5)","background-image":"","background-repeat":"repeat","background-position":"center center","background-size":"auto","background-attachment":"scroll","background-type":"","background-media":"","overlay-type":"","overlay-color":"","overlay-opacity":"","overlay-gradient":""},"tablet":{"background-color":"","background-image":"","background-repeat":"repeat","background-position":"center center","background-size":"auto","background-attachment":"scroll","background-type":"","background-media":"","overlay-type":"","overlay-color":"","overlay-opacity":"","overlay-gradient":""},"mobile":{"background-color":"","background-image":"","background-repeat":"repeat","background-position":"center center","background-size":"auto","background-attachment":"scroll","background-type":"","background-media":"","overlay-type":"","overlay-color":"","overlay-opacity":"","overlay-gradient":""}},"ast-content-background-meta":{"desktop":{"background-color":"var(--ast-global-color-4)","background-image":"","background-repeat":"repeat","background-position":"center center","background-size":"auto","background-attachment":"scroll","background-type":"","background-media":"","overlay-type":"","overlay-color":"","overlay-opacity":"","overlay-gradient":""},"tablet":{"background-color":"var(--ast-global-color-4)","background-image":"","background-repeat":"repeat","background-position":"center center","background-size":"auto","background-attachment":"scroll","background-type":"","background-media":"","overlay-type":"","overlay-color":"","overlay-opacity":"","overlay-gradient":""},"mobile":{"background-color":"var(--ast-global-color-4)","background-image":"","background-repeat":"repeat","background-position":"center center","background-size":"auto","background-attachment":"scroll","background-type":"","background-media":"","overlay-type":"","overlay-color":"","overlay-opacity":"","overlay-gradient":""}},"_price":"","_stock":"","_tribe_ticket_header":"","_tribe_default_ticket_provider":"","_tribe_ticket_capacity":"0","_ticket_start_date":"","_ticket_end_date":"","_tribe_ticket_show_description":"","_tribe_ticket_show_not_going":false,"_tribe_ticket_use_global_stock":"","_tribe_ticket_global_stock_level":"","_global_stock_mode":"","_global_stock_cap":"","_tribe_rsvp_for_event":"","_tribe_ticket_going_count":"","_tribe_ticket_not_going_count":"","_tribe_tickets_list":"[]","_tribe_ticket_has_attendee_info_fields":false,"jetpack_post_was_ever_published":false,"footnotes":"","_tec_slr_enabled":"","_tec_slr_layout":""},"class_list":["post-195","page","type-page","status-publish","hentry"],"acf":[],"jetpack_sharing_enabled":false,"jetpack_shortlink":"https:\/\/wp.me\/P74Wuo-39","jetpack_likes_enabled":true,"jetpack-related-posts":[{"id":779,"url":"https:\/\/www.steenkamper.de\/index.php\/steenkamper-shop\/","url_meta":{"origin":195,"position":0},"title":"Steenkamper T-Shirt Shop","author":"Max","date":"27\/12\/2015","format":false,"excerpt":"","rel":"","context":"\u00c4hnlicher Beitrag","block_context":{"text":"\u00c4hnlicher Beitrag","link":""},"img":{"alt_text":"","src":"","width":0,"height":0},"classes":[]},{"id":154,"url":"https:\/\/www.steenkamper.de\/index.php\/nachbarschaft\/","url_meta":{"origin":195,"position":1},"title":"Nachbarschaft","author":"admin","date":"15\/12\/2015","format":false,"excerpt":"Fl\u00fcchtlingshilfe Mitteilungsblatt \"DerSteenkamper\u201d Mieter Info Eigent\u00fcmer Info Shop \u201cSpreadshirt\u201d Gruppen Marktplatz Umgangsformen Kommentare Hinweise\/Tipps Pressespiegel","rel":"","context":"\u00c4hnlicher Beitrag","block_context":{"text":"\u00c4hnlicher Beitrag","link":""},"img":{"alt_text":"","src":"","width":0,"height":0},"classes":[]},{"id":35342,"url":"https:\/\/www.steenkamper.de\/index.php\/mitmachen\/","url_meta":{"origin":195,"position":2},"title":"Mitmachen","author":"Max","date":"15\/04\/2026","format":false,"excerpt":"regelm\u00e4\u00dfige Gruppen Aussch\u00fcsse & AGs Engagierte Nachbarn freiwilliger F\u00f6rderbeitrag T-Shirt Shop Wissensspeicher Saal Termine Newsletter Der Steenkamper","rel":"","context":"\u00c4hnlicher Beitrag","block_context":{"text":"\u00c4hnlicher Beitrag","link":""},"img":{"alt_text":"","src":"","width":0,"height":0},"classes":[]},{"id":3880,"url":"https:\/\/www.steenkamper.de\/index.php\/fotowettbewerb-2017\/","url_meta":{"origin":195,"position":3},"title":"Fotowettbewerb\u00a02017","author":"Max","date":"12\/07\/2017","format":false,"excerpt":"Wir suchen die\u00a0sch\u00f6nsten Bilder der Steenkampsiedlung von DAMALS\u00a0und\u00a0HEUTE. Durchsuchen Sie ihre Fotosammlung. Die besten Bilder ver\u00f6ffentlichen wir in den Steenkamper Medien und in der Chronik zum 100 j\u00e4hrigen Jubil\u00e4um des Vereines. Zu gewinnen gibt es: 1. - 3. Platz: Steenkamper T-Shirt aus unserem T-Shirt Shop 4. - 10. Platz: Schl\u00fcsselband\u2026","rel":"","context":"\u00c4hnlicher Beitrag","block_context":{"text":"\u00c4hnlicher Beitrag","link":""},"img":{"alt_text":"FotowettbewerbTitel","src":"https:\/\/i0.wp.com\/wp.steenkamper.de\/wp-content\/uploads\/2017\/07\/FotowettbewerbTitel-300x240.jpg?resize=350%2C200","width":350,"height":200},"classes":[]},{"id":17286,"url":"https:\/\/www.steenkamper.de\/index.php\/agb\/","url_meta":{"origin":195,"position":4},"title":"AGB","author":"admin","date":"19\/11\/2021","format":false,"excerpt":"Allgemeine Gesch\u00e4ftsbedingungen der Heimst\u00e4ttervereinigung Steenkamp e.V. f\u00fcr den Online-Shop \u00a71 Geltung gegen\u00fcber Unternehmern und Begriffsdefinitionen(1) Die nachfolgenden Allgemeinen Gesch\u00e4ftbedingungen gelten f\u00fcr alle Lieferungen zwischen uns und einem Verbraucher in ihrer zum Zeitpunkt der Bestellung g\u00fcltigen Fassung. Verbraucher ist jede nat\u00fcrliche Person, die ein Rechtsgesch\u00e4ft zu Zwecken abschlie\u00dft, die \u00fcberwiegend weder\u2026","rel":"","context":"\u00c4hnlicher Beitrag","block_context":{"text":"\u00c4hnlicher Beitrag","link":""},"img":{"alt_text":"","src":"","width":0,"height":0},"classes":[]},{"id":159,"url":"https:\/\/www.steenkamper.de\/index.php\/datenschutzerklaerung\/","url_meta":{"origin":195,"position":5},"title":"Datenschutzerkl\u00e4rung","author":"admin","date":"15\/12\/2015","format":false,"excerpt":"Aktive SteenkamperInnen bitte\u00a0hier die Einverst\u00e4ndnis der Ver\u00f6ffentlichung von Kontaktdaten\u00a0etc. als Ansprechpartner oder Kontaktperson f\u00fcr Aussch\u00fcsse, Gruppen oder andere Ehren\u00e4mter auf unserer Webseite, im Newsletter und im Steenkamper geben. Foto- und Filmaufnahmen \u00a0\u00a0\u00a0 W\u00e4hrend unseren Veranstaltungen wird fotografiert und gefilmt. Das Foto- und Filmmaterial wird von der Heimst\u00e4ttervereinigung zu Zwecken der\u2026","rel":"","context":"\u00c4hnlicher Beitrag","block_context":{"text":"\u00c4hnlicher Beitrag","link":""},"img":{"alt_text":"","src":"","width":0,"height":0},"classes":[]}],"ticketed":false,"_links":{"self":[{"href":"https:\/\/www.steenkamper.de\/index.php\/wp-json\/wp\/v2\/pages\/195","targetHints":{"allow":["GET"]}}],"collection":[{"href":"https:\/\/www.steenkamper.de\/index.php\/wp-json\/wp\/v2\/pages"}],"about":[{"href":"https:\/\/www.steenkamper.de\/index.php\/wp-json\/wp\/v2\/types\/page"}],"author":[{"embeddable":true,"href":"https:\/\/www.steenkamper.de\/index.php\/wp-json\/wp\/v2\/users\/1"}],"replies":[{"embeddable":true,"href":"https:\/\/www.steenkamper.de\/index.php\/wp-json\/wp\/v2\/comments?post=195"}],"version-history":[{"count":4,"href":"https:\/\/www.steenkamper.de\/index.php\/wp-json\/wp\/v2\/pages\/195\/revisions"}],"predecessor-version":[{"id":17256,"href":"https:\/\/www.steenkamper.de\/index.php\/wp-json\/wp\/v2\/pages\/195\/revisions\/17256"}],"wp:attachment":[{"href":"https:\/\/www.steenkamper.de\/index.php\/wp-json\/wp\/v2\/media?parent=195"}],"curies":[{"name":"wp","href":"https:\/\/api.w.org\/{rel}","templated":true}]}}