{"id":16505,"date":"2021-09-20T20:19:20","date_gmt":"2021-09-20T18:19:20","guid":{"rendered":"https:\/\/www.steenkamper.de\/?page_id=16505"},"modified":"2021-09-20T20:38:08","modified_gmt":"2021-09-20T18:38:08","slug":"science-city-bahrenfeld-gremien","status":"publish","type":"page","link":"https:\/\/www.steenkamper.de\/index.php\/science-city-bahrenfeld-gremien\/","title":{"rendered":"Science-City Bahrenfeld &#8211; Gremien"},"content":{"rendered":"\n<h3 class=\"wp-block-heading\"><strong>\u00dcbersicht \u00fcber Gremien\/ Akteure\/ Beteiligungsformate im Bereich Science-City Bahrenfeld<\/strong> <\/h3>\n\n\n\n<p><strong>Das Vorhaben Science City ist nicht nur in der Planung sehr komplex. Es ist bereits eine Herausforderung zu verstehen, welche verschiedenen Akteure was machen. Daher geben wir an dieser Stelle eine \u00dcbersicht \u00fcber die uns bekannten Akteure, Gremien und Beteiligungsformate. Die Angaben sind ohne Gew\u00e4hr.<\/strong> <\/p>\n\n\n\n<p><strong>Zentraler Planungsakteur: Science City Hamburg Bahrenfeld GmbH (SCHB GmbH)<\/strong> <br>Die Planungen zur ScienceCity sind \u201eevoziert\u201c, werden also nicht vom Bezirksamt sondern vom Senat gesteuert. Der Senat hat die eigens hierf\u00fcr gegr\u00fcndete SCHB GmbH mit den Planungen betraut. Sie ist eine Tochtergesellschaft der st\u00e4dtischen Hafencity GmbH.<br>Die SCHB GmbH beschreibt sich selbst folgenderma\u00dfen:<br>\u201eDie Science City Hamburg Bahrenfeld GmbH hat f\u00fcr das Vorhaben Science City im Bereich der heutigen Trabrennbahn, der Kleing\u00e4rten s\u00fcdlich Schulgartenweg sowie des Holstenkamps die Aufgabe der integrierten Stadtentwicklung \u00fcbernommen und ist in diesem Areal Planungs- und Implementierungsgesellschaft. F\u00fcr das Gesamtvorhaben Science City Hamburg Bahrenfeld \u00fcbernimmt die Gesellschaft eine Koordinierungsaufgabe in Kooperation mit den beteiligten Akteuren, sie stellt die Gesamtkommunikation sicher und organisiert die \u00f6ffentlichen Beteiligungsprozesse.\u201c&nbsp;<a href=\"https:\/\/sciencecity.hamburg\/ueberblick\/\">\u00dcberblick | Science City Hamburg Bahrenfeld<\/a><\/p>\n\n\n\n<p><strong>Informations- und Beteiligungsveranstaltungen der SCHB GmbH Forum Bahrenfeld:<\/strong><br>Die SCHB GmbH organisiert auch die Beteiligungsma\u00dfnahmen f\u00fcr die Planungen. Ende August\/ Anfang September 2021 hat sie hierf\u00fcr drei thematische Werkst\u00e4tten durchgef\u00fchrt. Die Ergebnisse werden hier ver\u00f6ffentlicht:&nbsp;<a href=\"https:\/\/sciencecity.hamburg\/\">Science City Hamburg Bahrenfeld: Hamburger Zukunftsprojekte<\/a>. Daneben ist das Forum Bahrenfeld ein Beteiligungsformat.<\/p>\n\n\n\n<p><strong>Forum Bahrenfeld<\/strong><br>Die SCHB GmbH beschreibt das Forum folgenderma\u00dfen:<br>\u201eDas Forum Bahrenfeld wurde gegr\u00fcndet, um den Menschen einen direkten und intensiven Austausch mit Wissens- und Verantwortungstr\u00e4gerinnen und -tr\u00e4gern zu erm\u00f6glichen.\u201c <br><a href=\"https:\/\/sciencecity.hamburg\/forum-bahrenfeld\/\">Forum Bahrenfeld | Science City Hamburg Bahrenfeld<\/a><\/p>\n\n\n\n<p>Bisher haben 2 Foren stattgefunden (August 2020 und August 2021). Mit folgenden \u00dcberschriften wurde zu den Foren eingeladen:<br>1. Neubau des R\u00f6ntgenmikroskops PETRA IV<br>2. Was ist wissensbasierte Stadtentwicklung?<\/p>\n\n\n\n<p>Zumindest das erste Forum beinhaltete neben den wissenschaftlichen Ausf\u00fchrungen auch viele interessante Informationen zu den Planungen der Science City. Die Aufzeichnung des Forums ist immer noch im Internet abrufbar und sehr zu empfehlen (<a href=\"https:\/\/sciencecity.hamburg\/forum-bahrenfeld\/\">Forum Bahrenfeld | Science City Hamburg Bahrenfeld<\/a> etwa bis zur Minute 27 geht es um Wissenschaft, danach \u00fcberwiegend um die Planungen)<\/p>\n\n\n\n<p><strong>Beirat der SCHB GmbH<\/strong><br>Die SCHB GmbH hat einen Beirat, der die T\u00e4tigkeiten der GmbH kontrollieren oder zumindest fachlich begleiten soll. In dem Beirat sind Vertreter*innen u. a. von Beh\u00f6rden und von der Universit\u00e4t Hamburg vertreten. Das Mulitplikator*innentreffen (s.u.) konnte eine Vertreterin aus der Region f\u00fcr den Beirat bestimmen. Die Besprechungen des Beirates sind allerdings vertraulich, daher kann die Vertreterin aus der Region hier\u00fcber kaum berichten.<\/p>\n\n\n\n<p><strong>Sonderausschuss Science City der Bezirksversammlung Altona<\/strong><br>Der Sonderausschuss wurde 2020 von der Bezirksversammlung eingesetzt, um die die Planungen zur Science City zu begleiten. Der Ausschuss tagt monatlich lediglich eine Stunde und wird sich daher nur oberfl\u00e4chlich mit den komplexen Themen befassen k\u00f6nnen.<\/p>\n\n\n\n<p><strong>Quartiersinitiative urbanes Leben Bahrenfeld West (QuL) \u2013 Multiplikator*innentreffen<\/strong><br>Mit der QuL m\u00f6chte die Stadt Hamburg ganzheitliche Quartiersentwicklungen in sieben Modellquartieren erproben. Der Bezirk Altona hat Bahrenfeld-West als Modellquartier ausgew\u00e4hlt. Es erstreckt sich vom Desy-Gel\u00e4nde bis zum Bahnhof Bahrenfeld. Die genauen Abmessungen und wenige Informationen sind hier zu finden:&nbsp;<a href=\"https:\/\/www.hamburg.de\/altona\/quartiersinitiative-urbanes-leben-qul\/\">Quartiersinitiative urbanes Leben QuL in Hamburg Altona &#8211; hamburg.de<\/a><\/p>\n\n\n\n<p>Als Beteiligungsgremium zu dem QuL hat das Bezirksamt das\u00a0<strong>Mulitplikator*innentreffen<\/strong> ins Leben gerufen. Hierzu werden Vertreter*innen von lokalen Vereinen, Verb\u00e4nden und Organisationen eingeladen. Bisher fand das Treffen viermal statt. Im Wesentlichen wurden Informationen gegeben, Anregungen eingeholt und etwas diskutiert.<\/p>\n\n\n\n<p>Was das Bezirksamt mit dem QuL im Modellquartier und mit dem Multiplikator*innentreffen vorhat ist nicht ganz klar. F\u00fcr das wichtigste Thema in dem Modellquartier hat das QuL keine Kompetenzen, bzw. die eigentliche Beteiligung wird von der Science City organisiert.<\/p>\n\n\n\n<p><strong>Quartiersbeirat Bahrenfeld (Lurup)<\/strong><br>Der Quartiersbeirat und das Quartiersmanagement Bahrenfeld (Lurup)wurden infolge der Zuwanderung des Jahres 2015 (und folgender Jahre) eingesetzt.<\/p>\n\n\n\n<p>Auf der Internetseite zum Beirat ist folgendes zu finden:<br>\u201eDie Aktivit\u00e4ten des Quartiersbeirats zielen darauf ab, die Wohn-, Lebens- und Arbeitsbedingungen f\u00fcr in Bahrenfeld lebende und gefl\u00fcchtete Menschen positiv weiter zu entwickeln, Zusammenleben zu f\u00f6rdern und nachhaltig zu unterst\u00fctzen.\u201c Aus:&nbsp;<a href=\"https:\/\/www.qm-bahrenfeld.de\/quartiersbeirat-bahrenfeld-lurup\/\">Quartiersbeirat Bahrenfeld (lurup) &#8211; qm-bahrenfelds Webseite!<\/a><\/p>\n\n\n\n<p><strong>Bahrenfelder Gruppe (oder auch Runde)<\/strong><br>Die Bahrenfelder Gruppe hat sich gebildet aus Aktiven des Multiplikator*innentreffens. Sie dient zun\u00e4chst einmal dem Austausch dieser Aktiven untereinander. Die weitere Rolle oder Funktion der Gruppe sind nicht festgelegt.<\/p>\n\n\n\n<p>Organisiert wird die Gruppe von \u201eQ8\u201c, einer Initiative der Stiftung Alsterdorf, die in Bahrenfeld seit Fr\u00fchjahr 2021 t\u00e4tig ist:&nbsp;<a href=\"https:\/\/www.q-acht.net\/altona\/\">Q8 Altona (q-acht.net)<\/a><\/p>\n\n\n\n<p><\/p>\n\n\n\n<p><em>Stand: Sep. 2021<\/em><\/p>\n","protected":false},"excerpt":{"rendered":"<p>\u00dcbersicht \u00fcber Gremien\/ Akteure\/ Beteiligungsformate im Bereich Science-City Bahrenfeld Das Vorhaben Science City ist nicht nur in der Planung sehr komplex. Es ist bereits eine Herausforderung zu verstehen, welche verschiedenen&#8230; <\/p>\n<p><a class=\"teaser-more\" href=\"https:\/\/www.steenkamper.de\/index.php\/science-city-bahrenfeld-gremien\/\">weiter lesen<\/a><\/p>\n","protected":false},"author":6,"featured_media":0,"parent":0,"menu_order":0,"comment_status":"closed","ping_status":"closed","template":"","meta":{"_acf_changed":false,"_price":"","_stock":"","_tribe_ticket_header":"","_tribe_default_ticket_provider":"","_tribe_ticket_capacity":"0","_ticket_start_date":"","_ticket_end_date":"","_tribe_ticket_show_description":"","_tribe_ticket_show_not_going":false,"_tribe_ticket_use_global_stock":"","_tribe_ticket_global_stock_level":"","_global_stock_mode":"","_global_stock_cap":"","_tribe_rsvp_for_event":"","_tribe_ticket_going_count":"","_tribe_ticket_not_going_count":"","_tribe_tickets_list":"[]","_tribe_ticket_has_attendee_info_fields":false,"jetpack_post_was_ever_published":false,"footnotes":"","_tec_slr_enabled":"","_tec_slr_layout":""},"class_list":["post-16505","page","type-page","status-publish","hentry"],"acf":[],"jetpack_sharing_enabled":true,"jetpack_shortlink":"https:\/\/wp.me\/P74Wuo-4id","jetpack_likes_enabled":true,"jetpack-related-posts":[{"id":17778,"url":"https:\/\/www.steenkamper.de\/index.php\/science-city-bahrenfeld\/","url_meta":{"origin":16505,"position":0},"title":"Science City Bahrenfeld","author":"Max","date":"31\/12\/2021","format":false,"excerpt":"Ausschuss \u201eScience City und die Steenkampsiedlung\"Kontakt: Alexander SchwertnerEbertallee 187\u00a0 Email:\u00a0alschwert(at)gmx.de siehe \u201eDer Steenkamper\u201c Ausgabe 1\/2024 Seite 24&25 aus der Mitgliederzeitung \u201eDer Steenkamper\u201c Ausgabe 2\/2022 Seite 18 Bitte nutzt die Kommentarfunktion (unten) um wichtige Punkte noch zu erg\u00e4nzen!Damit unsere Steenkamper-Interessen mit in die Planungen einflie\u00dfen k\u00f6nnen, soll demn\u00e4chst ein Positionspapier an\u2026","rel":"","context":"Mit 1 Kommentar","block_context":{"text":"Mit 1 Kommentar","link":"https:\/\/www.steenkamper.de\/index.php\/science-city-bahrenfeld\/#comments"},"img":{"alt_text":"","src":"https:\/\/i0.wp.com\/www.steenkamper.de\/wp-content\/uploads\/2024\/01\/AusschussScienCity.png?resize=350%2C200&ssl=1","width":350,"height":200,"srcset":"https:\/\/i0.wp.com\/www.steenkamper.de\/wp-content\/uploads\/2024\/01\/AusschussScienCity.png?resize=350%2C200&ssl=1 1x, https:\/\/i0.wp.com\/www.steenkamper.de\/wp-content\/uploads\/2024\/01\/AusschussScienCity.png?resize=525%2C300&ssl=1 1.5x, https:\/\/i0.wp.com\/www.steenkamper.de\/wp-content\/uploads\/2024\/01\/AusschussScienCity.png?resize=700%2C400&ssl=1 2x, https:\/\/i0.wp.com\/www.steenkamper.de\/wp-content\/uploads\/2024\/01\/AusschussScienCity.png?resize=1050%2C600&ssl=1 3x, https:\/\/i0.wp.com\/www.steenkamper.de\/wp-content\/uploads\/2024\/01\/AusschussScienCity.png?resize=1400%2C800&ssl=1 4x"},"classes":[]},{"id":17809,"url":"https:\/\/www.steenkamper.de\/index.php\/termine-2021\/","url_meta":{"origin":16505,"position":1},"title":"Termine 2021","author":"Max","date":"03\/01\/2022","format":false,"excerpt":"(Link zu: \u201cdas war 2020\u201d) 2021Kinderfasching\u00a0F\u00c4LLT AUS!7.8. Klassisches Nachmittagskonzert \u2013 Einlass: 16h11.8. 2.Forum Bahrenfeld 18h21.8. Stolpersteine Rundgang durch die Steenkampsiedlung 15-17h25.8. Science City\u00a0Werkstatt #1 \u00a0ab 18h31.8. Science City\u00a0Werkstatt #2\u00a0 ab 18h2.9. Science City\u00a0Werkstatt #3\u00a0 ab 18h4.&5.9. Sommerfest \u2013\u00a0f\u00e4llt aus!4.9. privater Flohmarkt ab 14h5.9. Open-Air-Gottesdienst 10h5.9. klassisches Konzert 15h (17h)18.9. Puppentheater\u2026","rel":"","context":"\u00c4hnlicher Beitrag","block_context":{"text":"\u00c4hnlicher Beitrag","link":""},"img":{"alt_text":"","src":"","width":0,"height":0},"classes":[]},{"id":25282,"url":"https:\/\/www.steenkamper.de\/index.php\/termine-2023\/","url_meta":{"origin":16505,"position":2},"title":"Termine-2023","author":"Max","date":"03\/01\/2024","format":false,"excerpt":"das war 2022 202320.1. Bingo 19h24.2. Bingo 19h25.2. \u201eHamburg\u00a0r\u00e4umt auf!\u201c 14h1.3. \u201eBahrenfeld auf Trab\u201c 18h11.3.\u00a0Square Dance 15.30h24.3. \u201eHamburger Bauheft\u201c Buchvorstellung 18h31.3. Bingo 19h15.4. \u201eGegenwarts-Werkstatt\u201c 15h26.4. Mitgliederversammlung 19h28.4. Bingo 19h30.4. Tanz in den Mai2.6. Bingo 19h18.6. Steenkampsingers,\u00a0gemeinsames Singen mit Kaffee und Kuchen 15h4.8. Bingo 19h2. & 3.9.\u00a0Sommerfest10.9. Rundgang zu den Stolpersteinen\u2026","rel":"","context":"\u00c4hnlicher Beitrag","block_context":{"text":"\u00c4hnlicher Beitrag","link":""},"img":{"alt_text":"","src":"","width":0,"height":0},"classes":[]},{"id":22081,"url":"https:\/\/www.steenkamper.de\/index.php\/termine-2022\/","url_meta":{"origin":16505,"position":3},"title":"Termine-2022","author":"Max","date":"26\/12\/2022","format":false,"excerpt":"(Link zu: \u201cdas war 2021\u201d) 20226.4. Mitgliederversammlung 19h14.5. Salon3.7. Stadtteilfest auf dem Ebertplatz 11-16h3. & 4.9. Sommerfest19.9.\u00a0Informationsrunde \u201eTempo30 Ebertallee\u201c 18h26.9. Ausschuss Science City Bahrenfeld 19.45h4.11. Kultursalon 19.305.11. Laternenlaufen 19h (18h)3.12. Kultursalon 19.304.12. Adventsbasar 14h","rel":"","context":"\u00c4hnlicher Beitrag","block_context":{"text":"\u00c4hnlicher Beitrag","link":""},"img":{"alt_text":"","src":"","width":0,"height":0},"classes":[]},{"id":1799,"url":"https:\/\/www.steenkamper.de\/index.php\/fluechtlingsarbeit\/ag-wlaninternet\/protokoll-10-2-16\/","url_meta":{"origin":16505,"position":4},"title":"Protokoll 10.02.2016","author":"Max","date":"26\/02\/2016","format":false,"excerpt":"Protokoll vom 10.02.2016 Beim dem letzten Treffen der AG im Januar 2016 war Bernd Thielk, Gesch\u00e4ftsf\u00fchrer, willy.tel GmbH zu Gast. Damals wurde vereinbart, dass es unsere Gruppe \u00fcber bereits laufende Gespr\u00e4che mit dem Senat zur Realisierung von WLAN in Fl\u00fcchtlingsunterk\u00fcnften auf dem laufenden h\u00e4lt. Hintergrund ist das Vorhaben des Zentralen\u2026","rel":"","context":"\u00c4hnlicher Beitrag","block_context":{"text":"\u00c4hnlicher Beitrag","link":""},"img":{"alt_text":"","src":"","width":0,"height":0},"classes":[]},{"id":286,"url":"https:\/\/www.steenkamper.de\/index.php\/kooperationspartner\/","url_meta":{"origin":16505,"position":5},"title":"Kooperationspartner\/Links","author":"Max","date":"16\/12\/2015","format":false,"excerpt":"Nachbarschaftscaf\u00e9 \u201eDas Caf\u00e9\u201c des F\u00f6rderkreis Stadthof e.V.\u00a0 direkt an der Vogelweide, Steenkamp 16 Das Caf\u00e9 \u00f6ffnet seine T\u00fcr jeweils freitags und samstags von 14.00- 18.00 Uhr. Ev. Melanchthon-Kirchengemeinde Hamburg-Flottbek in der\u00a0Ebertallee 30 Es finden Gottesdienste mit Taufen beim Sommerfest statt sowie Gottesdienste mit Tschernobylkindern und den \u201eSteenkampsingern\u201c. Sozialkaufhaus \u201eBaNotke\u201c Spenden\u2026","rel":"","context":"\u00c4hnlicher Beitrag","block_context":{"text":"\u00c4hnlicher Beitrag","link":""},"img":{"alt_text":"","src":"","width":0,"height":0},"classes":[]}],"ticketed":false,"_links":{"self":[{"href":"https:\/\/www.steenkamper.de\/index.php\/wp-json\/wp\/v2\/pages\/16505","targetHints":{"allow":["GET"]}}],"collection":[{"href":"https:\/\/www.steenkamper.de\/index.php\/wp-json\/wp\/v2\/pages"}],"about":[{"href":"https:\/\/www.steenkamper.de\/index.php\/wp-json\/wp\/v2\/types\/page"}],"author":[{"embeddable":true,"href":"https:\/\/www.steenkamper.de\/index.php\/wp-json\/wp\/v2\/users\/6"}],"replies":[{"embeddable":true,"href":"https:\/\/www.steenkamper.de\/index.php\/wp-json\/wp\/v2\/comments?post=16505"}],"version-history":[{"count":7,"href":"https:\/\/www.steenkamper.de\/index.php\/wp-json\/wp\/v2\/pages\/16505\/revisions"}],"predecessor-version":[{"id":16515,"href":"https:\/\/www.steenkamper.de\/index.php\/wp-json\/wp\/v2\/pages\/16505\/revisions\/16515"}],"wp:attachment":[{"href":"https:\/\/www.steenkamper.de\/index.php\/wp-json\/wp\/v2\/media?parent=16505"}],"curies":[{"name":"wp","href":"https:\/\/api.w.org\/{rel}","templated":true}]}}