{"id":1638,"date":"2016-02-13T19:35:57","date_gmt":"2016-02-13T18:35:57","guid":{"rendered":"http:\/\/wp.steenkamper.de\/?page_id=1638"},"modified":"2016-05-30T08:45:54","modified_gmt":"2016-05-30T06:45:54","slug":"ag-wlaninternet","status":"publish","type":"page","link":"https:\/\/www.steenkamper.de\/index.php\/fluechtlingsarbeit\/ag-wlaninternet\/","title":{"rendered":"AG WLAN\/Internet"},"content":{"rendered":"<p><strong>Protokolle der Treffen der Fl\u00fcchtlingsunterst\u00fctzung AG:<\/strong><br \/>\n<a href=\"http:\/\/wp.steenkamper.de\/index.php\/fluechtlingsarbeit\/ag-wlaninternet\/protokoll-10-2-16\/\">Protokoll 10.2.16<\/a>\u00a0<a href=\"http:\/\/wp.steenkamper.de\/index.php\/fluechtlingsarbeit\/ag-wlaninternet\/protokolle-ag-wlaninternet\/\">Protokoll 13.1.16<\/a><\/p>\n<p><strong><br \/>\nDie AG WLAN\/Internet stellt Ihre Arbeit\/Ziele vor:<\/strong><\/p>\n<p><strong>Hintergrund:<\/strong><br \/>\n\u00dcbersetzungen, Vorbereitungen von Beh\u00f6rdeng\u00e4ngen, Kontakt \u00fcber soziale Medien zu Verwandten und Freunden sowie das Schreiben von Bewerbungen oder Korrespondenz zu Unternehmen ist heutzutage gr\u00f6\u00dftenteils nur noch \u00fcber den Zugang zum Internet m\u00f6glich.<\/p>\n<p>Um eine Integration zu erm\u00f6glichen und zu f\u00f6rdern ist also diese Infrastruktur unbedingt n\u00f6tig. Daher hat sich die AG WLAN\\Internet u.a. zur Aufgabe gesetzt sicherzustellen, dass in der Unterkunft Notkestra\u00dfe Zugang zum Internet besteht.<\/p>\n<p><strong>Aufgaben der AG:<\/strong><br \/>\nUm nicht das Rad neu zu erfinden sammelt die AG zun\u00e4chst alle relevanten Informationen zur Umsetzung. Dazu l\u00e4dt die AG Vertreter der verschiedenen Unternehmen und Organisationen ein, die unterst\u00fctzen k\u00f6nnen das Ziel zu erreichen. Hierzu nutzen wir die regelm\u00e4\u00dfigen Treffen im Steenkampsaal.<\/p>\n<p><strong>Ziel:<\/strong><br \/>\nZiel ist es dem Betreiber der Unterkunft die M\u00f6glichkeiten aufzuzeigen wie das Internet in die Unterk\u00fcnfte integriert werden kann und auf die Umsetzung zu dr\u00e4ngen.<\/p>\n<p><strong>Bisherige L\u00f6sungsans\u00e4tze:<\/strong><br \/>\nEs gibt zwei erfolgsversprechende Ideen:<\/p>\n<p>1. WLAN auf dem gesamten Gel\u00e4nde der Unterkunft<br \/>\n2. Einen Raum mit fest installierten Computern mit Zugang zum Internet in den Gemeinschaftsr\u00e4umen der Unterkunft<\/p>\n<p><strong>Unterst\u00fctzung der AG:<\/strong><\/p>\n<p>Weitere Personen zur Unterst\u00fctzung der AG sind immer willkommen. Diese k\u00f6nnen sich gern bei uns melden.<\/p>\n<p><a href=\"mailto:steenkamp.fluechtlinge@yahoo.de\">steenkamp.fluechtlinge(at)yahoo.de<\/a><\/p>\n","protected":false},"excerpt":{"rendered":"<p>Protokolle der Treffen der Fl\u00fcchtlingsunterst\u00fctzung AG: Protokoll 10.2.16\u00a0Protokoll 13.1.16 Die AG WLAN\/Internet stellt Ihre Arbeit\/Ziele vor: Hintergrund: \u00dcbersetzungen, Vorbereitungen von Beh\u00f6rdeng\u00e4ngen, Kontakt \u00fcber soziale Medien zu Verwandten und Freunden sowie&#8230; <\/p>\n<p><a class=\"teaser-more\" href=\"https:\/\/www.steenkamper.de\/index.php\/fluechtlingsarbeit\/ag-wlaninternet\/\">weiter lesen<\/a><\/p>\n","protected":false},"author":6,"featured_media":0,"parent":247,"menu_order":0,"comment_status":"closed","ping_status":"closed","template":"","meta":{"_acf_changed":false,"_price":"","_stock":"","_tribe_ticket_header":"","_tribe_default_ticket_provider":"","_tribe_ticket_capacity":"0","_ticket_start_date":"","_ticket_end_date":"","_tribe_ticket_show_description":"","_tribe_ticket_show_not_going":false,"_tribe_ticket_use_global_stock":"","_tribe_ticket_global_stock_level":"","_global_stock_mode":"","_global_stock_cap":"","_tribe_rsvp_for_event":"","_tribe_ticket_going_count":"","_tribe_ticket_not_going_count":"","_tribe_tickets_list":"[]","_tribe_ticket_has_attendee_info_fields":false,"jetpack_post_was_ever_published":false,"footnotes":"","_tec_slr_enabled":"","_tec_slr_layout":""},"class_list":["post-1638","page","type-page","status-publish","hentry"],"acf":[],"jetpack_sharing_enabled":true,"jetpack_shortlink":"https:\/\/wp.me\/P74Wuo-qq","jetpack_likes_enabled":true,"jetpack-related-posts":[{"id":1799,"url":"https:\/\/www.steenkamper.de\/index.php\/fluechtlingsarbeit\/ag-wlaninternet\/protokoll-10-2-16\/","url_meta":{"origin":1638,"position":0},"title":"Protokoll 10.02.2016","author":"Max","date":"26\/02\/2016","format":false,"excerpt":"Protokoll vom 10.02.2016 Beim dem letzten Treffen der AG im Januar 2016 war Bernd Thielk, Gesch\u00e4ftsf\u00fchrer, willy.tel GmbH zu Gast. Damals wurde vereinbart, dass es unsere Gruppe \u00fcber bereits laufende Gespr\u00e4che mit dem Senat zur Realisierung von WLAN in Fl\u00fcchtlingsunterk\u00fcnften auf dem laufenden h\u00e4lt. Hintergrund ist das Vorhaben des Zentralen\u2026","rel":"","context":"\u00c4hnlicher Beitrag","block_context":{"text":"\u00c4hnlicher Beitrag","link":""},"img":{"alt_text":"","src":"","width":0,"height":0},"classes":[]},{"id":1641,"url":"https:\/\/www.steenkamper.de\/index.php\/fluechtlingsarbeit\/ag-wlaninternet\/protokolle-ag-wlaninternet\/","url_meta":{"origin":1638,"position":1},"title":"Protokoll 13.1.16","author":"Max","date":"13\/02\/2016","format":false,"excerpt":"Fl\u00fcchtlingsunterst\u00fctzungs-Treffen am 13.01.2016 im Steenkampsaal AG WLAN\/Internet G\u00e4ste Bernd Thielk, Gesch\u00e4ftsf\u00fchrer, willy.tel GmbH Torsten Grube, F\u00f6rdern und Wohnen, Planer\/Betreiber der Unterkunft Thomas Zoufal, Desy, Pressesprecher Mit den G\u00e4sten wurden die technischen M\u00f6glichkeiten zur Bereitstellung von Internetzug\u00e4ngen bzw. WLAN er\u00f6rtert. Es wurde deutlich, dass es erforderlich sein wird eine geeignete Infrastruktur\u2026","rel":"","context":"\u00c4hnlicher Beitrag","block_context":{"text":"\u00c4hnlicher Beitrag","link":""},"img":{"alt_text":"","src":"","width":0,"height":0},"classes":[]},{"id":3374,"url":"https:\/\/www.steenkamper.de\/index.php\/fluechtlingsarbeit\/fluechtlings-ags\/","url_meta":{"origin":1638,"position":2},"title":"Fl\u00fcchtlings AGs","author":"Max","date":"14\/02\/2017","format":false,"excerpt":"Ausschuss Fl\u00fcchtlingsunterst\u00fctzung Steenkamp: Friederike Petrelli: 040 31790366 Gertrud Krapp: 040 8005165 Friedhelm Moggert-K\u00e4geler: 0160 99165211 Aktiv Caf\u00e9 \"Vogelweide\" Jeden letzten Sonntag treffen sich alte und neue Nachbar\/innen im Steenkampsaal bei Kaffee und Kuchen... weiterlesen Archiv Deutschkiosk, ein Angebor f\u00fcr gefl\u00fcchtete Menschen aus der Ukraine Juni 2023 - Oktober 2023, Deutschkurse\u2026","rel":"","context":"\u00c4hnlicher Beitrag","block_context":{"text":"\u00c4hnlicher Beitrag","link":""},"img":{"alt_text":"","src":"","width":0,"height":0},"classes":[]},{"id":247,"url":"https:\/\/www.steenkamper.de\/index.php\/fluechtlingsarbeit\/","url_meta":{"origin":1638,"position":3},"title":"Ausschuss Fl\u00fcchtlingsunterst\u00fctzung","author":"Max","date":"15\/12\/2015","format":false,"excerpt":"Caf\u00e9 VogelweideDas Caf\u00e9 ist seit April 2022 nach einer l\u00e4ngeren Coronapause wieder aktiv. Alle Steenkamper\/innen sind eingeladen mit neuen Nachbarn\/innen Deutsch zu kl\u00f6nen und zu Tee\/Kaffee\/Kuchen zusammenzusitzen. Kuchenspenden (geschnittene) sind sehr erw\u00fcnscht, um das Buffet zu erweitern. Sie k\u00f6nnen ab 15.00h abgegeben werden. Das Caf\u00e9 findet ab 16.00h bis 17.30h\u2026","rel":"","context":"\u00c4hnlicher Beitrag","block_context":{"text":"\u00c4hnlicher Beitrag","link":""},"img":{"alt_text":"","src":"https:\/\/i0.wp.com\/www.steenkamper.de\/wp-content\/uploads\/2016\/09\/IMG_2805-300x141.png?resize=350%2C200&ssl=1","width":350,"height":200},"classes":[]},{"id":29768,"url":"https:\/\/www.steenkamper.de\/index.php\/infoabend-ag-steenkampenergie\/","url_meta":{"origin":1638,"position":4},"title":"Infoabend \u201eAG SteenkampEnergie\u201c","author":"Max","date":"11\/07\/2025","format":false,"excerpt":"Infoabend zur W\u00e4rmeversorgung\u00a0am 25.6.2025 Volles Haus & starke Impulse: Infoabend zur W\u00e4rmeversorgung begeistert Nachbarschaft Der Informationsabend der AG SteenkampEnergie am Mittwoch, dem 25. Juni war ein voller Erfolg \u2013 im wahrsten Sinne des Wortes: Der Steenkamp Saal war bis auf den letzten Platz gef\u00fcllt, einige G\u00e4ste verfolgten die Veranstaltung sogar\u2026","rel":"","context":"\u00c4hnlicher Beitrag","block_context":{"text":"\u00c4hnlicher Beitrag","link":""},"img":{"alt_text":"","src":"https:\/\/i0.wp.com\/www.steenkamper.de\/wp-content\/uploads\/2025\/07\/AGEnergie-scaled.png?resize=350%2C200&ssl=1","width":350,"height":200,"srcset":"https:\/\/i0.wp.com\/www.steenkamper.de\/wp-content\/uploads\/2025\/07\/AGEnergie-scaled.png?resize=350%2C200&ssl=1 1x, https:\/\/i0.wp.com\/www.steenkamper.de\/wp-content\/uploads\/2025\/07\/AGEnergie-scaled.png?resize=525%2C300&ssl=1 1.5x, https:\/\/i0.wp.com\/www.steenkamper.de\/wp-content\/uploads\/2025\/07\/AGEnergie-scaled.png?resize=700%2C400&ssl=1 2x, https:\/\/i0.wp.com\/www.steenkamper.de\/wp-content\/uploads\/2025\/07\/AGEnergie-scaled.png?resize=1050%2C600&ssl=1 3x, https:\/\/i0.wp.com\/www.steenkamper.de\/wp-content\/uploads\/2025\/07\/AGEnergie-scaled.png?resize=1400%2C800&ssl=1 4x"},"classes":[]},{"id":1794,"url":"https:\/\/www.steenkamper.de\/index.php\/fluechtlingsarbeit\/willkommens-ag\/","url_meta":{"origin":1638,"position":5},"title":"Willkommens AG","author":"Max","date":"26\/02\/2016","format":false,"excerpt":"Das ist... Im M\u00e4rz 2017 wird aller Voraussicht nach aus der Erstaufnahme im Albert-Einstein-Ring eine Folgeunterkunft.\u00a0 Das bedeutet, wie auch schon in der Notkestra\u00dfe 25, dass an zwei Tagen in der Woche Menschen aufgenommen werden. Es ist gut m\u00f6glich, dass es wieder solche Aktivit\u00e4ten der Steenkamper\/innen geben wird, der Kontakt\u2026","rel":"","context":"\u00c4hnlicher Beitrag","block_context":{"text":"\u00c4hnlicher Beitrag","link":""},"img":{"alt_text":"welcome","src":"https:\/\/i0.wp.com\/wp.steenkamper.de\/wp-content\/uploads\/2015\/12\/welcome-300x194.jpg?resize=350%2C200","width":350,"height":200},"classes":[]}],"ticketed":false,"_links":{"self":[{"href":"https:\/\/www.steenkamper.de\/index.php\/wp-json\/wp\/v2\/pages\/1638","targetHints":{"allow":["GET"]}}],"collection":[{"href":"https:\/\/www.steenkamper.de\/index.php\/wp-json\/wp\/v2\/pages"}],"about":[{"href":"https:\/\/www.steenkamper.de\/index.php\/wp-json\/wp\/v2\/types\/page"}],"author":[{"embeddable":true,"href":"https:\/\/www.steenkamper.de\/index.php\/wp-json\/wp\/v2\/users\/6"}],"replies":[{"embeddable":true,"href":"https:\/\/www.steenkamper.de\/index.php\/wp-json\/wp\/v2\/comments?post=1638"}],"version-history":[{"count":5,"href":"https:\/\/www.steenkamper.de\/index.php\/wp-json\/wp\/v2\/pages\/1638\/revisions"}],"predecessor-version":[{"id":1806,"href":"https:\/\/www.steenkamper.de\/index.php\/wp-json\/wp\/v2\/pages\/1638\/revisions\/1806"}],"up":[{"embeddable":true,"href":"https:\/\/www.steenkamper.de\/index.php\/wp-json\/wp\/v2\/pages\/247"}],"wp:attachment":[{"href":"https:\/\/www.steenkamper.de\/index.php\/wp-json\/wp\/v2\/media?parent=1638"}],"curies":[{"name":"wp","href":"https:\/\/api.w.org\/{rel}","templated":true}]}}