{"id":144,"date":"2015-12-15T11:36:22","date_gmt":"2015-12-15T09:36:22","guid":{"rendered":"https:\/\/steenkamper.wordpress.com\/?page_id=144"},"modified":"2026-04-15T14:04:19","modified_gmt":"2026-04-15T12:04:19","slug":"vorstand","status":"publish","type":"page","link":"https:\/\/www.steenkamper.de\/index.php\/vorstand\/","title":{"rendered":"Vorstand"},"content":{"rendered":"<p>Der Vorstand der Heimst\u00e4ttervereinigung Steenkamp e.V. arbeitet ehrenamtlich. Seine Sitzungen finden einmal monatlich statt.\u00a0Etwa einmal im Quartal findet eine \u00f6ffentliche Sitzung im Steenkampsaal statt, zu der Mitglieder und Interessierte herzlich eingeladen sind.<br \/>Die aktuellen Termine erfahren Sie in der Rubrik \u201cTermine\u201d oder im Schaukasten am Saal.<\/p>\n<p><b>\u2014-<br \/><em>Auf der Mitgliederversammlung am 11.4.2026 wurde Julia Kussius als Beisitzerin gew\u00e4hlt und Tabea Meyer ist ausgeschieden. <br \/><\/em><\/b><\/p>\n<p><b><em>Auf der Mitgliederversammlung am 5.4.2025 wurde das Amt der 1. Kassiererin neu besetzt. Maike Johannsen, bisher als Beisitzerin im Vorstand, hat Claus Lahner abgel\u00f6st. Claus verl\u00e4sst das Vorstands Team auf eigenen Wunsch, da er nicht mehr in der Siedlung wohnt. <\/em><\/b><em style=\"font-size: revert;\"><b>Tabea Meyer wurde neu ins Team gew\u00e4hlt und \u00fcbernimmt jetzt das Amt als Beisitzerin von Maike Johannsen.\u00a0<\/b><\/em><\/p>\n<p>\u2014-<\/p>\n<div class=\"mceTemp\"><strong>Vorstand der Heimst\u00e4ttervereinigung Steenkamp e.V.<\/strong><\/div>\n<p><strong>Email:<\/strong><br \/><a href=\"mailto:vorstand@steenkamper.de\" target=\"_blank\" rel=\"noopener noreferrer\">vorstand(at)steenkamper.de<\/a>\u00a0(E-Mailverteiler an alle Vorstandsmitglieder)<br \/><a href=\"mailto:kasse@steenkamper.de\">kasse(at)steenkamper.de<\/a>\u00a0(Kassierer)<br \/><a href=\"mailto:redaktion@steenkamper.de\">redaktion(at)steenkamper.de<\/a>\u00a0(Redaktion Webseite &amp; \u201eDer Steenkamper\u201c)<\/p>\n<p><img data-recalc-dims=\"1\" fetchpriority=\"high\" decoding=\"async\" data-attachment-id=\"29312\" data-permalink=\"https:\/\/www.steenkamper.de\/index.php\/vorstand\/vorstand2025\/\" data-orig-file=\"https:\/\/i0.wp.com\/www.steenkamper.de\/wp-content\/uploads\/2025\/04\/Vorstand2025.png?fit=658%2C738&amp;ssl=1\" data-orig-size=\"658,738\" data-comments-opened=\"1\" data-image-meta=\"{&quot;aperture&quot;:&quot;0&quot;,&quot;credit&quot;:&quot;&quot;,&quot;camera&quot;:&quot;&quot;,&quot;caption&quot;:&quot;&quot;,&quot;created_timestamp&quot;:&quot;0&quot;,&quot;copyright&quot;:&quot;&quot;,&quot;focal_length&quot;:&quot;0&quot;,&quot;iso&quot;:&quot;0&quot;,&quot;shutter_speed&quot;:&quot;0&quot;,&quot;title&quot;:&quot;&quot;,&quot;orientation&quot;:&quot;0&quot;}\" data-image-title=\"Vorstand2025\" data-image-description=\"\" data-image-caption=\"\" data-large-file=\"https:\/\/i0.wp.com\/www.steenkamper.de\/wp-content\/uploads\/2025\/04\/Vorstand2025.png?fit=658%2C738&amp;ssl=1\" class=\"alignnone wp-image-29312 size-full\" src=\"https:\/\/i0.wp.com\/www.steenkamper.de\/wp-content\/uploads\/2025\/04\/Vorstand2025.png?resize=658%2C738&#038;ssl=1\" alt=\"\" width=\"658\" height=\"738\" srcset=\"https:\/\/i0.wp.com\/www.steenkamper.de\/wp-content\/uploads\/2025\/04\/Vorstand2025.png?w=658&amp;ssl=1 658w, https:\/\/i0.wp.com\/www.steenkamper.de\/wp-content\/uploads\/2025\/04\/Vorstand2025.png?resize=267%2C300&amp;ssl=1 267w, https:\/\/i0.wp.com\/www.steenkamper.de\/wp-content\/uploads\/2025\/04\/Vorstand2025.png?resize=450%2C505&amp;ssl=1 450w, https:\/\/i0.wp.com\/www.steenkamper.de\/wp-content\/uploads\/2025\/04\/Vorstand2025.png?resize=300%2C336&amp;ssl=1 300w, https:\/\/i0.wp.com\/www.steenkamper.de\/wp-content\/uploads\/2025\/04\/Vorstand2025.png?resize=600%2C673&amp;ssl=1 600w\" sizes=\"(max-width: 658px) 100vw, 658px\" \/><\/p>\n\n\n<p class=\"has-text-align-right has-small-font-size\">BILDER: <em>STAND 10.4.2026<\/em><\/p>\n\n\n\n<p><strong>Silke Faber<\/strong>, 1. Vorsitzende<br><a href=\"mailto:Silke.Faber@steenkamper.de\">Silke.Faber(at)steenkamper.de<\/a><\/p>\n\n\n\n<p><strong>Lars Kohlmorgen<\/strong>, 2. Vorsitzender<br>Tel.: 432 53 416<\/p>\n\n\n\n<p><strong>Sebastian Buchholz<\/strong> 1. Schriftf\u00fchrer<br>Tel.:&nbsp;2981 25 82<br><a class=\"\" href=\"mailto:steenkamper@echo-echo.net\">steenkamper(at)echo-echo.net<\/a><\/p>\n\n\n\n<p><strong>Alexander Schwertner<\/strong>,&nbsp;2. Schriftf\u00fchrer<br><a href=\"mailto:alschwert@gmx.de\">alschwert(at)gmx.de<\/a><\/p>\n\n\n\n<p><strong>Meike Johannsen<\/strong>, 1. Kassiererin<br>Tel.: 0177 4463168<br><a href=\"mailto:kasse@steenkamper.de\">kasse(at)steenkamper.de<\/a><\/p>\n\n\n\n<p><strong>Jan Meybek<\/strong>, 2. Kassierer <br>Mitgliederangelegenheiten<br><a href=\"mailto:heimstaette@meybek.de\" target=\"_blank\" rel=\"noreferrer noopener\">heimstaette(at)meybek.de<\/a><\/p>\n\n\n\n<p><strong>Friederike Petrelli<\/strong>, Beisitzerin <br>Kontaktperson zu den \u201eregelm\u00e4\u00dfigen Gruppen\u201c<br>Tel.: 31790366<\/p>\n\n\n\n<p><strong>Julia Kussius<\/strong>, Beisitzerin<br>Tel.: 4929 2710<\/p>\n\n\n\n<p><strong>Max Lips<\/strong>, Beisitzer<br>Redakteur \u201eDer Steenkamper\u201c &amp; Newsletter &amp; Webseite<br>Tel.: 659 141 32<br><a href=\"mailto:steenkamper@lips100.de\">steenkamper(at)lips100.de<\/a><\/p>\n\n\n\n<hr class=\"wp-block-separator has-text-color has-cyan-bluish-gray-color has-css-opacity has-cyan-bluish-gray-background-color has-background\"\/>\n\n\n\n<p><\/p>\n","protected":false},"excerpt":{"rendered":"<p>Der Vorstand der Heimst\u00e4ttervereinigung Steenkamp e.V. arbeitet ehrenamtlich. Seine Sitzungen finden einmal monatlich statt.\u00a0Etwa einmal im Quartal findet eine \u00f6ffentliche Sitzung im Steenkampsaal statt, zu der Mitglieder und Interessierte herzlich&#8230; <\/p>\n<p><a class=\"teaser-more\" href=\"https:\/\/www.steenkamper.de\/index.php\/vorstand\/\">weiter lesen<\/a><\/p>\n","protected":false},"author":1,"featured_media":0,"parent":0,"menu_order":0,"comment_status":"closed","ping_status":"closed","template":"","meta":{"_acf_changed":false,"_price":"","_stock":"","_tribe_ticket_header":"","_tribe_default_ticket_provider":"","_tribe_ticket_capacity":"0","_ticket_start_date":"","_ticket_end_date":"","_tribe_ticket_show_description":"","_tribe_ticket_show_not_going":false,"_tribe_ticket_use_global_stock":"","_tribe_ticket_global_stock_level":"","_global_stock_mode":"","_global_stock_cap":"","_tribe_rsvp_for_event":"","_tribe_ticket_going_count":"","_tribe_ticket_not_going_count":"","_tribe_tickets_list":"[]","_tribe_ticket_has_attendee_info_fields":false,"jetpack_post_was_ever_published":false,"footnotes":"","_tec_slr_enabled":"","_tec_slr_layout":""},"class_list":["post-144","page","type-page","status-publish","hentry"],"acf":[],"jetpack_sharing_enabled":false,"jetpack_shortlink":"https:\/\/wp.me\/P74Wuo-2k","jetpack_likes_enabled":true,"jetpack-related-posts":[{"id":276,"url":"https:\/\/www.steenkamper.de\/index.php\/satzung\/","url_meta":{"origin":144,"position":0},"title":"Satzung","author":"Max","date":"16\/12\/2015","format":false,"excerpt":"Satzung ge\u00e4nderte Satzung g\u00fcltig seit der Mitgliederversammlung am 6.4.2022 Pr\u00e4ambel\u00a0 W\u00e4hrend der Bauzeit der Gartenstadt Steenkamp wurde 1920 die Heimst\u00e4ttervereinigung Steenkamp als Organisation der Mieter gegr\u00fcndet. Das gesellige Miteinander zu organisieren und Hilfestellungen aller Art anzubieten, diesen Zielen ist der Verein stets verpflichtet geblieben..\u00a0 \u00a7 1 Name und Sitz\u00a0 Der\u2026","rel":"","context":"\u00c4hnlicher Beitrag","block_context":{"text":"\u00c4hnlicher Beitrag","link":""},"img":{"alt_text":"","src":"","width":0,"height":0},"classes":[]},{"id":613,"url":"https:\/\/www.steenkamper.de\/index.php\/kontakt\/","url_meta":{"origin":144,"position":1},"title":"Kontakt","author":"admin","date":"22\/12\/2015","format":false,"excerpt":"Heimst\u00e4ttervereinigung Steenkamp e. V.Steenkamp 3722607 Hamburg Vorstandvorstand(at)steenkamper.de(Email Verteiler an alle Vorstandsmitglieder)1. Vorsitzende: Silke Faber 1. Kassiererin\u00a0\u00a0Meike JohannsenTel.: 0177 4463168kasse(at)steenkamper.de IBAN: DE81 200 505 50 107 821 05 13 QR-Code IBAN Heimst\u00e4ttervereinigung Steenkamp e.V. 2. Kassierer & MitgliederangelegenheitenJan Meybekheimstaette(at)meybek.deTel.: 4606 3379 Aussch\u00fcsse \/ AGs\u00a0 regelm\u00e4ssige Gruppen im Steenkampsaal Saalvermietungen\/SaalverwaltungTel. 0176 21065400Claus\u2026","rel":"","context":"\u00c4hnlicher Beitrag","block_context":{"text":"\u00c4hnlicher Beitrag","link":""},"img":{"alt_text":"","src":"https:\/\/i0.wp.com\/www.steenkamper.de\/wp-content\/uploads\/2020\/09\/qrIBAN.jpg?resize=350%2C200&ssl=1","width":350,"height":200,"srcset":"https:\/\/i0.wp.com\/www.steenkamper.de\/wp-content\/uploads\/2020\/09\/qrIBAN.jpg?resize=350%2C200&ssl=1 1x, https:\/\/i0.wp.com\/www.steenkamper.de\/wp-content\/uploads\/2020\/09\/qrIBAN.jpg?resize=525%2C300&ssl=1 1.5x, https:\/\/i0.wp.com\/www.steenkamper.de\/wp-content\/uploads\/2020\/09\/qrIBAN.jpg?resize=700%2C400&ssl=1 2x"},"classes":[]},{"id":10998,"url":"https:\/\/www.steenkamper.de\/index.php\/hilge-nordmeier\/","url_meta":{"origin":144,"position":2},"title":"Hilge Nordmeier","author":"Max","date":"21\/06\/2020","format":false,"excerpt":"Hilge Nordmeier, geb. Stuhr(5.7.1896-9.9.1975)lebte seit 1922 im R\u00fcsternkamp 12. Sie war von 1946-1949 Abgeordnete der SPD in der ersten frei gew\u00e4hlten Hamburgischen B\u00fcrgerschaft nach dem Ende des Nationalsozialismus. Von den 110 Abgeordneten waren 17 Frauen. Nach dem Ende der Legislaturperiode geh\u00f6rte Hilge Nordmeier von 1949 bis 1961 der Bezirksversammlung Altona\u2026","rel":"","context":"\u00c4hnlicher Beitrag","block_context":{"text":"\u00c4hnlicher Beitrag","link":""},"img":{"alt_text":"","src":"https:\/\/i0.wp.com\/www.steenkamper.de\/wp-content\/uploads\/2020\/06\/Hilge-Nordmeier.png?resize=350%2C200&ssl=1","width":350,"height":200,"srcset":"https:\/\/i0.wp.com\/www.steenkamper.de\/wp-content\/uploads\/2020\/06\/Hilge-Nordmeier.png?resize=350%2C200&ssl=1 1x, https:\/\/i0.wp.com\/www.steenkamper.de\/wp-content\/uploads\/2020\/06\/Hilge-Nordmeier.png?resize=525%2C300&ssl=1 1.5x, https:\/\/i0.wp.com\/www.steenkamper.de\/wp-content\/uploads\/2020\/06\/Hilge-Nordmeier.png?resize=700%2C400&ssl=1 2x"},"classes":[]},{"id":14074,"url":"https:\/\/www.steenkamper.de\/index.php\/festschrift-100-jahre-steenkampsiedlung\/","url_meta":{"origin":144,"position":3},"title":"Festschrift 100 Jahre Steenkampsiedlung","author":"Max","date":"07\/01\/2021","format":false,"excerpt":"Eine einzigartige Festschrift zum 100. Geburtstag der Steenkampsiedlung. Sebastian Buchholz hat f\u00fcr die Heimst\u00e4ttervereinigung Steenkamp Historisches, Erlebtes und Zeitdokumente aus dem umfangreichen Archiv der Heimst\u00e4ttervereinigung und vielen neuen Quellen zusammengetragen. Es ist ein bunter Blumenstrau\u00df mit Blick auf die sozialen, kulturellen und geschichtlichen Geschehnisse und die Ver\u00e4nderungen in der Steenkampsiedlung\u2026","rel":"","context":"\u00c4hnlicher Beitrag","block_context":{"text":"\u00c4hnlicher Beitrag","link":""},"img":{"alt_text":"","src":"https:\/\/i0.wp.com\/www.steenkamper.de\/wp-content\/uploads\/2021\/11\/100JahreBanner-KL.jpg?fit=800%2C320&ssl=1&resize=350%2C200","width":350,"height":200,"srcset":"https:\/\/i0.wp.com\/www.steenkamper.de\/wp-content\/uploads\/2021\/11\/100JahreBanner-KL.jpg?fit=800%2C320&ssl=1&resize=350%2C200 1x, https:\/\/i0.wp.com\/www.steenkamper.de\/wp-content\/uploads\/2021\/11\/100JahreBanner-KL.jpg?fit=800%2C320&ssl=1&resize=525%2C300 1.5x, https:\/\/i0.wp.com\/www.steenkamper.de\/wp-content\/uploads\/2021\/11\/100JahreBanner-KL.jpg?fit=800%2C320&ssl=1&resize=700%2C400 2x"},"classes":[]},{"id":264,"url":"https:\/\/www.steenkamper.de\/index.php\/baulicher-erhaelt-der-siedlung\/","url_meta":{"origin":144,"position":4},"title":"Baulicher Erhalt der Siedlung","author":"Max","date":"15\/12\/2015","format":false,"excerpt":"Das charmante, zusammenh\u00e4ngende Erscheinungsbild unserer Siedlung ist neben der zentralen Lage ein gro\u00dfes Qualit\u00e4tsmerkmal unserer Siedlung. Allerdings ist bereits sehr viel von dem einheitlichen Charakter der Siedlung verloren gegangen, da \u00fcber viele Jahre die Instandhaltungs- und Umbauma\u00dfnahmen ohne Vorgaben durchgef\u00fchrt wurden. Um diesen Prozess umzukehren, wurde im Jahr 2001 eine\u2026","rel":"","context":"\u00c4hnlicher Beitrag","block_context":{"text":"\u00c4hnlicher Beitrag","link":""},"img":{"alt_text":"Claus Thiel","src":"https:\/\/i0.wp.com\/wp.steenkamper.de\/wp-content\/uploads\/2015\/12\/2003-04-01-im-hag-schuppenrenov-02-300x225.jpg?resize=350%2C200","width":350,"height":200},"classes":[]},{"id":257,"url":"https:\/\/www.steenkamper.de\/index.php\/mitglied-werden\/","url_meta":{"origin":144,"position":5},"title":"Mitglied werden","author":"Max","date":"15\/12\/2015","format":false,"excerpt":"Du bist gern dabei \u2013 willst Du nicht auch dazugeh\u00f6ren? Du genie\u00dft das Sommerfest auf der Vogelweide, machst mit bei unseren Quizabenden oder tanzt mit in den Mai?Dann kennst Du schon das Herz der Steenkampsiedlung \u2013 unsere lebendige Nachbarschaft. Vielleicht ist jetzt genau der richtige Moment, offiziell Teil davon zu\u2026","rel":"","context":"\u00c4hnlicher Beitrag","block_context":{"text":"\u00c4hnlicher Beitrag","link":""},"img":{"alt_text":"","src":"","width":0,"height":0},"classes":[]}],"ticketed":false,"_links":{"self":[{"href":"https:\/\/www.steenkamper.de\/index.php\/wp-json\/wp\/v2\/pages\/144","targetHints":{"allow":["GET"]}}],"collection":[{"href":"https:\/\/www.steenkamper.de\/index.php\/wp-json\/wp\/v2\/pages"}],"about":[{"href":"https:\/\/www.steenkamper.de\/index.php\/wp-json\/wp\/v2\/types\/page"}],"author":[{"embeddable":true,"href":"https:\/\/www.steenkamper.de\/index.php\/wp-json\/wp\/v2\/users\/1"}],"replies":[{"embeddable":true,"href":"https:\/\/www.steenkamper.de\/index.php\/wp-json\/wp\/v2\/comments?post=144"}],"version-history":[{"count":71,"href":"https:\/\/www.steenkamper.de\/index.php\/wp-json\/wp\/v2\/pages\/144\/revisions"}],"predecessor-version":[{"id":35368,"href":"https:\/\/www.steenkamper.de\/index.php\/wp-json\/wp\/v2\/pages\/144\/revisions\/35368"}],"wp:attachment":[{"href":"https:\/\/www.steenkamper.de\/index.php\/wp-json\/wp\/v2\/media?parent=144"}],"curies":[{"name":"wp","href":"https:\/\/api.w.org\/{rel}","templated":true}]}}