{"id":14357,"date":"2021-01-21T10:43:46","date_gmt":"2021-01-21T09:43:46","guid":{"rendered":"https:\/\/www.steenkamper.de\/?page_id=14357"},"modified":"2023-01-18T09:32:39","modified_gmt":"2023-01-18T08:32:39","slug":"aktive-steenkamper","status":"publish","type":"page","link":"https:\/\/www.steenkamper.de\/index.php\/aktive-steenkamper\/","title":{"rendered":"aktive Steenkamper"},"content":{"rendered":"","protected":true},"excerpt":{"rendered":"","protected":true},"author":6,"featured_media":4349,"parent":0,"menu_order":0,"comment_status":"closed","ping_status":"closed","template":"","meta":{"_acf_changed":false,"_price":"","_stock":"","_tribe_ticket_header":"","_tribe_default_ticket_provider":"","_tribe_ticket_capacity":"0","_ticket_start_date":"","_ticket_end_date":"","_tribe_ticket_show_description":"","_tribe_ticket_show_not_going":false,"_tribe_ticket_use_global_stock":"","_tribe_ticket_global_stock_level":"","_global_stock_mode":"","_global_stock_cap":"","_tribe_rsvp_for_event":"","_tribe_ticket_going_count":"","_tribe_ticket_not_going_count":"","_tribe_tickets_list":"[]","_tribe_ticket_has_attendee_info_fields":false,"jetpack_post_was_ever_published":false,"footnotes":"","_tec_slr_enabled":"","_tec_slr_layout":""},"class_list":["post-14357","page","type-page","status-publish","post-password-required","hentry"],"acf":[],"jetpack_sharing_enabled":true,"jetpack_shortlink":"https:\/\/wp.me\/P74Wuo-3Jz","jetpack_likes_enabled":true,"jetpack-related-posts":[{"id":1025,"url":"https:\/\/www.steenkamper.de\/index.php\/siedlungsgeschichten\/","url_meta":{"origin":14357,"position":0},"title":"Siedlungsgeschichten","author":"Max","date":"04\/01\/2016","format":false,"excerpt":"\u00a0 Im Steenkamper online Rundgang sind die Siedlungsgeschichten mit ihrem Ort des Geschehens verkn\u00fcpft. Ein bisschen Zeit muss sein! 100 Jahre Ursula (Uschi) Scheibner Louis Cahnbley Stolperstein vor dem Haus im Steenkamp 43 Der Emmichbrunnen im Riemenschneiderstieg von Sebastian Buchholz aus dem Steenkamper 2\/2022 Mit der Strassenbahn zum Steenkamp? von\u2026","rel":"","context":"\u00c4hnlicher Beitrag","block_context":{"text":"\u00c4hnlicher Beitrag","link":""},"img":{"alt_text":"","src":"https:\/\/i0.wp.com\/www.steenkamper.de\/wp-content\/uploads\/2019\/12\/logo-steenkamp-jubilaeum-KLEIN-278x300.png?resize=350%2C200&ssl=1","width":350,"height":200},"classes":[]},{"id":6750,"url":"https:\/\/www.steenkamper.de\/index.php\/steenkamper-loesungen-2-2018\/","url_meta":{"origin":14357,"position":1},"title":"Steenkamper L\u00f6sungen 2\/2018","author":"Max","date":"16\/07\/2018","format":false,"excerpt":"vom Steenkamper-Bilderr\u00e4tsel von Seite 24 Original F\u00e4lschung L\u00f6sungen Mehr zum Saalbild hier aus der\u00a0Ausgabe 2\/2004","rel":"","context":"\u00c4hnlicher Beitrag","block_context":{"text":"\u00c4hnlicher Beitrag","link":""},"img":{"alt_text":"","src":"https:\/\/i0.wp.com\/wp.steenkamper.de\/wp-content\/uploads\/2017\/11\/img_3270-1-1024x488.jpg?resize=350%2C200","width":350,"height":200,"srcset":"https:\/\/i0.wp.com\/wp.steenkamper.de\/wp-content\/uploads\/2017\/11\/img_3270-1-1024x488.jpg?resize=350%2C200 1x, https:\/\/i0.wp.com\/wp.steenkamper.de\/wp-content\/uploads\/2017\/11\/img_3270-1-1024x488.jpg?resize=525%2C300 1.5x"},"classes":[]},{"id":4186,"url":"https:\/\/www.steenkamper.de\/index.php\/steenkamp-abc\/","url_meta":{"origin":14357,"position":2},"title":"Steenkamp ABC","author":"Max","date":"18\/06\/2017","format":false,"excerpt":"L\u00f6sungen aus dem Steenkamper 2\/2017 - Seite 25 \"Die jungen Steenkamper\" Was alle Steenkamper*innen wissen sollten: 1.) Wie hie\u00df der Gasthof der Steenkampsiedlung? Lindenkrug Jetzt ist\u00a0in den R\u00e4umen eine Wohnung der SAGA. 2.) Wie hei\u00dft der Ort in der Siedlung, der kein Namensschild tr\u00e4gt? Vogelweide Mit der Eingemeindung zu Hamburg\u2026","rel":"","context":"\u00c4hnlicher Beitrag","block_context":{"text":"\u00c4hnlicher Beitrag","link":""},"img":{"alt_text":"Vogelweide ","src":"https:\/\/i0.wp.com\/www.steenkamper.de\/wp-content\/uploads\/2017\/06\/IMG_0100-300x225.jpg?resize=350%2C200&ssl=1","width":350,"height":200},"classes":[]},{"id":8075,"url":"https:\/\/www.steenkamper.de\/index.php\/grundsteinlegung-grundschule\/","url_meta":{"origin":14357,"position":3},"title":"Grundsteinlegung Grundschule","author":"Max","date":"09\/04\/2019","format":false,"excerpt":"aus dem Steenkamper 11\/1949 \u00a9 Die Steenkamper \u2013 HEIMST\u00c4TTERVEREINIGUNG STEENKAMP E.V. \u00a9 Die Steenkamper \u2013 HEIMST\u00c4TTERVEREINIGUNG STEENKAMP E.V.","rel":"","context":"\u00c4hnlicher Beitrag","block_context":{"text":"\u00c4hnlicher Beitrag","link":""},"img":{"alt_text":"","src":"https:\/\/i0.wp.com\/www.steenkamper.de\/wp-content\/uploads\/2019\/04\/IMG_0042.jpg?resize=350%2C200&ssl=1","width":350,"height":200,"srcset":"https:\/\/i0.wp.com\/www.steenkamper.de\/wp-content\/uploads\/2019\/04\/IMG_0042.jpg?resize=350%2C200&ssl=1 1x, https:\/\/i0.wp.com\/www.steenkamper.de\/wp-content\/uploads\/2019\/04\/IMG_0042.jpg?resize=525%2C300&ssl=1 1.5x, https:\/\/i0.wp.com\/www.steenkamper.de\/wp-content\/uploads\/2019\/04\/IMG_0042.jpg?resize=700%2C400&ssl=1 2x, https:\/\/i0.wp.com\/www.steenkamper.de\/wp-content\/uploads\/2019\/04\/IMG_0042.jpg?resize=1050%2C600&ssl=1 3x"},"classes":[]},{"id":5242,"url":"https:\/\/www.steenkamper.de\/index.php\/steenkamper-medien\/","url_meta":{"origin":14357,"position":4},"title":"Steenkamper Medien","author":"Max","date":"16\/11\/2017","format":false,"excerpt":"Mitgliederzeitung,\u00a0Newsletter,\u00a0Webseite,\u00a0Nachbarschaftsplan,\u00a0Festschrift,etc. Mitgliederzeitung \u201eDer Steenkamper\u201c Steenkamper Archiv\u00a0(hier auch die aktuelle Ausgabe) Zweimal j\u00e4hrlich gibt die Heimst\u00e4ttervereinigung eine Mitgliederzeitung mit dem Titel\u201eDer Steenkamper\u201c mit einer Auflage von 1.500 St\u00fcck heraus. In 2016 wurden das redaktionelle Konzept und das Layout durch Fachleute aus der Nachbarschaft ehrenamtlich komplett erneuert. Die Redaktion freut sich \u00fcber\u2026","rel":"","context":"\u00c4hnlicher Beitrag","block_context":{"text":"\u00c4hnlicher Beitrag","link":""},"img":{"alt_text":"","src":"https:\/\/i0.wp.com\/www.steenkamper.de\/wp-content\/uploads\/2021\/02\/Nachbarschaftsplan2021-2-scaled.jpg?resize=350%2C200&ssl=1","width":350,"height":200,"srcset":"https:\/\/i0.wp.com\/www.steenkamper.de\/wp-content\/uploads\/2021\/02\/Nachbarschaftsplan2021-2-scaled.jpg?resize=350%2C200&ssl=1 1x, https:\/\/i0.wp.com\/www.steenkamper.de\/wp-content\/uploads\/2021\/02\/Nachbarschaftsplan2021-2-scaled.jpg?resize=525%2C300&ssl=1 1.5x, https:\/\/i0.wp.com\/www.steenkamper.de\/wp-content\/uploads\/2021\/02\/Nachbarschaftsplan2021-2-scaled.jpg?resize=700%2C400&ssl=1 2x, https:\/\/i0.wp.com\/www.steenkamper.de\/wp-content\/uploads\/2021\/02\/Nachbarschaftsplan2021-2-scaled.jpg?resize=1050%2C600&ssl=1 3x, https:\/\/i0.wp.com\/www.steenkamper.de\/wp-content\/uploads\/2021\/02\/Nachbarschaftsplan2021-2-scaled.jpg?resize=1400%2C800&ssl=1 4x"},"classes":[]},{"id":14334,"url":"https:\/\/www.steenkamper.de\/index.php\/baecker-roegner\/","url_meta":{"origin":14357,"position":5},"title":"B\u00e4cker R\u00f6gner","author":"Max","date":"20\/01\/2021","format":false,"excerpt":"R\u00f6gner Team am 31.12.2020 aus dem Steenkamper 1\/2021 von Jule L\u00fcbke und Anke Zimmermann R\u00f6gner\u00a0\u00a0-\u00a0\u00a0das Ende\u00a0vom Br\u00f6tchenduft in der Ebertallee. R\u00f6gners\u00a0Backstube\u00a0hat am 31.12.2020 mit den letzten Verk\u00e4ufen von\u00a0Berlinern,\u00a0einer kleinen Tr\u00e4ne im Knopfloch\u00a0und Abschiedssekt\u00a0ihren \u00fcber 80j\u00e4hrigen Betrieb eingestellt.Der nun\u00a0mitsamt seiner Familie\u00a0der\u00a0Ebertalle\u00a0228 den R\u00fccken kehrende B\u00e4ckermeister Koslowski hat 1980 bei B\u00e4cker\u00a0R\u00f6gner\u00a0mit einem\u2026","rel":"","context":"\u00c4hnlicher Beitrag","block_context":{"text":"\u00c4hnlicher Beitrag","link":""},"img":{"alt_text":"","src":"https:\/\/i0.wp.com\/www.steenkamper.de\/wp-content\/uploads\/2020\/12\/R%C3%B6gners-scaled.jpg?fit=923%2C1200&ssl=1&resize=350%2C200","width":350,"height":200,"srcset":"https:\/\/i0.wp.com\/www.steenkamper.de\/wp-content\/uploads\/2020\/12\/R%C3%B6gners-scaled.jpg?fit=923%2C1200&ssl=1&resize=350%2C200 1x, https:\/\/i0.wp.com\/www.steenkamper.de\/wp-content\/uploads\/2020\/12\/R%C3%B6gners-scaled.jpg?fit=923%2C1200&ssl=1&resize=525%2C300 1.5x, https:\/\/i0.wp.com\/www.steenkamper.de\/wp-content\/uploads\/2020\/12\/R%C3%B6gners-scaled.jpg?fit=923%2C1200&ssl=1&resize=700%2C400 2x"},"classes":[]}],"ticketed":false,"_links":{"self":[{"href":"https:\/\/www.steenkamper.de\/index.php\/wp-json\/wp\/v2\/pages\/14357","targetHints":{"allow":["GET"]}}],"collection":[{"href":"https:\/\/www.steenkamper.de\/index.php\/wp-json\/wp\/v2\/pages"}],"about":[{"href":"https:\/\/www.steenkamper.de\/index.php\/wp-json\/wp\/v2\/types\/page"}],"author":[{"embeddable":true,"href":"https:\/\/www.steenkamper.de\/index.php\/wp-json\/wp\/v2\/users\/6"}],"replies":[{"embeddable":true,"href":"https:\/\/www.steenkamper.de\/index.php\/wp-json\/wp\/v2\/comments?post=14357"}],"version-history":[{"count":32,"href":"https:\/\/www.steenkamper.de\/index.php\/wp-json\/wp\/v2\/pages\/14357\/revisions"}],"predecessor-version":[{"id":29383,"href":"https:\/\/www.steenkamper.de\/index.php\/wp-json\/wp\/v2\/pages\/14357\/revisions\/29383"}],"wp:featuredmedia":[{"embeddable":true,"href":"https:\/\/www.steenkamper.de\/index.php\/wp-json\/wp\/v2\/media\/4349"}],"wp:attachment":[{"href":"https:\/\/www.steenkamper.de\/index.php\/wp-json\/wp\/v2\/media?parent=14357"}],"curies":[{"name":"wp","href":"https:\/\/api.w.org\/{rel}","templated":true}]}}