{"id":116,"date":"2015-12-15T11:14:28","date_gmt":"2015-12-15T09:14:28","guid":{"rendered":"https:\/\/steenkamper.wordpress.com\/?page_id=116"},"modified":"2016-03-02T10:10:59","modified_gmt":"2016-03-02T09:10:59","slug":"steenkamp-singers","status":"publish","type":"page","link":"https:\/\/www.steenkamper.de\/index.php\/steenkamp-singers\/","title":{"rendered":"Steenkamp &#8211; Singers"},"content":{"rendered":"<p><b>Jeden Dienstag ab 19:30 Uhr im Steenkampsaal<br \/>\n<\/b>Leitung und Info: Kristiana G\u00e4rtner, Tel. 899 21 88<\/p>\n<p>Seit 2002 treffen wir uns zumeist regelm\u00e4\u00dfig jeden Dienstag im Steenkampsaal, um zusammen zu singen. Dabei liegt unser Schwerpunkt im Bereich Gospel. Gelegentlich singen wir auch mal etwas anderes &#8211; aber eher selten.<\/p>\n<p>Wir alle sind Gesangslaien, die ihr heutiges Stimmvolumen und die Klangharmonie im Chor, im Laufe der Zeit selber entwickelten. Wir Steenkamp-Singers, das sind bis zu 20 S\u00e4nger und S\u00e4ngerinnen verschiedenen Alters, treffen uns aus Spa\u00df am Singen. Von Zeit zu Zeit geben wir kleinere Auftritte im privaten und \u00f6ffentlichen Rahmen, zu Gottesdiesten, Geburtstagen, Feiern jeglicher Art. 2005 brachten wir unsere erste CD heraus, eine zweite ist in Planung und Arbeit. 2006 richteten wir unser erstes Benefizkonzert in der Melanchthonkirche HH-Bahrenfeld zugunsten eines Entwicklungsprojektes der Gemeinde aus. Die Reaktion der Besucher und das Ergebnis der Kollekte best\u00e4tigten uns auf unserem Weg. Wir singen, bis auf wenige Ausnahmen (Gitarre) a capella und ohne technische Hilfsmittel (Mikrofon &#8230;).<\/p>\n<p>Wir erheben keine Mitgliedsbeitr\u00e4ge und sind eine ganz lockere Truppe. Wie locker Sind Sie oder bist Du? Vielleicht passen wir zusammen?<\/p>\n<p>Wir freuen uns auf jeden Besucher auf den Proben. Vielleicht wollen ja auch Sie einmal wissen, ob sie wirklich nicht singen k\u00f6nnen &#8211; oder doch? Wir sagen: Jeder kann singen &#8211; sogar wir!<\/p>\n<p>&nbsp;<\/p>\n","protected":false},"excerpt":{"rendered":"<p>Jeden Dienstag ab 19:30 Uhr im Steenkampsaal Leitung und Info: Kristiana G\u00e4rtner, Tel. 899 21 88 Seit 2002 treffen wir uns zumeist regelm\u00e4\u00dfig jeden Dienstag im Steenkampsaal, um zusammen zu [&hellip;]<\/p>\n","protected":false},"author":1,"featured_media":0,"parent":0,"menu_order":0,"comment_status":"closed","ping_status":"closed","template":"","meta":{"_acf_changed":false,"site-sidebar-layout":"default","site-content-layout":"","ast-site-content-layout":"default","site-content-style":"default","site-sidebar-style":"default","ast-global-header-display":"","ast-banner-title-visibility":"","ast-main-header-display":"","ast-hfb-above-header-display":"","ast-hfb-below-header-display":"","ast-hfb-mobile-header-display":"","site-post-title":"","ast-breadcrumbs-content":"","ast-featured-img":"","footer-sml-layout":"","ast-disable-related-posts":"","theme-transparent-header-meta":"","adv-header-id-meta":"","stick-header-meta":"","header-above-stick-meta":"","header-main-stick-meta":"","header-below-stick-meta":"","astra-migrate-meta-layouts":"default","ast-page-background-enabled":"default","ast-page-background-meta":{"desktop":{"background-color":"var(--ast-global-color-5)","background-image":"","background-repeat":"repeat","background-position":"center center","background-size":"auto","background-attachment":"scroll","background-type":"","background-media":"","overlay-type":"","overlay-color":"","overlay-opacity":"","overlay-gradient":""},"tablet":{"background-color":"","background-image":"","background-repeat":"repeat","background-position":"center center","background-size":"auto","background-attachment":"scroll","background-type":"","background-media":"","overlay-type":"","overlay-color":"","overlay-opacity":"","overlay-gradient":""},"mobile":{"background-color":"","background-image":"","background-repeat":"repeat","background-position":"center center","background-size":"auto","background-attachment":"scroll","background-type":"","background-media":"","overlay-type":"","overlay-color":"","overlay-opacity":"","overlay-gradient":""}},"ast-content-background-meta":{"desktop":{"background-color":"var(--ast-global-color-4)","background-image":"","background-repeat":"repeat","background-position":"center center","background-size":"auto","background-attachment":"scroll","background-type":"","background-media":"","overlay-type":"","overlay-color":"","overlay-opacity":"","overlay-gradient":""},"tablet":{"background-color":"var(--ast-global-color-4)","background-image":"","background-repeat":"repeat","background-position":"center center","background-size":"auto","background-attachment":"scroll","background-type":"","background-media":"","overlay-type":"","overlay-color":"","overlay-opacity":"","overlay-gradient":""},"mobile":{"background-color":"var(--ast-global-color-4)","background-image":"","background-repeat":"repeat","background-position":"center center","background-size":"auto","background-attachment":"scroll","background-type":"","background-media":"","overlay-type":"","overlay-color":"","overlay-opacity":"","overlay-gradient":""}},"_price":"","_stock":"","_tribe_ticket_header":"","_tribe_default_ticket_provider":"","_tribe_ticket_capacity":"0","_ticket_start_date":"","_ticket_end_date":"","_tribe_ticket_show_description":"","_tribe_ticket_show_not_going":false,"_tribe_ticket_use_global_stock":"","_tribe_ticket_global_stock_level":"","_global_stock_mode":"","_global_stock_cap":"","_tribe_rsvp_for_event":"","_tribe_ticket_going_count":"","_tribe_ticket_not_going_count":"","_tribe_tickets_list":"[]","_tribe_ticket_has_attendee_info_fields":false,"jetpack_post_was_ever_published":false,"footnotes":"","_tec_slr_enabled":"","_tec_slr_layout":""},"class_list":["post-116","page","type-page","status-publish","hentry"],"acf":[],"jetpack_sharing_enabled":false,"jetpack_shortlink":"https:\/\/wp.me\/P74Wuo-1S","jetpack_likes_enabled":true,"jetpack-related-posts":[{"id":485,"url":"https:\/\/www.steenkamper.de\/index.php\/gruppen\/","url_meta":{"origin":116,"position":0},"title":"Gruppen","author":"admin","date":"18\/12\/2015","format":false,"excerpt":"F\u00fcr die Teilnahme an Gruppenangeboten ist eine Mitgliedschaft in der Heimst\u00e4ttervereinigung erforderlich! Steenkamp-Singers\u00a0Gospelchor\u00a0 Jeden Dienstag ab 19:30h im Steenkampsaal Leitung und Info: Kristiana G\u00e4rtner, Tel. 899 21 88 Kl\u00f6nschnacktreff Jeden ersten Dienstag im Monat ab 16h im Steenkampsaal Kontakt: Inga Lund-Thiele, Tel.: 8991143 Nachbarinnentreff (f\u00fcr Frauen) letztes Treffen war am\u2026","rel":"","context":"\u00c4hnlicher Beitrag","block_context":{"text":"\u00c4hnlicher Beitrag","link":""},"img":{"alt_text":"","src":"","width":0,"height":0},"classes":[]},{"id":138,"url":"https:\/\/www.steenkamper.de\/index.php\/kloenschnacktreff\/","url_meta":{"origin":116,"position":1},"title":"Kl\u00f6nschnacktreff","author":"admin","date":"15\/12\/2015","format":false,"excerpt":"Treffen jeden ersten Dienstag im Monat ab 16h im Steenkampsaal Kontakt: Inga Lund-Thiele, Tel.: 8991143 lund.thiele(at)posteo.de Zum Kl\u00f6nschnack treffen sich hier Jung und alt, um in gem\u00fctlicher Runde bei Kaffee und Kuchen zusammen zu sitzen. Es gibt keine festen Themen. Fr\u00fcher trafen wir uns beim Einkauf in der Pro, dem\u2026","rel":"","context":"\u00c4hnlicher Beitrag","block_context":{"text":"\u00c4hnlicher Beitrag","link":""},"img":{"alt_text":"","src":"https:\/\/i0.wp.com\/www.steenkamper.de\/wp-content\/uploads\/2020\/08\/Kl%C3%B6nschnack-1024x665.jpg?resize=350%2C200&ssl=1","width":350,"height":200,"srcset":"https:\/\/i0.wp.com\/www.steenkamper.de\/wp-content\/uploads\/2020\/08\/Kl%C3%B6nschnack-1024x665.jpg?resize=350%2C200&ssl=1 1x, https:\/\/i0.wp.com\/www.steenkamper.de\/wp-content\/uploads\/2020\/08\/Kl%C3%B6nschnack-1024x665.jpg?resize=525%2C300&ssl=1 1.5x, https:\/\/i0.wp.com\/www.steenkamper.de\/wp-content\/uploads\/2020\/08\/Kl%C3%B6nschnack-1024x665.jpg?resize=700%2C400&ssl=1 2x"},"classes":[]},{"id":9134,"url":"https:\/\/www.steenkamper.de\/index.php\/termine-2019\/","url_meta":{"origin":116,"position":2},"title":"Termine 2019","author":"Max","date":"11\/11\/2019","format":false,"excerpt":"(Link zu: \"das war 2018\") 2019 Januar20.12.2018 - 4.1.2019 Schulferien8.4. \u00f6ffentliche Vorstandssitzung im Saal 20h16.1. Ausschusstreffen Fl\u00fcchtlingsausschuss\u00a019.30h26.1. H\u00e4ppchen-Salon 20h27.1.\u00a0Caf\u00e9 \"Vogelweide\" im Steenkampsaal\u00a015-17h Februar10.2. Kinderfasching 15h12.2. Puppentheater 16h16.2. AUSR\u00c4UM-AKTION im Saal 11h18.2. \u2013 20.3. wg. Renovierung: Saal GESPERRT!!!\u26a0\ufe0f 24.2. Caf\u00e9 \"Vogelweide\" im Steenkampsaal\u00a015-17hdiesmal in der \"Freien evangelischen Gemeinde\" Kielkamp 49 M\u00e4rz2.-17.3.\u2026","rel":"","context":"\u00c4hnlicher Beitrag","block_context":{"text":"\u00c4hnlicher Beitrag","link":""},"img":{"alt_text":"","src":"","width":0,"height":0},"classes":[]},{"id":495,"url":"https:\/\/www.steenkamper.de\/index.php\/theater\/","url_meta":{"origin":116,"position":3},"title":"Theater","author":"admin","date":"18\/12\/2015","format":false,"excerpt":"IdeenReich B\u00fchnenkunst\u00a0ist seit 2012 eine neue Gruppe der Heimst\u00e4ttervereinigung e.V. Kontakt:\u00a0Christiane Westphal, Tel.: 890 189 78\u00a0 \u00a0 Der Name dr\u00fcckt es aus:\u00a0Reich an Ideen\u00a0zeigen wir\u00a0Kunst\u00a0auf der B\u00fchne. Unser Interesse gilt besonders eigenen Projekten, mit denen sich alle Mitglieder identifizieren k\u00f6nnen. Menschen, Emotionen, Ereignisse bieten viel Raum, mit verschiedenen Spielmitteln und\u2026","rel":"","context":"\u00c4hnlicher Beitrag","block_context":{"text":"\u00c4hnlicher Beitrag","link":""},"img":{"alt_text":"","src":"","width":0,"height":0},"classes":[]},{"id":9143,"url":"https:\/\/www.steenkamper.de\/index.php\/jubilaeumsveranstaltungen\/","url_meta":{"origin":116,"position":4},"title":"Jubil\u00e4umsveranstaltungen","author":"Max","date":"11\/11\/2019","format":false,"excerpt":"100 Jahre Steenkampsiedlung 1920 - 2020 Den wunderbaren Auftakt unseres Jubil\u00e4umsjahres bildete der Neujahrsempfang im Januar, weiter ging es mit einem spannenden Vortr\u00e4gen zur Siedlungsgeschichte, dem Swing-Tanz-Salon und wir konnten unsere 100 Jahre auch noch zusammen mit dem 4j\u00e4hrigen Jubil\u00e4um \u201eCaf\u00e9 Vogelweide\u201c feiern, gemeinsam mit der Blecheisenbahn spielen und uns\u2026","rel":"","context":"\u00c4hnlicher Beitrag","block_context":{"text":"\u00c4hnlicher Beitrag","link":""},"img":{"alt_text":"","src":"https:\/\/i0.wp.com\/www.steenkamper.de\/wp-content\/uploads\/2019\/12\/logo-steenkamp-jubilaeum-KLEIN.png?resize=350%2C200&ssl=1","width":350,"height":200,"srcset":"https:\/\/i0.wp.com\/www.steenkamper.de\/wp-content\/uploads\/2019\/12\/logo-steenkamp-jubilaeum-KLEIN.png?resize=350%2C200&ssl=1 1x, https:\/\/i0.wp.com\/www.steenkamper.de\/wp-content\/uploads\/2019\/12\/logo-steenkamp-jubilaeum-KLEIN.png?resize=525%2C300&ssl=1 1.5x, https:\/\/i0.wp.com\/www.steenkamper.de\/wp-content\/uploads\/2019\/12\/logo-steenkamp-jubilaeum-KLEIN.png?resize=700%2C400&ssl=1 2x, https:\/\/i0.wp.com\/www.steenkamper.de\/wp-content\/uploads\/2019\/12\/logo-steenkamp-jubilaeum-KLEIN.png?resize=1050%2C600&ssl=1 3x"},"classes":[]},{"id":20,"url":"https:\/\/www.steenkamper.de\/index.php\/verein\/","url_meta":{"origin":116,"position":5},"title":"Verein","author":"admin","date":"14\/12\/2015","format":false,"excerpt":"Die Heimst\u00e4ttervereinigung Steenkamp e.V. ist die Keimzelle der Steenkampsiedlung und der SAGA. Seit Bestehen des Vereines (1920) ist Ihr Sinn und Zweck in der Satzung fest gelegt:\u00a0 \u201cDer Verein will durch den Zusammenschluss der Heimst\u00e4tter und Heimst\u00e4tterinnen in der Siedlung Steenkamp eine gemeinsame Interessenvertretung der Mieter und Mieterinnen, der Eigent\u00fcmer\u2026","rel":"","context":"\u00c4hnlicher Beitrag","block_context":{"text":"\u00c4hnlicher Beitrag","link":""},"img":{"alt_text":"","src":"https:\/\/i1.wp.com\/www.steenkamper.de\/wp-content\/uploads\/2020\/09\/qrIBAN.jpg?resize=350%2C200&ssl=1","width":350,"height":200},"classes":[]}],"ticketed":false,"_links":{"self":[{"href":"https:\/\/www.steenkamper.de\/index.php\/wp-json\/wp\/v2\/pages\/116","targetHints":{"allow":["GET"]}}],"collection":[{"href":"https:\/\/www.steenkamper.de\/index.php\/wp-json\/wp\/v2\/pages"}],"about":[{"href":"https:\/\/www.steenkamper.de\/index.php\/wp-json\/wp\/v2\/types\/page"}],"author":[{"embeddable":true,"href":"https:\/\/www.steenkamper.de\/index.php\/wp-json\/wp\/v2\/users\/1"}],"replies":[{"embeddable":true,"href":"https:\/\/www.steenkamper.de\/index.php\/wp-json\/wp\/v2\/comments?post=116"}],"version-history":[{"count":2,"href":"https:\/\/www.steenkamper.de\/index.php\/wp-json\/wp\/v2\/pages\/116\/revisions"}],"predecessor-version":[{"id":1865,"href":"https:\/\/www.steenkamper.de\/index.php\/wp-json\/wp\/v2\/pages\/116\/revisions\/1865"}],"wp:attachment":[{"href":"https:\/\/www.steenkamper.de\/index.php\/wp-json\/wp\/v2\/media?parent=116"}],"curies":[{"name":"wp","href":"https:\/\/api.w.org\/{rel}","templated":true}]}}

<p><b>Jeden Dienstag ab 19:30 Uhr im Steenkampsaal<br />
</b>Leitung und Info: Kristiana Gärtner, Tel. 899 21 88</p>
<p>Seit 2002 treffen wir uns zumeist regelmäßig jeden Dienstag im Steenkampsaal, um zusammen zu singen. Dabei liegt unser Schwerpunkt im Bereich Gospel. Gelegentlich singen wir auch mal etwas anderes &#8211; aber eher selten.</p>
<p>Wir alle sind Gesangslaien, die ihr heutiges Stimmvolumen und die Klangharmonie im Chor, im Laufe der Zeit selber entwickelten. Wir Steenkamp-Singers, das sind bis zu 20 Sänger und Sängerinnen verschiedenen Alters, treffen uns aus Spaß am Singen. Von Zeit zu Zeit geben wir kleinere Auftritte im privaten und öffentlichen Rahmen, zu Gottesdiesten, Geburtstagen, Feiern jeglicher Art. 2005 brachten wir unsere erste CD heraus, eine zweite ist in Planung und Arbeit. 2006 richteten wir unser erstes Benefizkonzert in der Melanchthonkirche HH-Bahrenfeld zugunsten eines Entwicklungsprojektes der Gemeinde aus. Die Reaktion der Besucher und das Ergebnis der Kollekte bestätigten uns auf unserem Weg. Wir singen, bis auf wenige Ausnahmen (Gitarre) a capella und ohne technische Hilfsmittel (Mikrofon &#8230;).</p>
<p>Wir erheben keine Mitgliedsbeiträge und sind eine ganz lockere Truppe. Wie locker Sind Sie oder bist Du? Vielleicht passen wir zusammen?</p>
<p>Wir freuen uns auf jeden Besucher auf den Proben. Vielleicht wollen ja auch Sie einmal wissen, ob sie wirklich nicht singen können &#8211; oder doch? Wir sagen: Jeder kann singen &#8211; sogar wir!</p>
<p>&nbsp;</p>

<p>Jeden Dienstag ab 19:30 Uhr im Steenkampsaal Leitung und Info: Kristiana Gärtner, Tel. 899 21 88 Seit 2002 treffen wir uns zumeist regelmäßig jeden Dienstag im Steenkampsaal, um zusammen zu [&hellip;]</p>

Für die Teilnahme an Gruppenangeboten ist eine Mitgliedschaft in der Heimstättervereinigung erforderlich! Steenkamp-Singers Gospelchor  Jeden Dienstag ab 19:30h im Steenkampsaal Leitung und Info: Kristiana Gärtner, Tel. 899 21 88 Klönschnacktreff Jeden ersten Dienstag im Monat ab 16h im Steenkampsaal Kontakt: Inga Lund-Thiele, Tel.: 8991143 Nachbarinnentreff (für Frauen) letztes Treffen war am…

Ähnlicher Beitrag

Klönschnacktreff

Treffen jeden ersten Dienstag im Monat ab 16h im Steenkampsaal Kontakt: Inga Lund-Thiele, Tel.: 8991143 lund.thiele(at)posteo.de Zum Klönschnack treffen sich hier Jung und alt, um in gemütlicher Runde bei Kaffee und Kuchen zusammen zu sitzen. Es gibt keine festen Themen. Früher trafen wir uns beim Einkauf in der Pro, dem…

(Link zu: "das war 2018") 2019 Januar20.12.2018 - 4.1.2019 Schulferien8.4. öffentliche Vorstandssitzung im Saal 20h16.1. Ausschusstreffen Flüchtlingsausschuss 19.30h26.1. Häppchen-Salon 20h27.1. Café "Vogelweide" im Steenkampsaal 15-17h Februar10.2. Kinderfasching 15h12.2. Puppentheater 16h16.2. AUSRÄUM-AKTION im Saal 11h18.2. – 20.3. wg. Renovierung: Saal GESPERRT!!!⚠️ 24.2. Café "Vogelweide" im Steenkampsaal 15-17hdiesmal in der "Freien evangelischen Gemeinde" Kielkamp 49 März2.-17.3.…

IdeenReich Bühnenkunst ist seit 2012 eine neue Gruppe der Heimstättervereinigung e.V. Kontakt: Christiane Westphal, Tel.: 890 189 78    Der Name drückt es aus: Reich an Ideen zeigen wir Kunst auf der Bühne. Unser Interesse gilt besonders eigenen Projekten, mit denen sich alle Mitglieder identifizieren können. Menschen, Emotionen, Ereignisse bieten viel Raum, mit verschiedenen Spielmitteln und…

Jubiläumsveranstaltungen

100 Jahre Steenkampsiedlung 1920 - 2020 Den wunderbaren Auftakt unseres Jubiläumsjahres bildete der Neujahrsempfang im Januar, weiter ging es mit einem spannenden Vorträgen zur Siedlungsgeschichte, dem Swing-Tanz-Salon und wir konnten unsere 100 Jahre auch noch zusammen mit dem 4jährigen Jubiläum „Café Vogelweide“ feiern, gemeinsam mit der Blecheisenbahn spielen und uns…

Die Heimstättervereinigung Steenkamp e.V. ist die Keimzelle der Steenkampsiedlung und der SAGA. Seit Bestehen des Vereines (1920) ist Ihr Sinn und Zweck in der Satzung fest gelegt:  “Der Verein will durch den Zusammenschluss der Heimstätter und Heimstätterinnen in der Siedlung Steenkamp eine gemeinsame Interessenvertretung der Mieter und Mieterinnen, der Eigentümer…
