{"id":1108,"date":"2016-01-06T12:52:40","date_gmt":"2016-01-06T11:52:40","guid":{"rendered":"http:\/\/wp.steenkamper.de\/?page_id=1108"},"modified":"2016-01-06T12:52:40","modified_gmt":"2016-01-06T11:52:40","slug":"85-jahre-steenkampsiedlung-2005","status":"publish","type":"page","link":"https:\/\/www.steenkamper.de\/index.php\/85-jahre-steenkampsiedlung-2005\/","title":{"rendered":"85 Jahre Steenkampsiedlung 2005"},"content":{"rendered":"<p>Aus dem Steenkamp Ausgabe 1\/2005<br \/>\nText: Matthias Raabe<br \/>\nFotos: stellt Frau Balj\u00f6hr zur Verf\u00fcgung<\/p>\n<div class=\"page\" title=\"Page 6\">\n<div class=\"layoutArea\">\n<div class=\"column\">\n<p><strong>85 Jahre Steenkampsiedlung<\/strong><\/p>\n<p>Was k\u00f6nnen uns 85 Jahre Steenkampsiedlung bedeuten? Ein Grund zum Feiern? Einige Gedanken dazu &#8230;<\/p>\n<p>Der erste Weltkrieg war vorbei, und den Heimkehrern sollte eine Heimat angeboten werden, in der sie zusammen mit ihren Familien ein fortan erholsames Leben f\u00fchren k\u00f6nnen sollten. Zur Gartenbauaustellung 1914 in Hamburg fand zu diesem Thema eine Architektenausschreibung statt. Gewinner wurden die Musterh\u00e4user, die heute noch in unver\u00e4nderter Form im Riemenschneiderstieg zu sehen sind.<\/p>\n<p>Man entschied sich jedoch f\u00fcr eine ge\u00e4nderte Bauform. Einheitliche Bema\u00dfungen sollten eine kostenoptimierte Bauweise gew\u00e4hrleisten. Baumaterial war unter anderem Schlackebeton \u2013 kosteng\u00fcnstig und aus naher Quelle beziehbar. Die G\u00e4rten sah man zum Anbau von Obst und Gem\u00fcse vor, am Gartenende ein kleiner Stall f\u00fcr Kaninchen oder H\u00fchner. Es gab eine eigene Versorgergenossenschaft, \u00c4rzte, Lebensmittell\u00e4den. Eine kleine,\u00a0eigenst\u00e4ndige Siedlung vor den\u00a0Toren Altonas also. Sp\u00e4ter sollten\u00a0die Wohnungen in Eigentum der\u00a0Mieter \u00fcbergehen. \u00dcber dem\u00a0Steenkampsaal hatte die Verwaltung ihren Sitz, die sp\u00e4tere SAGA.\u00a0Der Saal war, wie auch heute<br \/>\nnoch, als Zentraler Treffpunkt f\u00fcr\u00a0alle Siedler gedacht. Daneben die\u00a0Wirtschaft, schr\u00e4g gegen\u00fcber die\u00a0\u201eProduktion\u201c mit zwei weiteren Lebensmittelgesch\u00e4ften u.s.w.\u00a0Sp\u00e4ter kam der Grotenkamp hinzu, bald gingen die Wohnungen\u00a0des Riemenschneiderstieg in Privateigentum \u00fcber.\u00a0Viele Jahrzehnte lang blieb die Steenkampsiedlung ein Vorzeigeobjekt bautechnischer und bauplanerischer Perfektion, wurde von seinen Mietern (daP- mals Siedler genannt) liebevoll gepflegt. Zu Festen schm\u00fcckte man die H\u00e4user und Stra\u00dfenz\u00fcge \u00fcppig. Die SAGA betrieb dort, wo heute das Kinderhaus Wichmannstra\u00dfe steht, eine eigene Werkstatt, die mit viel Liebe und eigenen Handwerkern die H\u00e4user instand hielt.<\/p>\n<p><img data-recalc-dims=\"1\" fetchpriority=\"high\" decoding=\"async\" data-attachment-id=\"1124\" data-permalink=\"https:\/\/www.steenkamper.de\/index.php\/85-jahre-steenkampsiedlung-2005\/85_2\/\" data-orig-file=\"https:\/\/i0.wp.com\/www.steenkamper.de\/wp-content\/uploads\/2016\/01\/85_2.jpg?fit=357%2C230&amp;ssl=1\" data-orig-size=\"357,230\" data-comments-opened=\"1\" data-image-meta=\"{&quot;aperture&quot;:&quot;0&quot;,&quot;credit&quot;:&quot;&quot;,&quot;camera&quot;:&quot;&quot;,&quot;caption&quot;:&quot;&quot;,&quot;created_timestamp&quot;:&quot;0&quot;,&quot;copyright&quot;:&quot;&quot;,&quot;focal_length&quot;:&quot;0&quot;,&quot;iso&quot;:&quot;0&quot;,&quot;shutter_speed&quot;:&quot;0&quot;,&quot;title&quot;:&quot;&quot;,&quot;orientation&quot;:&quot;0&quot;}\" data-image-title=\"85_2\" data-image-description=\"\" data-image-caption=\"\" data-large-file=\"https:\/\/i0.wp.com\/www.steenkamper.de\/wp-content\/uploads\/2016\/01\/85_2.jpg?fit=357%2C230&amp;ssl=1\" class=\"alignnone size-medium wp-image-1124\" src=\"https:\/\/i0.wp.com\/wp.steenkamper.de\/wp-content\/uploads\/2016\/01\/85_2-300x193.jpg?resize=300%2C193\" alt=\"85_2\" width=\"300\" height=\"193\" srcset=\"https:\/\/i0.wp.com\/www.steenkamper.de\/wp-content\/uploads\/2016\/01\/85_2.jpg?resize=300%2C193&amp;ssl=1 300w, https:\/\/i0.wp.com\/www.steenkamper.de\/wp-content\/uploads\/2016\/01\/85_2.jpg?w=357&amp;ssl=1 357w\" sizes=\"(max-width: 300px) 100vw, 300px\" \/><\/p>\n<p>&nbsp;<\/p>\n<\/div>\n<\/div>\n<div class=\"section\">\n<div class=\"layoutArea\">\n<div class=\"column\">\n<p>Die gesamte Siedlung war als Wohnsiedlung konzipiert. Somit entfiel der kostenaufw\u00e4ndige Bau von breiten, befestigten Stra\u00dfen. Lediglich der Steenkamp erhielt B\u00fcrgersteige und eine breite Wegf\u00fchrung. Draus erkl\u00e4rt sich auch der heutige Parkplatzmangel.<br \/>\nErst sp\u00e4ter, nach dem Bau des Grotenkamp, erhielt die Siedlung die Schule (damals Schule Osdorfer Weg 24), die teilweise auf moorigem Untergrund errichtet wurde und deswegen heute teils statische Probleme aufzeigt. Seinerzeit lebten in jeder Wohnung teils mehrere Familien, es gab eine Kohle- Warmluftheizung (wenn \u00fcberhaupt), einen Kaltwasseranschluss mit Handstein und Kohleherd in der K\u00fcche, eventuell eine Badewanne auf F\u00fc\u00dfen, daneben anstatt eines Waschbeckens eine Wassersch\u00fcssel mit Wasserkrug zum Waschen und die Toilette &#8230;<\/p>\n<\/div>\n<\/div>\n<\/div>\n<\/div>\n<div class=\"page\" title=\"Page 7\">\n<div class=\"layoutArea\">\n<div class=\"column\">\n<p>&nbsp;<\/p>\n<p>Erst nach und nach modernisierten \u2013 zumeist die Mieter selber \u2013 ihre Wohnungen. Die Werkstatt der SAGA brannte eines Tages ab. Folge war, dass Re\u00fcaraturen bald nur noch von Fremdfirmen erledigt wurden. Die meisten Arbeiten jedoch erledigten die Mieter lieber selber \u2013 da wusste man wenigstens, was man bekam.<\/p>\n<p><img data-recalc-dims=\"1\" decoding=\"async\" data-attachment-id=\"1123\" data-permalink=\"https:\/\/www.steenkamper.de\/index.php\/85-jahre-steenkampsiedlung-2005\/85_1\/\" data-orig-file=\"https:\/\/i0.wp.com\/www.steenkamper.de\/wp-content\/uploads\/2016\/01\/85_1.jpg?fit=390%2C306&amp;ssl=1\" data-orig-size=\"390,306\" data-comments-opened=\"1\" data-image-meta=\"{&quot;aperture&quot;:&quot;0&quot;,&quot;credit&quot;:&quot;&quot;,&quot;camera&quot;:&quot;&quot;,&quot;caption&quot;:&quot;&quot;,&quot;created_timestamp&quot;:&quot;0&quot;,&quot;copyright&quot;:&quot;&quot;,&quot;focal_length&quot;:&quot;0&quot;,&quot;iso&quot;:&quot;0&quot;,&quot;shutter_speed&quot;:&quot;0&quot;,&quot;title&quot;:&quot;&quot;,&quot;orientation&quot;:&quot;0&quot;}\" data-image-title=\"85_1\" data-image-description=\"\" data-image-caption=\"\" data-large-file=\"https:\/\/i0.wp.com\/www.steenkamper.de\/wp-content\/uploads\/2016\/01\/85_1.jpg?fit=390%2C306&amp;ssl=1\" class=\"alignnone size-medium wp-image-1123\" src=\"https:\/\/i0.wp.com\/wp.steenkamper.de\/wp-content\/uploads\/2016\/01\/85_1-300x235.jpg?resize=300%2C235\" alt=\"85_1\" width=\"300\" height=\"235\" srcset=\"https:\/\/i0.wp.com\/www.steenkamper.de\/wp-content\/uploads\/2016\/01\/85_1.jpg?resize=300%2C235&amp;ssl=1 300w, https:\/\/i0.wp.com\/www.steenkamper.de\/wp-content\/uploads\/2016\/01\/85_1.jpg?w=390&amp;ssl=1 390w\" sizes=\"(max-width: 300px) 100vw, 300px\" \/>\u00a0\u00a0<img data-recalc-dims=\"1\" decoding=\"async\" data-attachment-id=\"1122\" data-permalink=\"https:\/\/www.steenkamper.de\/index.php\/85-jahre-steenkampsiedlung-2005\/85_3\/\" data-orig-file=\"https:\/\/i0.wp.com\/www.steenkamper.de\/wp-content\/uploads\/2016\/01\/85_3.jpg?fit=325%2C246&amp;ssl=1\" data-orig-size=\"325,246\" data-comments-opened=\"1\" data-image-meta=\"{&quot;aperture&quot;:&quot;0&quot;,&quot;credit&quot;:&quot;&quot;,&quot;camera&quot;:&quot;&quot;,&quot;caption&quot;:&quot;&quot;,&quot;created_timestamp&quot;:&quot;0&quot;,&quot;copyright&quot;:&quot;&quot;,&quot;focal_length&quot;:&quot;0&quot;,&quot;iso&quot;:&quot;0&quot;,&quot;shutter_speed&quot;:&quot;0&quot;,&quot;title&quot;:&quot;&quot;,&quot;orientation&quot;:&quot;0&quot;}\" data-image-title=\"85_3\" data-image-description=\"\" data-image-caption=\"\" data-large-file=\"https:\/\/i0.wp.com\/www.steenkamper.de\/wp-content\/uploads\/2016\/01\/85_3.jpg?fit=325%2C246&amp;ssl=1\" class=\"alignnone size-medium wp-image-1122\" src=\"https:\/\/i0.wp.com\/wp.steenkamper.de\/wp-content\/uploads\/2016\/01\/85_3-300x227.jpg?resize=300%2C227\" alt=\"85_3\" width=\"300\" height=\"227\" srcset=\"https:\/\/i0.wp.com\/www.steenkamper.de\/wp-content\/uploads\/2016\/01\/85_3.jpg?resize=300%2C227&amp;ssl=1 300w, https:\/\/i0.wp.com\/www.steenkamper.de\/wp-content\/uploads\/2016\/01\/85_3.jpg?w=325&amp;ssl=1 325w\" sizes=\"(max-width: 300px) 100vw, 300px\" \/><\/p>\n<p>Das ist ein ganz kleiner Ausschnitt aus der Geschichte unserer Siedlung. Beiweitem nicht vollst\u00e4ndig. Aber doch interessant, oder? Deswegen m\u00f6chten wir zum Jubil\u00e4um der Steenkampsiedlung und der Heimst\u00e4ttervereinigung Steenkamp e.V. F\u00fchrungen durch unsere Siedlung anbieten. Besonders interessant sicher f\u00fcr unsere Nachbarn, die neu in die Siedlung gezogen sind.<\/p>\n<p>&nbsp;<\/p>\n<\/div>\n<\/div>\n<\/div>\n","protected":false},"excerpt":{"rendered":"<p>Aus dem Steenkamp Ausgabe 1\/2005 Text: Matthias Raabe Fotos: stellt Frau Balj\u00f6hr zur Verf\u00fcgung 85 Jahre Steenkampsiedlung Was k\u00f6nnen uns 85 Jahre Steenkampsiedlung bedeuten? Ein Grund zum Feiern? Einige Gedanken&#8230; <\/p>\n<p><a class=\"teaser-more\" href=\"https:\/\/www.steenkamper.de\/index.php\/85-jahre-steenkampsiedlung-2005\/\">weiter lesen<\/a><\/p>\n","protected":false},"author":6,"featured_media":0,"parent":0,"menu_order":0,"comment_status":"closed","ping_status":"closed","template":"","meta":{"_acf_changed":false,"_price":"","_stock":"","_tribe_ticket_header":"","_tribe_default_ticket_provider":"","_tribe_ticket_capacity":"0","_ticket_start_date":"","_ticket_end_date":"","_tribe_ticket_show_description":"","_tribe_ticket_show_not_going":false,"_tribe_ticket_use_global_stock":"","_tribe_ticket_global_stock_level":"","_global_stock_mode":"","_global_stock_cap":"","_tribe_rsvp_for_event":"","_tribe_ticket_going_count":"","_tribe_ticket_not_going_count":"","_tribe_tickets_list":"[]","_tribe_ticket_has_attendee_info_fields":false,"jetpack_post_was_ever_published":false,"footnotes":"","_tec_slr_enabled":"","_tec_slr_layout":""},"class_list":["post-1108","page","type-page","status-publish","hentry"],"acf":[],"jetpack_sharing_enabled":false,"jetpack_shortlink":"https:\/\/wp.me\/P74Wuo-hS","jetpack_likes_enabled":true,"jetpack-related-posts":[{"id":17778,"url":"https:\/\/www.steenkamper.de\/index.php\/science-city-bahrenfeld\/","url_meta":{"origin":1108,"position":0},"title":"Science City Bahrenfeld","author":"Max","date":"31\/12\/2021","format":false,"excerpt":"Ausschuss \u201eScience City und die Steenkampsiedlung\"Kontakt: Alexander SchwertnerEbertallee 187\u00a0 Email:\u00a0alschwert(at)gmx.de siehe \u201eDer Steenkamper\u201c Ausgabe 1\/2024 Seite 24&25 aus der Mitgliederzeitung \u201eDer Steenkamper\u201c Ausgabe 2\/2022 Seite 18 Bitte nutzt die Kommentarfunktion (unten) um wichtige Punkte noch zu erg\u00e4nzen!Damit unsere Steenkamper-Interessen mit in die Planungen einflie\u00dfen k\u00f6nnen, soll demn\u00e4chst ein Positionspapier an\u2026","rel":"","context":"Mit 1 Kommentar","block_context":{"text":"Mit 1 Kommentar","link":"https:\/\/www.steenkamper.de\/index.php\/science-city-bahrenfeld\/#comments"},"img":{"alt_text":"","src":"https:\/\/i0.wp.com\/www.steenkamper.de\/wp-content\/uploads\/2024\/01\/AusschussScienCity.png?resize=350%2C200&ssl=1","width":350,"height":200,"srcset":"https:\/\/i0.wp.com\/www.steenkamper.de\/wp-content\/uploads\/2024\/01\/AusschussScienCity.png?resize=350%2C200&ssl=1 1x, https:\/\/i0.wp.com\/www.steenkamper.de\/wp-content\/uploads\/2024\/01\/AusschussScienCity.png?resize=525%2C300&ssl=1 1.5x, https:\/\/i0.wp.com\/www.steenkamper.de\/wp-content\/uploads\/2024\/01\/AusschussScienCity.png?resize=700%2C400&ssl=1 2x, https:\/\/i0.wp.com\/www.steenkamper.de\/wp-content\/uploads\/2024\/01\/AusschussScienCity.png?resize=1050%2C600&ssl=1 3x, https:\/\/i0.wp.com\/www.steenkamper.de\/wp-content\/uploads\/2024\/01\/AusschussScienCity.png?resize=1400%2C800&ssl=1 4x"},"classes":[]},{"id":10803,"url":"https:\/\/www.steenkamper.de\/index.php\/georg-hempel\/","url_meta":{"origin":1108,"position":1},"title":"Georg Hempel","author":"Max","date":"17\/05\/2020","format":false,"excerpt":"(geb. am 28.09.1894 in Altona, gestorben am 30.12.1969 in Hamburg) war ein Steenkamper K\u00fcnstler, der seit 1923 bis zu seinem Tod Im Winkel 27 (heute Rosenwinkel) lebte. Georg Hempel fertigte haupts\u00e4chlich Scherenschnitte, gestaltete aber auch B\u00fccher und stellte kunstgewerbliche Arbeiten und Schmuck her. Georg Hempel Foto: Ulrich Blievernicht\u00a0 Georg Hempel\u2026","rel":"","context":"\u00c4hnlicher Beitrag","block_context":{"text":"\u00c4hnlicher Beitrag","link":""},"img":{"alt_text":"","src":"https:\/\/i0.wp.com\/www.steenkamper.de\/wp-content\/uploads\/2020\/06\/HempelScherenschnitte.png?resize=350%2C200&ssl=1","width":350,"height":200,"srcset":"https:\/\/i0.wp.com\/www.steenkamper.de\/wp-content\/uploads\/2020\/06\/HempelScherenschnitte.png?resize=350%2C200&ssl=1 1x, https:\/\/i0.wp.com\/www.steenkamper.de\/wp-content\/uploads\/2020\/06\/HempelScherenschnitte.png?resize=525%2C300&ssl=1 1.5x, https:\/\/i0.wp.com\/www.steenkamper.de\/wp-content\/uploads\/2020\/06\/HempelScherenschnitte.png?resize=700%2C400&ssl=1 2x"},"classes":[]},{"id":14074,"url":"https:\/\/www.steenkamper.de\/index.php\/festschrift-100-jahre-steenkampsiedlung\/","url_meta":{"origin":1108,"position":2},"title":"Festschrift 100 Jahre Steenkampsiedlung","author":"Max","date":"07\/01\/2021","format":false,"excerpt":"Eine einzigartige Festschrift zum 100. Geburtstag der Steenkampsiedlung. Sebastian Buchholz hat f\u00fcr die Heimst\u00e4ttervereinigung Steenkamp Historisches, Erlebtes und Zeitdokumente aus dem umfangreichen Archiv der Heimst\u00e4ttervereinigung und vielen neuen Quellen zusammengetragen. Es ist ein bunter Blumenstrau\u00df mit Blick auf die sozialen, kulturellen und geschichtlichen Geschehnisse und die Ver\u00e4nderungen in der Steenkampsiedlung\u2026","rel":"","context":"\u00c4hnlicher Beitrag","block_context":{"text":"\u00c4hnlicher Beitrag","link":""},"img":{"alt_text":"","src":"https:\/\/i0.wp.com\/www.steenkamper.de\/wp-content\/uploads\/2021\/11\/100JahreBanner-KL.jpg?fit=800%2C320&ssl=1&resize=350%2C200","width":350,"height":200,"srcset":"https:\/\/i0.wp.com\/www.steenkamper.de\/wp-content\/uploads\/2021\/11\/100JahreBanner-KL.jpg?fit=800%2C320&ssl=1&resize=350%2C200 1x, https:\/\/i0.wp.com\/www.steenkamper.de\/wp-content\/uploads\/2021\/11\/100JahreBanner-KL.jpg?fit=800%2C320&ssl=1&resize=525%2C300 1.5x, https:\/\/i0.wp.com\/www.steenkamper.de\/wp-content\/uploads\/2021\/11\/100JahreBanner-KL.jpg?fit=800%2C320&ssl=1&resize=700%2C400 2x"},"classes":[]},{"id":264,"url":"https:\/\/www.steenkamper.de\/index.php\/baulicher-erhaelt-der-siedlung\/","url_meta":{"origin":1108,"position":3},"title":"Baulicher Erhalt der Siedlung","author":"Max","date":"15\/12\/2015","format":false,"excerpt":"Das charmante, zusammenh\u00e4ngende Erscheinungsbild unserer Siedlung ist neben der zentralen Lage ein gro\u00dfes Qualit\u00e4tsmerkmal unserer Siedlung. Allerdings ist bereits sehr viel von dem einheitlichen Charakter der Siedlung verloren gegangen, da \u00fcber viele Jahre die Instandhaltungs- und Umbauma\u00dfnahmen ohne Vorgaben durchgef\u00fchrt wurden. Um diesen Prozess umzukehren, wurde im Jahr 2001 eine\u2026","rel":"","context":"\u00c4hnlicher Beitrag","block_context":{"text":"\u00c4hnlicher Beitrag","link":""},"img":{"alt_text":"Claus Thiel","src":"https:\/\/i0.wp.com\/wp.steenkamper.de\/wp-content\/uploads\/2015\/12\/2003-04-01-im-hag-schuppenrenov-02-300x225.jpg?resize=350%2C200","width":350,"height":200},"classes":[]},{"id":463,"url":"https:\/\/www.steenkamper.de\/index.php\/pressespiegel\/","url_meta":{"origin":1108,"position":4},"title":"Pressespiegel","author":"admin","date":"17\/12\/2015","format":false,"excerpt":"Hamburger Bauheft Nr. 40 erschienen 3\/2023 Hamburger Wochenblatt vom 11.5.2023\u201eVon der Sozialutopie zur gebauten Wirklichkeit\u201c Hamburger Abendblatt 18.3.2023 NDR Hamburg Journal vom 14.11.2022 https:\/\/www.ndr.de\/nachrichten\/hamburg\/Sorgen-Navigationsgeraete-fuer-mehr-Stau-im-Hamburger-Westen,stau1506.html NDR Hamburg Journal vom 14.11.2022 Hamburger Abendblatt vom 14.11.2022 16.7.2022 Elbe Wochenblatt aus dem MieterJournal Juni 2022 Die Zeit Online schreibt am 16.6.2022 \u201eversteckt in Bahrenfeld\u2026","rel":"","context":"\u00c4hnlicher Beitrag","block_context":{"text":"\u00c4hnlicher Beitrag","link":""},"img":{"alt_text":"","src":"https:\/\/i0.wp.com\/www.steenkamper.de\/wp-content\/uploads\/2022\/03\/img_2834-1.jpg?resize=350%2C200&ssl=1","width":350,"height":200,"srcset":"https:\/\/i0.wp.com\/www.steenkamper.de\/wp-content\/uploads\/2022\/03\/img_2834-1.jpg?resize=350%2C200&ssl=1 1x, https:\/\/i0.wp.com\/www.steenkamper.de\/wp-content\/uploads\/2022\/03\/img_2834-1.jpg?resize=525%2C300&ssl=1 1.5x, https:\/\/i0.wp.com\/www.steenkamper.de\/wp-content\/uploads\/2022\/03\/img_2834-1.jpg?resize=700%2C400&ssl=1 2x"},"classes":[]},{"id":457,"url":"https:\/\/www.steenkamper.de\/index.php\/strassennamen\/","url_meta":{"origin":1108,"position":5},"title":"Stra\u00dfennamen","author":"admin","date":"17\/12\/2015","format":false,"excerpt":"Was bedeuten die Stra\u00dfennamen in der Steenkampsiedlung? Einige der Stra\u00dfen wurden, insbesondere nach der Eingliederung von Altona nach Hamburg, umbenannt. Hier einiges Wissenswerte.Quelle: Festschrift \u201e100 Jahre Steenkamp\u201c Am Quickborn Am Quickbornbenannt 1920. Abgeleitet von Born = Quelle, Brunnen oder Wasserstelle. Laut schriftlicher \u00dcberlieferungen aus der Zeit vor dem Bau gab\u2026","rel":"","context":"\u00c4hnlicher Beitrag","block_context":{"text":"\u00c4hnlicher Beitrag","link":""},"img":{"alt_text":"","src":"https:\/\/i0.wp.com\/www.steenkamper.de\/wp-content\/uploads\/2015\/12\/035.jpg?resize=350%2C200&ssl=1","width":350,"height":200,"srcset":"https:\/\/i0.wp.com\/www.steenkamper.de\/wp-content\/uploads\/2015\/12\/035.jpg?resize=350%2C200&ssl=1 1x, https:\/\/i0.wp.com\/www.steenkamper.de\/wp-content\/uploads\/2015\/12\/035.jpg?resize=525%2C300&ssl=1 1.5x, https:\/\/i0.wp.com\/www.steenkamper.de\/wp-content\/uploads\/2015\/12\/035.jpg?resize=700%2C400&ssl=1 2x, https:\/\/i0.wp.com\/www.steenkamper.de\/wp-content\/uploads\/2015\/12\/035.jpg?resize=1050%2C600&ssl=1 3x, https:\/\/i0.wp.com\/www.steenkamper.de\/wp-content\/uploads\/2015\/12\/035.jpg?resize=1400%2C800&ssl=1 4x"},"classes":[]}],"ticketed":false,"_links":{"self":[{"href":"https:\/\/www.steenkamper.de\/index.php\/wp-json\/wp\/v2\/pages\/1108","targetHints":{"allow":["GET"]}}],"collection":[{"href":"https:\/\/www.steenkamper.de\/index.php\/wp-json\/wp\/v2\/pages"}],"about":[{"href":"https:\/\/www.steenkamper.de\/index.php\/wp-json\/wp\/v2\/types\/page"}],"author":[{"embeddable":true,"href":"https:\/\/www.steenkamper.de\/index.php\/wp-json\/wp\/v2\/users\/6"}],"replies":[{"embeddable":true,"href":"https:\/\/www.steenkamper.de\/index.php\/wp-json\/wp\/v2\/comments?post=1108"}],"version-history":[{"count":2,"href":"https:\/\/www.steenkamper.de\/index.php\/wp-json\/wp\/v2\/pages\/1108\/revisions"}],"predecessor-version":[{"id":1125,"href":"https:\/\/www.steenkamper.de\/index.php\/wp-json\/wp\/v2\/pages\/1108\/revisions\/1125"}],"wp:attachment":[{"href":"https:\/\/www.steenkamper.de\/index.php\/wp-json\/wp\/v2\/media?parent=1108"}],"curies":[{"name":"wp","href":"https:\/\/api.w.org\/{rel}","templated":true}]}}