{"id":10998,"date":"2020-06-21T08:16:29","date_gmt":"2020-06-21T06:16:29","guid":{"rendered":"https:\/\/www.steenkamper.de\/?page_id=10998"},"modified":"2020-06-21T08:26:15","modified_gmt":"2020-06-21T06:26:15","slug":"hilge-nordmeier","status":"publish","type":"page","link":"https:\/\/www.steenkamper.de\/index.php\/hilge-nordmeier\/","title":{"rendered":"Hilge Nordmeier"},"content":{"rendered":"\n<p><strong>Hilge Nordmeier, geb. Stuhr<\/strong><br>(5.7.1896-9.9.1975)<br>lebte seit 1922 im R\u00fcsternkamp 12. Sie war von 1946-1949 Abgeordnete der SPD in der ersten frei gew\u00e4hlten Hamburgischen B\u00fcrgerschaft nach dem Ende des Nationalsozialismus. Von den 110 Abgeordneten waren 17 Frauen. Nach dem Ende der Legislaturperiode geh\u00f6rte Hilge Nordmeier von 1949 bis 1961 der Bezirksversammlung Altona an. Auf der 100. Sitzung der Bezirksversammlung seit 1949 w\u00fcrdigte B\u00fcrgermeister Paul Nevermann sie und zwei andere Bezirksabgeordnete f\u00fcr ununterbrochene Mitgliedschaft seit 1949 (f\u00fcr diese Information Dank an Hans-Peter Strenge).\u00a0Ihr Grabstein befindet sich heute im Garten der Frauen auf dem Ohlsdorfer Friedhof.<\/p>\n\n\n\n<figure class=\"wp-block-image size-medium\"><img data-recalc-dims=\"1\" fetchpriority=\"high\" decoding=\"async\" width=\"300\" height=\"200\" data-attachment-id=\"11000\" data-permalink=\"https:\/\/www.steenkamper.de\/index.php\/hilge-nordmeier\/hilge-nordmeier\/\" data-orig-file=\"https:\/\/i0.wp.com\/www.steenkamper.de\/wp-content\/uploads\/2020\/06\/Hilge-Nordmeier.png?fit=927%2C617&amp;ssl=1\" data-orig-size=\"927,617\" data-comments-opened=\"1\" data-image-meta=\"{&quot;aperture&quot;:&quot;0&quot;,&quot;credit&quot;:&quot;&quot;,&quot;camera&quot;:&quot;&quot;,&quot;caption&quot;:&quot;&quot;,&quot;created_timestamp&quot;:&quot;0&quot;,&quot;copyright&quot;:&quot;&quot;,&quot;focal_length&quot;:&quot;0&quot;,&quot;iso&quot;:&quot;0&quot;,&quot;shutter_speed&quot;:&quot;0&quot;,&quot;title&quot;:&quot;&quot;,&quot;orientation&quot;:&quot;0&quot;}\" data-image-title=\"Hilge-Nordmeier\" data-image-description=\"\" data-image-caption=\"\" data-medium-file=\"https:\/\/i0.wp.com\/www.steenkamper.de\/wp-content\/uploads\/2020\/06\/Hilge-Nordmeier.png?fit=300%2C200&amp;ssl=1\" data-large-file=\"https:\/\/i0.wp.com\/www.steenkamper.de\/wp-content\/uploads\/2020\/06\/Hilge-Nordmeier.png?fit=750%2C499&amp;ssl=1\" src=\"https:\/\/i0.wp.com\/www.steenkamper.de\/wp-content\/uploads\/2020\/06\/Hilge-Nordmeier.png?resize=300%2C200&#038;ssl=1\" alt=\"\" class=\"wp-image-11000\" srcset=\"https:\/\/i0.wp.com\/www.steenkamper.de\/wp-content\/uploads\/2020\/06\/Hilge-Nordmeier.png?resize=300%2C200&amp;ssl=1 300w, https:\/\/i0.wp.com\/www.steenkamper.de\/wp-content\/uploads\/2020\/06\/Hilge-Nordmeier.png?resize=768%2C511&amp;ssl=1 768w, https:\/\/i0.wp.com\/www.steenkamper.de\/wp-content\/uploads\/2020\/06\/Hilge-Nordmeier.png?resize=500%2C333&amp;ssl=1 500w, https:\/\/i0.wp.com\/www.steenkamper.de\/wp-content\/uploads\/2020\/06\/Hilge-Nordmeier.png?resize=450%2C300&amp;ssl=1 450w, https:\/\/i0.wp.com\/www.steenkamper.de\/wp-content\/uploads\/2020\/06\/Hilge-Nordmeier.png?w=927&amp;ssl=1 927w\" sizes=\"(max-width: 300px) 100vw, 300px\" \/><figcaption><em>Grabstein im \u201eGarten der Frauen\u201c, Ohlsdorfer Friedhof (Foto: J\u00f6rn Pfeiffer)<\/em><\/figcaption><\/figure>\n\n\n\n<p>Hilge Martha Dorette Nordmeier wurde in Altona geboren und war seit 1920 die Ehefrau von Carl Nordmeier (1890-1954), der zu den Gr\u00fcndungsmitgliedern der Heimst\u00e4ttervereinigung Steenkamp e.V. geh\u00f6rte und lange Jahre Vorstand der Heimst\u00e4ttervereinigung war. Die Ehe blieb kinderlos.<\/p>\n\n\n\n<p>Carl Nordmeier war seit 1927 in leitender Funktion Oberinspektor in der Jugendbeh\u00f6rde Hamburg gewesen, bevor er im Mai 1933 aufgrund des von den Nationalsozialisten erlassenen \u201eGesetzes zur Wiederherstellung des Berufsbeamtentums\u201c wegen seiner politischen Gesinnung \u2013 er war Mitglied der SPD \u2013 entlassen wurde. Das Gesetz hatten die Nationalsozialisten im April 1933 erlassen mit dem Ziel, j\u00fcdische und politisch missliebige Beamte aus dem Dienst zu entfernen. Carl Nordmeier wurde aufgrund \u00a7 4&nbsp;<em>(\u201eBeamte, die nach ihrer bisherigen politischen Bet\u00e4tigung nicht die Gew\u00e4hr daf\u00fcr bieten, dass sie jederzeit r\u00fcckhaltlos f\u00fcr den nationalen Staat eintreten\u201c<\/em>) in den Ruhestand versetzt. W\u00e4hrend der Kriegsjahre wird Carl Nordmeier in den Hamburger Adressb\u00fcchern als Vorstand der Heimst\u00e4ttervereinigung aufgef\u00fchrt und als Zust\u00e4ndiger f\u00fcr den Steenkamper benannt. 1943 trat er kurzzeitig als kaufm\u00e4nnischer Angestellter bei den Vereinigten Deutschen Metallwerken AG in den Dienst, die ihren Sitz in der Kluckstra\u00dfe 4 (heute Wiechmannstra\u00dfe) haben, ab Oktober 1943 war er Angestellter in der Baubeh\u00f6rde t\u00e4tig.<\/p>\n\n\n\n<p>Bereits im April 1951 hatte Carl Nordmeier selbst einen Antrag beim Amt f\u00fcr Wiedergutmachung gestellt, um seinen Anspruch auf ein Ruhegehalt unter Zugrundelegung der Bez\u00fcge, die er erreicht h\u00e4tte, wenn er als Oberinspektor im Dienst der Jugendbeh\u00f6rde verblieben w\u00e4re, geltend zu machen. Dieser Antrag wurde \u2013 offenbar aufgrund einer Gesetzes\u00e4nderung \u2013 im Juli 1953 erneuert. Als Carl Nordmeier am 9.2.1954 starb, war dar\u00fcber noch nicht entschieden worden. Seine Witwe Hilge machte ihre Anspr\u00fcche als Rechtsnachfolgerin auf \u201eSchaden im beruflichen und wirtschaftlichen Fortkommen (\u00a7\u00a7 25-55) per Antrag vom 23.5.1955 geltend. Zwei Jahre sp\u00e4ter (!) stellt das Amt fest, dass der Antrag nicht unterschrieben war und nicht bearbeitet werden konnte. Hilge Nordmeier unterzeichnet den Antrag am 23.5.1957. Wiederum zwei Jahre sp\u00e4ter stellte das Amt fest, dass ein Berufsschaden vorliegt. Im Oktober 1959 erhielt Hilge Nordmeier schlie\u00dflich eine Entsch\u00e4digung in H\u00f6he von 7.587,42 Mark zuz\u00fcglich Zinsen in H\u00f6he von 2.256,17 Mark.<\/p>\n\n\n\n<hr class=\"wp-block-separator\"\/>\n\n\n\n<p><strong>&nbsp;<\/strong><em>Geschrieben und recherchiert von Bettina Herrmann<\/em><\/p>\n\n\n\n<p class=\"has-small-font-size\"><strong>Quellen:<\/strong><br>Staatsarchiv Hamburg 351-11, Amt f\u00fcr Wiedergutmachung 12241<br>Bake, Rita (Hrsg.): Frauen der \u201eersten Stunde\u201c. <br>Vor siebzig Jahren: Oktober 1946. Die erste frei gew\u00e4hlte Hamburgische B\u00fcrgerschaft nach dem Ende des Nationalsozialismus. Landeszentrale f\u00fcr politische Bildung 2016.<br>Erich L\u00fcth: Die Hamburgische B\u00fcrgerschaft 1946-1971. Hamburg 1971. <br><a rel=\"noreferrer noopener\" aria-label=\"https:\/\/www.hamburg.de\/politische-bildung\/7130468\/publikation-frauen-erste-stunde\/  (opens in a new tab)\" href=\"https:\/\/www.hamburg.de\/politische-bildung\/7130468\/publikation-frauen-erste-stunde\/\" target=\"_blank\">https:\/\/www.hamburg.de\/politische-bildung\/7130468\/publikation-frauen-erste-stunde\/ <\/a><br><a rel=\"noreferrer noopener\" aria-label=\"https:\/\/www.wikiwand.com\/de\/Hilge_Nordmeier (opens in a new tab)\" href=\"https:\/\/www.wikiwand.com\/de\/Hilge_Nordmeier\" target=\"_blank\">https:\/\/www.wikiwand.com\/de\/Hilge_Nordmeier<\/a><br><a rel=\"noreferrer noopener\" aria-label=\"https:\/\/www.wikiwand.com\/de\/Garten_der_Frauen  (opens in a new tab)\" href=\"https:\/\/www.wikiwand.com\/de\/Garten_der_Frauen\" target=\"_blank\">https:\/\/www.wikiwand.com\/de\/Garten_der_Frauen <\/a><br><a rel=\"noreferrer noopener\" aria-label=\"https:\/\/web.archive.org\/web\/20140728033333\/ (opens in a new tab)\" href=\"https:\/\/web.archive.org\/web\/20140728033333\/\" target=\"_blank\">https:\/\/web.archive.org\/web\/20140728033333\/<\/a><br><a rel=\"noreferrer noopener\" aria-label=\"https:\/\/www.abendblatt.de\/archiv\/1957\/article202997073\/Die-Mitglieder-der-neugewaehlten-Bezirksausschuesse.html (opens in a new tab)\" href=\"https:\/\/www.abendblatt.de\/archiv\/1957\/article202997073\/Die-Mitglieder-der-neugewaehlten-Bezirksausschuesse.html\" target=\"_blank\">https:\/\/www.abendblatt.de\/archiv\/1957\/article202997073\/Die-Mitglieder-der-neugewaehlten-Bezirksausschuesse.html<\/a><br><a href=\"https:\/\/www.hamburg.de\/clp\/frauenbiografien-suche\/\" target=\"_blank\" rel=\"noreferrer noopener\" aria-label=\"https:\/\/www.hamburg.de\/clp\/frauenbiografien-suche\/ (opens in a new tab)\">https:\/\/www.hamburg.de\/clp\/frauenbiografien-suche\/<\/a><\/p>\n","protected":false},"excerpt":{"rendered":"<p>Hilge Nordmeier, geb. Stuhr(5.7.1896-9.9.1975)lebte seit 1922 im R\u00fcsternkamp 12. Sie war von 1946-1949 Abgeordnete der SPD in der ersten frei gew\u00e4hlten Hamburgischen B\u00fcrgerschaft nach dem Ende des Nationalsozialismus. Von den&#8230; <\/p>\n<p><a class=\"teaser-more\" href=\"https:\/\/www.steenkamper.de\/index.php\/hilge-nordmeier\/\">weiter lesen<\/a><\/p>\n","protected":false},"author":6,"featured_media":0,"parent":0,"menu_order":0,"comment_status":"closed","ping_status":"closed","template":"","meta":{"_acf_changed":false,"_price":"","_stock":"","_tribe_ticket_header":"","_tribe_default_ticket_provider":"","_tribe_ticket_capacity":"0","_ticket_start_date":"","_ticket_end_date":"","_tribe_ticket_show_description":"","_tribe_ticket_show_not_going":false,"_tribe_ticket_use_global_stock":"","_tribe_ticket_global_stock_level":"","_global_stock_mode":"","_global_stock_cap":"","_tribe_rsvp_for_event":"","_tribe_ticket_going_count":"","_tribe_ticket_not_going_count":"","_tribe_tickets_list":"[]","_tribe_ticket_has_attendee_info_fields":false,"jetpack_post_was_ever_published":false,"footnotes":"","_tec_slr_enabled":"","_tec_slr_layout":""},"class_list":["post-10998","page","type-page","status-publish","hentry"],"acf":[],"jetpack_sharing_enabled":true,"jetpack_shortlink":"https:\/\/wp.me\/P74Wuo-2Ro","jetpack_likes_enabled":true,"jetpack-related-posts":[{"id":14065,"url":"https:\/\/www.steenkamper.de\/index.php\/strassenschilder\/","url_meta":{"origin":10998,"position":0},"title":"Stra\u00dfenschilder","author":"Max","date":"07\/01\/2021","format":false,"excerpt":"Eine der wenigen Aktionen zum 100j\u00e4hrigen Bestehen der Steenkampsiedlung, die trotz Corona im Jubil\u00e4ums-Jahr stattgefunden haben, ist die Stra\u00dfenschilderaktion, die an einige Steenkamper*innen erinnert. Der\u00a0Rosenwinkel hie\u00df seit Anfang Juni 2020 auch Georg-Hempel-Winkel. Georg Hempel (1894-1969) war ein Steenkamper K\u00fcnstler, der vor allem Scherenschnitte fertigte, aber auch Kunstarbeiten und Schmuck. Er\u2026","rel":"","context":"\u00c4hnlicher Beitrag","block_context":{"text":"\u00c4hnlicher Beitrag","link":""},"img":{"alt_text":"","src":"https:\/\/i0.wp.com\/www.steenkamper.de\/wp-content\/uploads\/2020\/08\/img_1653-scaled.jpg?fit=1200%2C1035&ssl=1&resize=350%2C200","width":350,"height":200,"srcset":"https:\/\/i0.wp.com\/www.steenkamper.de\/wp-content\/uploads\/2020\/08\/img_1653-scaled.jpg?fit=1200%2C1035&ssl=1&resize=350%2C200 1x, https:\/\/i0.wp.com\/www.steenkamper.de\/wp-content\/uploads\/2020\/08\/img_1653-scaled.jpg?fit=1200%2C1035&ssl=1&resize=525%2C300 1.5x, https:\/\/i0.wp.com\/www.steenkamper.de\/wp-content\/uploads\/2020\/08\/img_1653-scaled.jpg?fit=1200%2C1035&ssl=1&resize=700%2C400 2x, https:\/\/i0.wp.com\/www.steenkamper.de\/wp-content\/uploads\/2020\/08\/img_1653-scaled.jpg?fit=1200%2C1035&ssl=1&resize=1050%2C600 3x"},"classes":[]},{"id":1025,"url":"https:\/\/www.steenkamper.de\/index.php\/siedlungsgeschichten\/","url_meta":{"origin":10998,"position":1},"title":"Siedlungsgeschichten","author":"Max","date":"04\/01\/2016","format":false,"excerpt":"\u00a0 Im Steenkamper online Rundgang sind die Siedlungsgeschichten mit ihrem Ort des Geschehens verkn\u00fcpft. Ein bisschen Zeit muss sein! 100 Jahre Ursula (Uschi) Scheibner Louis Cahnbley Stolperstein vor dem Haus im Steenkamp 43 Der Emmichbrunnen im Riemenschneiderstieg von Sebastian Buchholz aus dem Steenkamper 2\/2022 Mit der Strassenbahn zum Steenkamp? von\u2026","rel":"","context":"\u00c4hnlicher Beitrag","block_context":{"text":"\u00c4hnlicher Beitrag","link":""},"img":{"alt_text":"","src":"https:\/\/i0.wp.com\/www.steenkamper.de\/wp-content\/uploads\/2019\/12\/logo-steenkamp-jubilaeum-KLEIN-278x300.png?resize=350%2C200&ssl=1","width":350,"height":200},"classes":[]},{"id":14074,"url":"https:\/\/www.steenkamper.de\/index.php\/festschrift-100-jahre-steenkampsiedlung\/","url_meta":{"origin":10998,"position":2},"title":"Festschrift 100 Jahre Steenkampsiedlung","author":"Max","date":"07\/01\/2021","format":false,"excerpt":"Eine einzigartige Festschrift zum 100. Geburtstag der Steenkampsiedlung. Sebastian Buchholz hat f\u00fcr die Heimst\u00e4ttervereinigung Steenkamp Historisches, Erlebtes und Zeitdokumente aus dem umfangreichen Archiv der Heimst\u00e4ttervereinigung und vielen neuen Quellen zusammengetragen. Es ist ein bunter Blumenstrau\u00df mit Blick auf die sozialen, kulturellen und geschichtlichen Geschehnisse und die Ver\u00e4nderungen in der Steenkampsiedlung\u2026","rel":"","context":"\u00c4hnlicher Beitrag","block_context":{"text":"\u00c4hnlicher Beitrag","link":""},"img":{"alt_text":"","src":"https:\/\/i0.wp.com\/www.steenkamper.de\/wp-content\/uploads\/2021\/11\/100JahreBanner-KL.jpg?fit=800%2C320&ssl=1&resize=350%2C200","width":350,"height":200,"srcset":"https:\/\/i0.wp.com\/www.steenkamper.de\/wp-content\/uploads\/2021\/11\/100JahreBanner-KL.jpg?fit=800%2C320&ssl=1&resize=350%2C200 1x, https:\/\/i0.wp.com\/www.steenkamper.de\/wp-content\/uploads\/2021\/11\/100JahreBanner-KL.jpg?fit=800%2C320&ssl=1&resize=525%2C300 1.5x, https:\/\/i0.wp.com\/www.steenkamper.de\/wp-content\/uploads\/2021\/11\/100JahreBanner-KL.jpg?fit=800%2C320&ssl=1&resize=700%2C400 2x"},"classes":[]},{"id":15278,"url":"https:\/\/www.steenkamper.de\/index.php\/kindheit-in-den-fuenfziger-jahren\/","url_meta":{"origin":10998,"position":3},"title":"Kindheit in den F\u00fcnfziger Jahren","author":"Max","date":"14\/03\/2021","format":false,"excerpt":"aus dem Steenkamper 2\/2020Steenkamp \u2013 Kindheit in den F\u00fcnfziger JahrenDas Haus \u2013 Am Quickborn 1von Elfriede Ziegler, geb. Bangen (geb.30.10.1949) Von der Stra\u00dfe zur Haust\u00fcr ein paar Stufen hoch. Im etwas dunklen Flur geht rechts eine T\u00fcr ins \u201eHerrenzimmer\u201c, geradeaus in die K\u00fcche, links f\u00fchrt die Treppe nach oben, ganz\u2026","rel":"","context":"\u00c4hnlicher Beitrag","block_context":{"text":"\u00c4hnlicher Beitrag","link":""},"img":{"alt_text":"","src":"","width":0,"height":0},"classes":[]},{"id":16505,"url":"https:\/\/www.steenkamper.de\/index.php\/science-city-bahrenfeld-gremien\/","url_meta":{"origin":10998,"position":4},"title":"Science-City Bahrenfeld &#8211; Gremien","author":"Max","date":"20\/09\/2021","format":false,"excerpt":"\u00dcbersicht \u00fcber Gremien\/ Akteure\/ Beteiligungsformate im Bereich Science-City Bahrenfeld Das Vorhaben Science City ist nicht nur in der Planung sehr komplex. Es ist bereits eine Herausforderung zu verstehen, welche verschiedenen Akteure was machen. Daher geben wir an dieser Stelle eine \u00dcbersicht \u00fcber die uns bekannten Akteure, Gremien und Beteiligungsformate. Die\u2026","rel":"","context":"\u00c4hnlicher Beitrag","block_context":{"text":"\u00c4hnlicher Beitrag","link":""},"img":{"alt_text":"","src":"","width":0,"height":0},"classes":[]},{"id":286,"url":"https:\/\/www.steenkamper.de\/index.php\/kooperationspartner\/","url_meta":{"origin":10998,"position":5},"title":"Kooperationspartner\/Links","author":"Max","date":"16\/12\/2015","format":false,"excerpt":"Nachbarschaftscaf\u00e9 \u201eDas Caf\u00e9\u201c des F\u00f6rderkreis Stadthof e.V.\u00a0 direkt an der Vogelweide, Steenkamp 16 Das Caf\u00e9 \u00f6ffnet seine T\u00fcr jeweils freitags und samstags von 14.00- 18.00 Uhr. Ev. Melanchthon-Kirchengemeinde Hamburg-Flottbek in der\u00a0Ebertallee 30 Es finden Gottesdienste mit Taufen beim Sommerfest statt sowie Gottesdienste mit Tschernobylkindern und den \u201eSteenkampsingern\u201c. Sozialkaufhaus \u201eBaNotke\u201c Spenden\u2026","rel":"","context":"\u00c4hnlicher Beitrag","block_context":{"text":"\u00c4hnlicher Beitrag","link":""},"img":{"alt_text":"","src":"","width":0,"height":0},"classes":[]}],"ticketed":false,"_links":{"self":[{"href":"https:\/\/www.steenkamper.de\/index.php\/wp-json\/wp\/v2\/pages\/10998","targetHints":{"allow":["GET"]}}],"collection":[{"href":"https:\/\/www.steenkamper.de\/index.php\/wp-json\/wp\/v2\/pages"}],"about":[{"href":"https:\/\/www.steenkamper.de\/index.php\/wp-json\/wp\/v2\/types\/page"}],"author":[{"embeddable":true,"href":"https:\/\/www.steenkamper.de\/index.php\/wp-json\/wp\/v2\/users\/6"}],"replies":[{"embeddable":true,"href":"https:\/\/www.steenkamper.de\/index.php\/wp-json\/wp\/v2\/comments?post=10998"}],"version-history":[{"count":7,"href":"https:\/\/www.steenkamper.de\/index.php\/wp-json\/wp\/v2\/pages\/10998\/revisions"}],"predecessor-version":[{"id":11008,"href":"https:\/\/www.steenkamper.de\/index.php\/wp-json\/wp\/v2\/pages\/10998\/revisions\/11008"}],"wp:attachment":[{"href":"https:\/\/www.steenkamper.de\/index.php\/wp-json\/wp\/v2\/media?parent=10998"}],"curies":[{"name":"wp","href":"https:\/\/api.w.org\/{rel}","templated":true}]}}