{"id":1090,"date":"2016-01-06T13:17:58","date_gmt":"2016-01-06T11:17:58","guid":{"rendered":"http:\/\/wp.steenkamper.de\/?page_id=1090"},"modified":"2019-04-14T18:47:12","modified_gmt":"2019-04-14T16:47:12","slug":"saalbild-2","status":"publish","type":"page","link":"https:\/\/www.steenkamper.de\/index.php\/saalbild-2\/","title":{"rendered":"Saalbild"},"content":{"rendered":"<p>Aus dem Steenkamper&nbsp;Ausgabe 2\/2004<\/p>\n<div id=\"attachment_5410\" style=\"width: 310px\" class=\"wp-caption alignnone\"><img data-recalc-dims=\"1\" decoding=\"async\" aria-describedby=\"caption-attachment-5410\" data-attachment-id=\"5410\" data-permalink=\"https:\/\/www.steenkamper.de\/index.php\/2017\/11\/26\/tor-zur-steenkampsiedlung\/img_3270-1\/\" data-orig-file=\"https:\/\/i0.wp.com\/www.steenkamper.de\/wp-content\/uploads\/2017\/11\/img_3270-1.jpg?fit=1038%2C495&amp;ssl=1\" data-orig-size=\"1038,495\" data-comments-opened=\"1\" data-image-meta=\"{&quot;aperture&quot;:&quot;0&quot;,&quot;credit&quot;:&quot;&quot;,&quot;camera&quot;:&quot;&quot;,&quot;caption&quot;:&quot;&quot;,&quot;created_timestamp&quot;:&quot;0&quot;,&quot;copyright&quot;:&quot;&quot;,&quot;focal_length&quot;:&quot;0&quot;,&quot;iso&quot;:&quot;0&quot;,&quot;shutter_speed&quot;:&quot;0&quot;,&quot;title&quot;:&quot;&quot;,&quot;orientation&quot;:&quot;1&quot;}\" data-image-title=\"img_3270-1\" data-image-description=\"\" data-image-caption=\"\" data-large-file=\"https:\/\/i0.wp.com\/www.steenkamper.de\/wp-content\/uploads\/2017\/11\/img_3270-1.jpg?fit=750%2C357&amp;ssl=1\" src=\"https:\/\/i0.wp.com\/wp.steenkamper.de\/wp-content\/uploads\/2017\/11\/img_3270-1-300x143.jpg?resize=300%2C143\" class=\"size-medium wp-image-5410\" width=\"300\" height=\"143\" alt=\"\" srcset=\"https:\/\/i0.wp.com\/www.steenkamper.de\/wp-content\/uploads\/2017\/11\/img_3270-1.jpg?resize=300%2C143&amp;ssl=1 300w, https:\/\/i0.wp.com\/www.steenkamper.de\/wp-content\/uploads\/2017\/11\/img_3270-1.jpg?resize=768%2C366&amp;ssl=1 768w, https:\/\/i0.wp.com\/www.steenkamper.de\/wp-content\/uploads\/2017\/11\/img_3270-1.jpg?resize=1024%2C488&amp;ssl=1 1024w, https:\/\/i0.wp.com\/www.steenkamper.de\/wp-content\/uploads\/2017\/11\/img_3270-1.jpg?resize=500%2C238&amp;ssl=1 500w, https:\/\/i0.wp.com\/www.steenkamper.de\/wp-content\/uploads\/2017\/11\/img_3270-1.jpg?resize=450%2C215&amp;ssl=1 450w, https:\/\/i0.wp.com\/www.steenkamper.de\/wp-content\/uploads\/2017\/11\/img_3270-1.jpg?w=1038&amp;ssl=1 1038w\" sizes=\"(max-width: 300px) 100vw, 300px\" \/><p id=\"caption-attachment-5410\" class=\"wp-caption-text\">\u201eDas Tor zur Siedlung Steenkamp\u201c aus dem Jahr 2000 von Rolf Hempel im Auftrag der Heimst\u00e4ttervereinigung<\/p><\/div>\n<p><strong>Das Bild \u201eDas Tor zur Siedlung Steenkamp\u201c<\/strong> wurde im Jahr 2000 von Rolf Hempel im Auftrag der Heimst\u00e4ttervereinigung erneut gemalt. Wegen eines Wasserrohrbruches in der dar\u00fcber liegenden Wohnung wurde das urspr\u00fcngliche Bild so stark besch\u00e4digt, dass eine Restaurierung nicht mehr vertretbar war. Die Heimst\u00e4ttervereinigung lie\u00df darauf- hin das Bild, diesmal auf einer besonderen Tr\u00e4gerkonstruktion, im August 2000 neu malen. Finanziert werden konnte dies durch eine Spendensammlung in der Siedlung. Das Bild zeigt die Ebertallee, vom Osdorfer Weg aus mit Blickrichtung Trabrennbahn, wie sie vor dem zweiten Weltkrieg aussah und wie sie der K\u00fcnstler selbst in seiner Jugendzeit erlebt hat. Die B\u00e4ume rechts und links sind Kirschb\u00e4ume. Sie sind im Stadium der Bl\u00fcte dargestellt, weil dies immer ein sehr h\u00fcbscher Anblick in der Allee war. Auf dem so genannten Mittelweg spielen Kinder, \u00e4ltere Steenkamper nannten ihn auch Reitweg, da dieser Bereich eben fr\u00fcher gern von Reitern benutzt wurde. Die Pflasterung der beiden Fahrbahnen in der Ebertallee war tats\u00e4chlich unterschiedlich: links der bei Autofahrern so gef\u00fcrchtete Blaubasalt \u2013 bei N\u00e4sse die reine Rutschbahn -, rechts bereits Asphalt. Auf der rechten Seite sa\u00df Herr Hempel mit anderen Kindern oft auf der Fahrbahn und malte dort Bilder mit Kreide, nur alle Stunde gest\u00f6rt, wenn der Bus aus Blankenese kam. Es gab ja damals kaum Autos! Auf dem Gem\u00e4lde sind auch Personen dargestellt, die so in der Steenkampsiedlung bekannt waren. Vorne im Bild Dr.Mayer in seiner unverwechselbaren Erscheinung: Olles Motorrad, Lederjacke, Aktentasche am Riemen und immer \u0301ne Piep \u0301 im Mund. So sauste er durch die Siedlung von Patient zu Patient. Der Herr mit Zigarre links im Bild soll auf den Zigarrenladen Kuddel Warmbier im Eckhaus hinweisen (heute Radio Praasch).<br \/>\nDie beige gekleidete Dame im Torbogen geht zum Gem\u00fcseladen der Zwillinge Wolf (Schreibweise?), gleich neben Warmbier. Der blau gekleidete Seemann soll an Seeleute und Hafenarbeiter erinnern, die in der Siedlung wohnten. Und der Postbote ist Hugo Hempel, der Vater von Rolf Hempel, der eigentlich in Lurup sein Revier hatte, aber bei Bedarf auch in der Steenkampsiedlung Briefe austrug. So wird uns in dem Bild \u201eDas Tor zum Steenkamp\u201c von Rolf Hempel ein St\u00fcck Siedlungsgeschichte lebendig gehalten. Wir danken den Spendern f\u00fcr Ihre Beitr\u00e4ge und dem K\u00fcnstler f\u00fcr die liebevolle Ausf\u00fchrung!<\/p>\n","protected":false},"excerpt":{"rendered":"<p>Aus dem Steenkamper&nbsp;Ausgabe 2\/2004 Das Bild \u201eDas Tor zur Siedlung Steenkamp\u201c wurde im Jahr 2000 von Rolf Hempel im Auftrag der Heimst\u00e4ttervereinigung erneut gemalt. Wegen eines Wasserrohrbruches in der dar\u00fcber&#8230; <\/p>\n<p><a class=\"teaser-more\" href=\"https:\/\/www.steenkamper.de\/index.php\/saalbild-2\/\">weiter lesen<\/a><\/p>\n","protected":false},"author":6,"featured_media":0,"parent":0,"menu_order":0,"comment_status":"closed","ping_status":"closed","template":"","meta":{"_acf_changed":false,"_price":"","_stock":"","_tribe_ticket_header":"","_tribe_default_ticket_provider":"","_tribe_ticket_capacity":"0","_ticket_start_date":"","_ticket_end_date":"","_tribe_ticket_show_description":"","_tribe_ticket_show_not_going":false,"_tribe_ticket_use_global_stock":"","_tribe_ticket_global_stock_level":"","_global_stock_mode":"","_global_stock_cap":"","_tribe_rsvp_for_event":"","_tribe_ticket_going_count":"","_tribe_ticket_not_going_count":"","_tribe_tickets_list":"[]","_tribe_ticket_has_attendee_info_fields":false,"jetpack_post_was_ever_published":false,"footnotes":"","_tec_slr_enabled":"","_tec_slr_layout":""},"class_list":["post-1090","page","type-page","status-publish","hentry"],"acf":[],"jetpack_sharing_enabled":false,"jetpack_shortlink":"https:\/\/wp.me\/P74Wuo-hA","jetpack_likes_enabled":true,"jetpack-related-posts":[{"id":14074,"url":"https:\/\/www.steenkamper.de\/index.php\/festschrift-100-jahre-steenkampsiedlung\/","url_meta":{"origin":1090,"position":0},"title":"Festschrift 100 Jahre Steenkampsiedlung","author":"Max","date":"07\/01\/2021","format":false,"excerpt":"Eine einzigartige Festschrift zum 100. Geburtstag der Steenkampsiedlung. Sebastian Buchholz hat f\u00fcr die Heimst\u00e4ttervereinigung Steenkamp Historisches, Erlebtes und Zeitdokumente aus dem umfangreichen Archiv der Heimst\u00e4ttervereinigung und vielen neuen Quellen zusammengetragen. Es ist ein bunter Blumenstrau\u00df mit Blick auf die sozialen, kulturellen und geschichtlichen Geschehnisse und die Ver\u00e4nderungen in der Steenkampsiedlung\u2026","rel":"","context":"\u00c4hnlicher Beitrag","block_context":{"text":"\u00c4hnlicher Beitrag","link":""},"img":{"alt_text":"","src":"https:\/\/i0.wp.com\/www.steenkamper.de\/wp-content\/uploads\/2021\/11\/100JahreBanner-KL.jpg?fit=800%2C320&ssl=1&resize=350%2C200","width":350,"height":200,"srcset":"https:\/\/i0.wp.com\/www.steenkamper.de\/wp-content\/uploads\/2021\/11\/100JahreBanner-KL.jpg?fit=800%2C320&ssl=1&resize=350%2C200 1x, https:\/\/i0.wp.com\/www.steenkamper.de\/wp-content\/uploads\/2021\/11\/100JahreBanner-KL.jpg?fit=800%2C320&ssl=1&resize=525%2C300 1.5x, https:\/\/i0.wp.com\/www.steenkamper.de\/wp-content\/uploads\/2021\/11\/100JahreBanner-KL.jpg?fit=800%2C320&ssl=1&resize=700%2C400 2x"},"classes":[]},{"id":1025,"url":"https:\/\/www.steenkamper.de\/index.php\/siedlungsgeschichten\/","url_meta":{"origin":1090,"position":1},"title":"Siedlungsgeschichten","author":"Max","date":"04\/01\/2016","format":false,"excerpt":"\u00a0 Im Steenkamper online Rundgang sind die Siedlungsgeschichten mit ihrem Ort des Geschehens verkn\u00fcpft. Ein bisschen Zeit muss sein! 100 Jahre Ursula (Uschi) Scheibner Louis Cahnbley Stolperstein vor dem Haus im Steenkamp 43 Der Emmichbrunnen im Riemenschneiderstieg von Sebastian Buchholz aus dem Steenkamper 2\/2022 Mit der Strassenbahn zum Steenkamp? von\u2026","rel":"","context":"\u00c4hnlicher Beitrag","block_context":{"text":"\u00c4hnlicher Beitrag","link":""},"img":{"alt_text":"","src":"https:\/\/i0.wp.com\/www.steenkamper.de\/wp-content\/uploads\/2019\/12\/logo-steenkamp-jubilaeum-KLEIN-278x300.png?resize=350%2C200&ssl=1","width":350,"height":200},"classes":[]},{"id":9584,"url":"https:\/\/www.steenkamper.de\/index.php\/kalenderblatt\/","url_meta":{"origin":1090,"position":2},"title":"Kalenderblatt","author":"Max","date":"10\/12\/2019","format":false,"excerpt":"Spannende Siedlungsgeschichte(n): neu entdeckenKalenderbl\u00e4tter \/ Schautafeln in der SteenkampsiedlungIm Jubil\u00e4umsjahr 2020 werden an wechselnden Orten monatlich neue Tafeln mit Bildern und Texten zu jeweils einem interessanten Aspekt der Siedlungsgeschichte aufgestellt, auch mit Blick auf heute. Auf jeder Tafel soll es einen Link (QR-Code) zu weiterf\u00fchrenden Informationen und\/oder Fotos geben.Wussten Sie,\u2026","rel":"","context":"\u00c4hnlicher Beitrag","block_context":{"text":"\u00c4hnlicher Beitrag","link":""},"img":{"alt_text":"","src":"https:\/\/i0.wp.com\/www.steenkamper.de\/wp-content\/uploads\/2019\/12\/logo-steenkamp-jubilaeum-KLEIN.png?resize=350%2C200&ssl=1","width":350,"height":200,"srcset":"https:\/\/i0.wp.com\/www.steenkamper.de\/wp-content\/uploads\/2019\/12\/logo-steenkamp-jubilaeum-KLEIN.png?resize=350%2C200&ssl=1 1x, https:\/\/i0.wp.com\/www.steenkamper.de\/wp-content\/uploads\/2019\/12\/logo-steenkamp-jubilaeum-KLEIN.png?resize=525%2C300&ssl=1 1.5x, https:\/\/i0.wp.com\/www.steenkamper.de\/wp-content\/uploads\/2019\/12\/logo-steenkamp-jubilaeum-KLEIN.png?resize=700%2C400&ssl=1 2x, https:\/\/i0.wp.com\/www.steenkamper.de\/wp-content\/uploads\/2019\/12\/logo-steenkamp-jubilaeum-KLEIN.png?resize=1050%2C600&ssl=1 3x"},"classes":[]},{"id":382,"url":"https:\/\/www.steenkamper.de\/index.php\/siedlung-3\/","url_meta":{"origin":1090,"position":3},"title":"Die Steenkampsiedlung","author":"Max","date":"14\/12\/2015","format":false,"excerpt":"Die Steenkampsiedlung mit 760 Mietwohnungen und \u2013h\u00e4user wurde in den 1920er Jahren f\u00fcr Kriegsr\u00fcckkehrer errichtet und von dem st\u00e4dtischen Wohnungsunternehmen SAGA verwaltet. Eine Erzeugergenossenschaft, zahlreiche L\u00e4den, \u00c4rzte und die G\u00e4rten sollten eine eigenst\u00e4ndige Versorgung der hier wohnenden Bev\u00f6lkerung erm\u00f6glichen. Eine optimierte Planungsweise hielt die Baukosten niedrig, so verbaute man z.\u2026","rel":"","context":"\u00c4hnlicher Beitrag","block_context":{"text":"\u00c4hnlicher Beitrag","link":""},"img":{"alt_text":"","src":"https:\/\/i0.wp.com\/www.steenkamper.de\/wp-content\/uploads\/2021\/02\/Nachbarschaftsplan2021-2-scaled.jpg?resize=350%2C200&ssl=1","width":350,"height":200,"srcset":"https:\/\/i0.wp.com\/www.steenkamper.de\/wp-content\/uploads\/2021\/02\/Nachbarschaftsplan2021-2-scaled.jpg?resize=350%2C200&ssl=1 1x, https:\/\/i0.wp.com\/www.steenkamper.de\/wp-content\/uploads\/2021\/02\/Nachbarschaftsplan2021-2-scaled.jpg?resize=525%2C300&ssl=1 1.5x, https:\/\/i0.wp.com\/www.steenkamper.de\/wp-content\/uploads\/2021\/02\/Nachbarschaftsplan2021-2-scaled.jpg?resize=700%2C400&ssl=1 2x, https:\/\/i0.wp.com\/www.steenkamper.de\/wp-content\/uploads\/2021\/02\/Nachbarschaftsplan2021-2-scaled.jpg?resize=1050%2C600&ssl=1 3x, https:\/\/i0.wp.com\/www.steenkamper.de\/wp-content\/uploads\/2021\/02\/Nachbarschaftsplan2021-2-scaled.jpg?resize=1400%2C800&ssl=1 4x"},"classes":[]},{"id":19,"url":"https:\/\/www.steenkamper.de\/index.php\/siedlung\/","url_meta":{"origin":1090,"position":4},"title":"Siedlung","author":"admin","date":"14\/12\/2015","format":false,"excerpt":"Geschichte Geschichten Historischer Rundgang Chronik 100Jahre Festschrift Stra\u00dfennamen Pressespiegel Die Steenkampsiedlung mit 760 Mietwohnungen und -h\u00e4user wurde in den 1920er Jahren f\u00fcr Kriegsr\u00fcckkehrer errichtet und von dem st\u00e4dtischen Wohnungsunternehmen SAGA verwaltet. Eine Erzeugergenossenschaft, zahlreiche L\u00e4den, \u00c4rzte und die G\u00e4rten sollten eine eigenst\u00e4ndige Versorgung der hier wohnenden Bev\u00f6lkerung erm\u00f6glichen.Eine optimierte Planungsweise\u2026","rel":"","context":"\u00c4hnlicher Beitrag","block_context":{"text":"\u00c4hnlicher Beitrag","link":""},"img":{"alt_text":"","src":"https:\/\/i0.wp.com\/www.steenkamper.de\/wp-content\/uploads\/2021\/02\/Nachbarschaftsplan2021-2.jpg?resize=350%2C200&ssl=1","width":350,"height":200,"srcset":"https:\/\/i0.wp.com\/www.steenkamper.de\/wp-content\/uploads\/2021\/02\/Nachbarschaftsplan2021-2.jpg?resize=350%2C200&ssl=1 1x, https:\/\/i0.wp.com\/www.steenkamper.de\/wp-content\/uploads\/2021\/02\/Nachbarschaftsplan2021-2.jpg?resize=525%2C300&ssl=1 1.5x, https:\/\/i0.wp.com\/www.steenkamper.de\/wp-content\/uploads\/2021\/02\/Nachbarschaftsplan2021-2.jpg?resize=700%2C400&ssl=1 2x"},"classes":[]},{"id":1108,"url":"https:\/\/www.steenkamper.de\/index.php\/85-jahre-steenkampsiedlung-2005\/","url_meta":{"origin":1090,"position":5},"title":"85 Jahre Steenkampsiedlung 2005","author":"Max","date":"06\/01\/2016","format":false,"excerpt":"Aus dem Steenkamp Ausgabe 1\/2005 Text: Matthias Raabe Fotos: stellt Frau Balj\u00f6hr zur Verf\u00fcgung 85 Jahre Steenkampsiedlung Was k\u00f6nnen uns 85 Jahre Steenkampsiedlung bedeuten? Ein Grund zum Feiern? Einige Gedanken dazu ... Der erste Weltkrieg war vorbei, und den Heimkehrern sollte eine Heimat angeboten werden, in der sie zusammen mit\u2026","rel":"","context":"\u00c4hnlicher Beitrag","block_context":{"text":"\u00c4hnlicher Beitrag","link":""},"img":{"alt_text":"85_2","src":"https:\/\/i0.wp.com\/wp.steenkamper.de\/wp-content\/uploads\/2016\/01\/85_2-300x193.jpg?resize=350%2C200","width":350,"height":200},"classes":[]}],"ticketed":false,"_links":{"self":[{"href":"https:\/\/www.steenkamper.de\/index.php\/wp-json\/wp\/v2\/pages\/1090","targetHints":{"allow":["GET"]}}],"collection":[{"href":"https:\/\/www.steenkamper.de\/index.php\/wp-json\/wp\/v2\/pages"}],"about":[{"href":"https:\/\/www.steenkamper.de\/index.php\/wp-json\/wp\/v2\/types\/page"}],"author":[{"embeddable":true,"href":"https:\/\/www.steenkamper.de\/index.php\/wp-json\/wp\/v2\/users\/6"}],"replies":[{"embeddable":true,"href":"https:\/\/www.steenkamper.de\/index.php\/wp-json\/wp\/v2\/comments?post=1090"}],"version-history":[{"count":7,"href":"https:\/\/www.steenkamper.de\/index.php\/wp-json\/wp\/v2\/pages\/1090\/revisions"}],"predecessor-version":[{"id":8128,"href":"https:\/\/www.steenkamper.de\/index.php\/wp-json\/wp\/v2\/pages\/1090\/revisions\/8128"}],"wp:attachment":[{"href":"https:\/\/www.steenkamper.de\/index.php\/wp-json\/wp\/v2\/media?parent=1090"}],"curies":[{"name":"wp","href":"https:\/\/api.w.org\/{rel}","templated":true}]}}